CREATE TABLE `bravo_seat_type` (
  `id` bigint(20) UNSIGNED NOT NULL,
  `code` varchar(191) COLLATE utf8mb4_unicode_ci NOT NULL,
  `name` varchar(191) COLLATE utf8mb4_unicode_ci DEFAULT NULL,
  `create_user` bigint(20) DEFAULT NULL,
  `update_user` bigint(20) DEFAULT NULL,
  `deleted_at` timestamp NULL DEFAULT NULL,
  `created_at` timestamp NULL DEFAULT NULL,
  `updated_at` timestamp NULL DEFAULT NULL
) ENGINE=InnoDB DEFAULT CHARSET=utf8mb4 COLLATE=utf8mb4_unicode_ci;

--
-- Volcado de datos para la tabla `bravo_seat_type`
--

INSERT INTO `bravo_seat_type` (`id`, `code`, `name`, `create_user`, `update_user`, `deleted_at`, `created_at`, `updated_at`) VALUES
(1, 'vip', 'Vip', NULL, NULL, NULL, '2022-07-24 01:33:48', '2022-07-24 01:33:48'),
(2, 'eco', 'Economy', NULL, NULL, NULL, '2022-07-24 01:33:48', '2022-07-24 01:33:48'),
(3, 'premium', 'Premium', NULL, NULL, NULL, '2022-07-24 01:33:48', '2022-07-24 01:33:48'),
(4, 'business', 'Business', NULL, NULL, NULL, '2022-07-24 01:33:48', '2022-07-24 01:33:48'),
(5, 'fist_class', 'First Class', NULL, NULL, NULL, '2022-07-24 01:33:48', '2022-07-24 01:33:48');

-- --------------------------------------------------------

--
-- Estructura de tabla para la tabla `bravo_seo`
--

CREATE TABLE `bravo_seo` (
  `id` bigint(20) UNSIGNED NOT NULL,
  `object_id` int(11) DEFAULT NULL,
  `object_model` varchar(255) COLLATE utf8mb4_unicode_ci DEFAULT NULL,
  `seo_index` tinyint(4) DEFAULT NULL,
  `seo_title` varchar(255) COLLATE utf8mb4_unicode_ci DEFAULT NULL,
  `seo_desc` text COLLATE utf8mb4_unicode_ci DEFAULT NULL,
  `seo_image` int(11) DEFAULT NULL,
  `seo_share` text COLLATE utf8mb4_unicode_ci DEFAULT NULL,
  `create_user` bigint(20) DEFAULT NULL,
  `update_user` bigint(20) DEFAULT NULL,
  `origin_id` bigint(20) DEFAULT NULL,
  `lang` varchar(10) COLLATE utf8mb4_unicode_ci DEFAULT NULL,
  `created_at` timestamp NULL DEFAULT NULL,
  `updated_at` timestamp NULL DEFAULT NULL
) ENGINE=InnoDB DEFAULT CHARSET=utf8mb4 COLLATE=utf8mb4_unicode_ci;

--
-- Volcado de datos para la tabla `bravo_seo`
--

INSERT INTO `bravo_seo` (`id`, `object_id`, `object_model`, `seo_index`, `seo_title`, `seo_desc`, `seo_image`, `seo_share`, `create_user`, `update_user`, `origin_id`, `lang`, `created_at`, `updated_at`) VALUES
(1, 1, 'page', 1, NULL, NULL, NULL, '{\"facebook\":{\"title\":null,\"desc\":null,\"image\":null},\"twitter\":{\"title\":null,\"desc\":null,\"image\":null}}', 1, 1, NULL, NULL, '2022-07-24 00:15:07', '2022-07-24 00:15:19'),
(2, 1, 'page_translation_es', 1, NULL, NULL, NULL, '{\"facebook\":{\"title\":null,\"desc\":null},\"twitter\":{\"title\":null,\"desc\":null}}', 1, NULL, NULL, NULL, '2022-07-24 00:15:28', '2022-07-24 00:15:28'),
(3, 10, 'page', 1, NULL, NULL, NULL, '{\"facebook\":{\"title\":null,\"desc\":null,\"image\":null},\"twitter\":{\"title\":null,\"desc\":null,\"image\":null}}', 1, 1, NULL, NULL, '2022-07-24 00:53:36', '2022-07-24 00:54:56'),
(4, 1, 'location', 1, NULL, NULL, NULL, '{\"facebook\":{\"title\":null,\"desc\":null,\"image\":null},\"twitter\":{\"title\":null,\"desc\":null,\"image\":null}}', 1, 1, NULL, NULL, '2022-07-24 04:50:45', '2022-07-26 21:25:19'),
(5, 2, 'location', 1, NULL, NULL, NULL, '{\"facebook\":{\"title\":null,\"desc\":null,\"image\":null},\"twitter\":{\"title\":null,\"desc\":null,\"image\":null}}', 1, NULL, NULL, NULL, '2022-07-26 21:17:07', '2022-07-26 21:17:07'),
(6, 11, 'location', 1, NULL, NULL, 275, '{\"facebook\":{\"title\":null,\"desc\":null,\"image\":null},\"twitter\":{\"title\":null,\"desc\":null,\"image\":null}}', 1, 1, NULL, NULL, '2022-07-26 21:18:17', '2022-07-26 21:21:28'),
(7, 9, 'news', 1, NULL, NULL, 275, '{\"facebook\":{\"title\":null,\"desc\":null,\"image\":null},\"twitter\":{\"title\":null,\"desc\":null,\"image\":null}}', 1, NULL, NULL, NULL, '2022-07-26 23:06:56', '2022-07-26 23:06:56'),
(8, 11, 'page', 1, NULL, NULL, NULL, '{\"facebook\":{\"title\":null,\"desc\":null,\"image\":null},\"twitter\":{\"title\":null,\"desc\":null,\"image\":null}}', 1, NULL, NULL, NULL, '2022-07-26 23:12:36', '2022-07-26 23:12:36'),
(9, 6, 'tour', 1, NULL, NULL, NULL, '{\"facebook\":{\"title\":null,\"desc\":null,\"image\":null},\"twitter\":{\"title\":null,\"desc\":null,\"image\":null}}', 4, 1, NULL, NULL, '2022-07-27 03:08:03', '2022-07-29 03:41:22'),
(10, 1, 'tour', 1, NULL, NULL, NULL, '{\"facebook\":{\"title\":null,\"desc\":null,\"image\":null},\"twitter\":{\"title\":null,\"desc\":null,\"image\":null}}', 4, 4, NULL, NULL, '2022-07-27 03:20:42', '2022-07-27 03:34:54');

-- --------------------------------------------------------

--
-- Estructura de tabla para la tabla `bravo_services`
--

CREATE TABLE `bravo_services` (
  `id` bigint(20) UNSIGNED NOT NULL,
  `title` varchar(255) COLLATE utf8mb4_unicode_ci DEFAULT NULL,
  `slug` varchar(255) CHARACTER SET utf8 NOT NULL,
  `category_id` int(11) DEFAULT NULL,
  `location_id` int(11) DEFAULT NULL,
  `address` varchar(255) COLLATE utf8mb4_unicode_ci DEFAULT NULL,
  `map_lat` varchar(20) COLLATE utf8mb4_unicode_ci DEFAULT NULL,
  `map_lng` varchar(20) COLLATE utf8mb4_unicode_ci DEFAULT NULL,
  `is_featured` tinyint(4) DEFAULT NULL,
  `star_rate` tinyint(4) DEFAULT NULL,
  `price` decimal(12,2) DEFAULT NULL,
  `sale_price` decimal(12,2) DEFAULT NULL,
  `min_people` int(11) DEFAULT NULL,
  `max_people` int(11) DEFAULT NULL,
  `max_guests` int(11) DEFAULT NULL,
  `review_score` int(11) DEFAULT NULL,
  `min_day_before_booking` int(11) DEFAULT NULL,
  `min_day_stays` int(11) DEFAULT NULL,
  `object_id` int(11) DEFAULT NULL,
  `object_model` varchar(255) COLLATE utf8mb4_unicode_ci DEFAULT NULL,
  `status` varchar(50) COLLATE utf8mb4_unicode_ci DEFAULT NULL,
  `create_user` int(11) DEFAULT NULL,
  `update_user` int(11) DEFAULT NULL,
  `deleted_at` timestamp NULL DEFAULT NULL,
  `created_at` timestamp NULL DEFAULT NULL,
  `updated_at` timestamp NULL DEFAULT NULL
) ENGINE=InnoDB DEFAULT CHARSET=utf8mb4 COLLATE=utf8mb4_unicode_ci;

--
-- Volcado de datos para la tabla `bravo_services`
--

INSERT INTO `bravo_services` (`id`, `title`, `slug`, `category_id`, `location_id`, `address`, `map_lat`, `map_lng`, `is_featured`, `star_rate`, `price`, `sale_price`, `min_people`, `max_people`, `max_guests`, `review_score`, `min_day_before_booking`, `min_day_stays`, `object_id`, `object_model`, `status`, `create_user`, `update_user`, `deleted_at`, `created_at`, `updated_at`) VALUES
(1, 'My Way 100', 'my-way-100', NULL, 1, 'Arrondissement de Paris', '21.053326', '105.841475', 1, NULL, '150.00', NULL, NULL, NULL, NULL, 4, NULL, NULL, 13, 'boat', 'publish', NULL, NULL, NULL, '2022-07-24 01:34:34', '2022-07-24 01:34:34'),
(2, 'Ohana 3X', 'ohana-3x', NULL, 3, 'Arrondissement de Paris', '21.051244', '105.777988', 0, NULL, '80.00', NULL, NULL, NULL, NULL, 5, NULL, NULL, 12, 'boat', 'publish', NULL, NULL, NULL, '2022-07-24 01:34:34', '2022-07-24 01:34:34'),
(3, 'Freedom M2', 'freedom-m2', NULL, 8, 'Arrondissement de Paris', '21.020001', '105.836670', 0, NULL, '50.00', NULL, NULL, NULL, NULL, 5, NULL, NULL, 11, 'boat', 'publish', NULL, NULL, NULL, '2022-07-24 01:34:34', '2022-07-24 01:34:34'),
(4, 'Endless Summer W-10', 'endless-summer-w-10', NULL, 7, 'Arrondissement de Paris', '21.025449', '105.804412', 0, NULL, '230.00', NULL, NULL, NULL, NULL, 4, NULL, NULL, 10, 'boat', 'publish', NULL, NULL, NULL, '2022-07-24 01:34:34', '2022-07-24 01:34:34'),
(5, 'Destiny 6', 'destiny-6', NULL, 6, 'Arrondissement de Paris', '21.047879', '105.809731', 0, NULL, '180.00', NULL, NULL, NULL, NULL, 4, NULL, NULL, 9, 'boat', 'publish', NULL, NULL, NULL, '2022-07-24 01:34:34', '2022-07-24 01:34:34'),
(6, 'Carpe Diem LA', 'carpe-diem-la', NULL, 1, 'Arrondissement de Paris', '21.017437', '105.831179', 0, NULL, '200.00', NULL, NULL, NULL, NULL, 5, NULL, NULL, 8, 'boat', 'publish', NULL, NULL, NULL, '2022-07-24 01:34:34', '2022-07-24 01:34:34'),
(7, 'Blue Moon YC-300', 'blue-moon-yc-300', NULL, 1, 'Arrondissement de Paris', '21.025769', '105.829635', 0, NULL, '130.00', NULL, NULL, NULL, NULL, 5, NULL, NULL, 7, 'boat', 'publish', NULL, NULL, NULL, '2022-07-24 01:34:34', '2022-07-24 01:34:34'),
(8, 'Blue Dream TC-20', 'blue-dream-tc-20', NULL, 1, 'Arrondissement de Paris', '21.018398', '105.812820', 1, NULL, '130.00', NULL, NULL, NULL, NULL, 5, NULL, NULL, 6, 'boat', 'publish', NULL, NULL, NULL, '2022-07-24 01:34:34', '2022-07-24 01:34:34'),
(9, 'Andiamo MX-3', 'andiamo-mx-3', NULL, 5, 'Arrondissement de Paris', '21.014873', '105.794117', 1, NULL, '250.00', NULL, NULL, NULL, NULL, 5, NULL, NULL, 5, 'boat', 'publish', NULL, NULL, NULL, '2022-07-24 01:34:34', '2022-07-24 01:34:34'),
(10, 'BOAT 1992 ALISON', 'boat-1992-alison', NULL, 1, 'Arrondissement de Paris', '21.020161', '105.789655', 0, NULL, '50.00', NULL, NULL, NULL, NULL, 5, NULL, NULL, 4, 'boat', 'publish', NULL, NULL, NULL, '2022-07-24 01:34:34', '2022-07-24 01:34:34'),
(11, 'Blue Moon Cruising', 'blue-moon-cruising', NULL, 3, 'Arrondissement de Paris', '21.031217', '105.773698', 0, NULL, '200.00', NULL, NULL, NULL, NULL, 5, NULL, NULL, 3, 'boat', 'publish', NULL, NULL, NULL, '2022-07-24 01:34:34', '2022-07-24 01:34:34'),
(12, 'Summer Breeze', 'summer-breeze', NULL, 1, 'Arrondissement de Paris', '21.039771', '105.777203', 0, NULL, '150.00', NULL, NULL, NULL, NULL, 5, NULL, NULL, 2, 'boat', 'publish', NULL, NULL, NULL, '2022-07-24 01:34:34', '2022-07-24 01:34:34'),
(13, 'Cruising Yacht', 'cruising-yacht', NULL, 1, 'Arrondissement de Paris', '21.054831', '105.796077', 0, NULL, '100.00', NULL, NULL, NULL, NULL, 5, NULL, NULL, 1, 'boat', 'publish', NULL, NULL, NULL, '2022-07-24 01:34:34', '2022-07-24 01:34:34'),
(14, 'Vinfast Fadil Standard', 'vinfast-fadil-standard', NULL, 1, 'Arrondissement de Paris', '21.053326', '105.841475', 0, NULL, '400.00', '0.00', NULL, NULL, NULL, 4, NULL, NULL, 13, 'car', 'publish', NULL, NULL, NULL, '2022-07-24 01:34:34', '2022-07-24 01:34:34'),
(15, 'Vinfast Lux A2.0 Plus', 'vinfast-lux-a20-plus', NULL, 3, 'Arrondissement de Paris', '21.051244', '105.777988', 0, NULL, '350.00', '0.00', NULL, NULL, NULL, 5, NULL, NULL, 12, 'car', 'publish', NULL, NULL, NULL, '2022-07-24 01:34:34', '2022-07-24 01:34:34'),
(16, 'Vinfast Lux V8 (SUV)', 'vinfast-lux-v8-suv', NULL, 8, 'Arrondissement de Paris', '21.020001', '105.836670', 1, NULL, '250.00', '0.00', NULL, NULL, NULL, 4, NULL, NULL, 11, 'car', 'publish', NULL, NULL, NULL, '2022-07-24 01:34:34', '2022-07-24 01:34:34'),
(17, 'Toyota Prius Plus', 'toyota-prius-plus', NULL, 7, 'Arrondissement de Paris', '21.025449', '105.804412', 1, NULL, '199.00', '0.00', NULL, NULL, NULL, 4, NULL, NULL, 10, 'car', 'publish', NULL, NULL, NULL, '2022-07-24 01:34:34', '2022-07-24 01:34:34'),
(18, 'Honda Civic', 'honda-civic', NULL, 6, 'Arrondissement de Paris', '21.047879', '105.809731', 0, NULL, '450.00', '0.00', NULL, NULL, NULL, 5, NULL, NULL, 9, 'car', 'publish', NULL, NULL, NULL, '2022-07-24 01:34:34', '2022-07-24 01:34:34'),
(19, 'Vinfast Lux SA2.0 Plus', 'vinfast-lux-sa20-plus', NULL, 1, 'Arrondissement de Paris', '21.017437', '105.831179', 0, NULL, '600.00', '0.00', NULL, NULL, NULL, 4, NULL, NULL, 8, 'car', 'publish', NULL, NULL, NULL, '2022-07-24 01:34:34', '2022-07-24 01:34:34'),
(20, 'Mercedes Benz', 'mercedes-benz', NULL, 1, 'Arrondissement de Paris', '21.025769', '105.829635', 0, NULL, '200.00', '0.00', NULL, NULL, NULL, 5, NULL, NULL, 7, 'car', 'publish', NULL, NULL, NULL, '2022-07-24 01:34:34', '2022-07-24 01:34:34'),
(21, 'Vinfast Fadil Plus', 'vinfast-fadil-plus', NULL, 1, 'Arrondissement de Paris', '21.018398', '105.812820', 1, NULL, '400.00', '0.00', NULL, NULL, NULL, 4, NULL, NULL, 6, 'car', 'publish', NULL, NULL, NULL, '2022-07-24 01:34:34', '2022-07-24 01:34:34'),
(22, '2019 Audi S3', '2019-audi-s3', NULL, 5, 'Arrondissement de Paris', '21.014873', '105.794117', 1, NULL, '300.00', '0.00', NULL, NULL, NULL, 4, NULL, NULL, 5, 'car', 'publish', NULL, NULL, NULL, '2022-07-24 01:34:34', '2022-07-24 01:34:34'),
(23, '2019 BMW M6 Gran Coupe', '2019-bmw-m6-gran-coupe', NULL, 1, 'Arrondissement de Paris', '21.020161', '105.789655', 1, NULL, '300.00', '0.00', NULL, NULL, NULL, 4, NULL, NULL, 4, 'car', 'publish', NULL, NULL, NULL, '2022-07-24 01:34:34', '2022-07-24 01:34:34'),
(24, '2019 Honda Clarity', '2019-honda-clarity', NULL, 3, 'Arrondissement de Paris', '21.031217', '105.773698', 1, NULL, '300.00', '0.00', NULL, NULL, NULL, 5, NULL, NULL, 3, 'car', 'publish', NULL, NULL, NULL, '2022-07-24 01:34:34', '2022-07-24 01:34:34'),
(25, '2019 Honda Clarity', '2019-honda-clarity-1', NULL, 1, 'Arrondissement de Paris', '21.039771', '105.777203', 0, NULL, '300.00', '0.00', NULL, NULL, NULL, 4, NULL, NULL, 2, 'car', 'publish', NULL, NULL, NULL, '2022-07-24 01:34:34', '2022-07-24 01:34:34'),
(26, 'BMW-X6-facelift', 'bmw-x6-facelift', NULL, 1, 'Arrondissement de Paris', '21.054831', '105.796077', 0, NULL, '500.00', '265.00', NULL, NULL, NULL, 5, NULL, NULL, 1, 'car', 'publish', NULL, NULL, NULL, '2022-07-24 01:34:34', '2022-07-24 01:34:34'),
(27, 'Event of Washington, D.C. Highlights', 'event-of-washington-dc-highlights', NULL, 7, 'Francisco Parnassus Campus', '37.782668', '-122.425058', 1, NULL, '2100.00', '1433.00', NULL, NULL, NULL, 4, NULL, NULL, 12, 'event', 'publish', NULL, NULL, NULL, '2022-07-24 01:34:34', '2022-07-24 01:34:34'),
(28, 'New York – Discover America', 'new-york-discover-america', NULL, 6, 'New Jersey', '40.035329', '-74.417227', 1, NULL, '300.00', '0.00', NULL, NULL, NULL, 4, NULL, NULL, 11, 'event', 'publish', NULL, NULL, NULL, '2022-07-24 01:34:34', '2022-07-24 01:34:34'),
(29, 'Origami Crane Wedding Planners', 'origami-crane-wedding-planners', NULL, 5, 'Washington, DC, USA', '34.049345', '-118.248479', 0, NULL, '400.00', '0.00', NULL, NULL, NULL, 5, NULL, NULL, 10, 'event', 'publish', NULL, NULL, NULL, '2022-07-24 01:34:34', '2022-07-24 01:34:34'),
(30, 'Northern Lights Event Planners', 'northern-lights-event-planners', NULL, 4, 'United States', '37.040023', '-95.643144', 1, NULL, '800.00', '600.00', NULL, NULL, NULL, 5, NULL, NULL, 9, 'event', 'publish', NULL, NULL, NULL, '2022-07-24 01:34:34', '2022-07-24 01:34:34'),
(31, 'Pink Crescent Moon Events', 'pink-crescent-moon-events', NULL, 3, 'Trimmer Springs Rd, Sanger', '36.822484', '-119.365266', 0, NULL, '700.00', '0.00', NULL, NULL, NULL, 4, NULL, NULL, 8, 'event', 'publish', NULL, NULL, NULL, '2022-07-24 01:34:34', '2022-07-24 01:34:34'),
(32, 'Eastern Discovery', 'eastern-discovery', NULL, 2, 'Pier 36 New York', '40.708581', '-73.998817', 0, NULL, '2100.00', '1115.00', NULL, NULL, NULL, 5, NULL, NULL, 7, 'event', 'publish', NULL, NULL, NULL, '2022-07-24 01:34:34', '2022-07-24 01:34:34'),
(33, 'Spanish Moss Event Design', 'spanish-moss-event-design', NULL, 2, 'Prince St Station', '40.720161', '-74.009628', 1, NULL, '600.00', '0.00', NULL, NULL, NULL, 5, NULL, NULL, 6, 'event', 'publish', NULL, NULL, NULL, '2022-07-24 01:34:34', '2022-07-24 01:34:34'),
(34, 'Southwest States (Ex Los Angeles) ', 'southwest-states-ex-los-angeles', NULL, 2, 'Regal Cinemas Battery Park 11', '40.714578', '-73.983888', 0, NULL, '1900.00', '1380.00', NULL, NULL, NULL, 5, NULL, NULL, 5, 'event', 'publish', NULL, NULL, NULL, '2022-07-24 01:34:34', '2022-07-24 01:34:34'),
(35, 'Aspen Glade Weddings & Events', 'aspen-glade-weddings-events', NULL, 2, 'New York', '40.707891', '-74.008825', 1, NULL, '850.00', '0.00', NULL, NULL, NULL, 4, NULL, NULL, 4, 'event', 'publish', NULL, NULL, NULL, '2022-07-24 01:34:34', '2022-07-24 01:34:34'),
(36, 'Bamboo Grove Event Planning', 'bamboo-grove-event-planning', NULL, 1, 'Petit-Montrouge', '48.884900', '2.346377', 1, NULL, '1500.00', '775.00', NULL, NULL, NULL, 5, NULL, NULL, 3, 'event', 'publish', NULL, NULL, NULL, '2022-07-24 01:34:34', '2022-07-24 01:34:34'),
(37, 'Painted Desert Event Designs', 'painted-desert-event-designs', NULL, 1, 'Porte de Vanves', '48.853917', '2.307199', 1, NULL, '900.00', '699.00', NULL, NULL, NULL, 5, NULL, NULL, 2, 'event', 'publish', NULL, NULL, NULL, '2022-07-24 01:34:34', '2022-07-24 01:34:34'),
(38, 'Andante & Allegro Event Design', 'andante-allegro-event-design', NULL, 1, 'Arrondissement de Paris', '48.852754', '2.339155', 0, NULL, '2000.00', '0.00', NULL, NULL, NULL, 4, NULL, NULL, 1, 'event', 'publish', NULL, NULL, NULL, '2022-07-24 01:34:34', '2022-07-24 01:34:34'),
(39, 'Miss Vernie Gleichner', 'miss-vernie-gleichner', NULL, NULL, NULL, NULL, NULL, NULL, NULL, NULL, NULL, NULL, NULL, NULL, 0, NULL, NULL, 20, 'flight', 'publish', NULL, NULL, NULL, '2022-07-24 01:34:34', '2022-07-24 01:34:34'),
(40, 'Kane Lind', 'kane-lind', NULL, NULL, NULL, NULL, NULL, NULL, NULL, NULL, NULL, NULL, NULL, NULL, 0, NULL, NULL, 19, 'flight', 'publish', NULL, NULL, NULL, '2022-07-24 01:34:34', '2022-07-24 01:34:34'),
(41, 'Prof. Macy Bechtelar', 'prof-macy-bechtelar', NULL, NULL, NULL, NULL, NULL, NULL, NULL, NULL, NULL, NULL, NULL, NULL, 0, NULL, NULL, 18, 'flight', 'publish', NULL, NULL, NULL, '2022-07-24 01:34:34', '2022-07-24 01:34:34'),
(42, 'Darryl Rolfson', 'darryl-rolfson', NULL, NULL, NULL, NULL, NULL, NULL, NULL, NULL, NULL, NULL, NULL, NULL, 0, NULL, NULL, 17, 'flight', 'publish', NULL, NULL, NULL, '2022-07-24 01:34:34', '2022-07-24 01:34:34'),
(43, 'Emery Okuneva', 'emery-okuneva', NULL, NULL, NULL, NULL, NULL, NULL, NULL, NULL, NULL, NULL, NULL, NULL, 0, NULL, NULL, 16, 'flight', 'publish', NULL, NULL, NULL, '2022-07-24 01:34:34', '2022-07-24 01:34:34'),
(44, 'Franz Hand', 'franz-hand', NULL, NULL, NULL, NULL, NULL, NULL, NULL, NULL, NULL, NULL, NULL, NULL, 0, NULL, NULL, 15, 'flight', 'publish', NULL, NULL, NULL, '2022-07-24 01:34:34', '2022-07-24 01:34:34'),
(45, 'Lulu Quigley', 'lulu-quigley', NULL, NULL, NULL, NULL, NULL, NULL, NULL, NULL, NULL, NULL, NULL, NULL, 0, NULL, NULL, 14, 'flight', 'publish', NULL, NULL, NULL, '2022-07-24 01:34:34', '2022-07-24 01:34:34'),
(46, 'Mr. Hillard Leffler', 'mr-hillard-leffler', NULL, NULL, NULL, NULL, NULL, NULL, NULL, NULL, NULL, NULL, NULL, NULL, 0, NULL, NULL, 13, 'flight', 'publish', NULL, NULL, NULL, '2022-07-24 01:34:34', '2022-07-24 01:34:34'),
(47, 'Brady Williamson I', 'brady-williamson-i', NULL, NULL, NULL, NULL, NULL, NULL, NULL, NULL, NULL, NULL, NULL, NULL, 0, NULL, NULL, 12, 'flight', 'publish', NULL, NULL, NULL, '2022-07-24 01:34:34', '2022-07-24 01:34:34'),
(48, 'Miss Janie Hamill PhD', 'miss-janie-hamill-phd', NULL, NULL, NULL, NULL, NULL, NULL, NULL, NULL, NULL, NULL, NULL, NULL, 0, NULL, NULL, 11, 'flight', 'publish', NULL, NULL, NULL, '2022-07-24 01:34:34', '2022-07-24 01:34:34'),
(49, 'Bernita Stark', 'bernita-stark', NULL, NULL, NULL, NULL, NULL, NULL, NULL, NULL, NULL, NULL, NULL, NULL, 0, NULL, NULL, 10, 'flight', 'publish', NULL, NULL, NULL, '2022-07-24 01:34:34', '2022-07-24 01:34:34'),
(50, 'Garth Hodkiewicz', 'garth-hodkiewicz', NULL, NULL, NULL, NULL, NULL, NULL, NULL, NULL, NULL, NULL, NULL, NULL, 0, NULL, NULL, 9, 'flight', 'publish', NULL, NULL, NULL, '2022-07-24 01:34:34', '2022-07-24 01:34:34'),
(51, 'Santino Reynolds', 'santino-reynolds', NULL, NULL, NULL, NULL, NULL, NULL, NULL, NULL, NULL, NULL, NULL, NULL, 0, NULL, NULL, 8, 'flight', 'publish', NULL, NULL, NULL, '2022-07-24 01:34:34', '2022-07-24 01:34:34'),
(52, 'Dr. Curtis McDermott II', 'dr-curtis-mcdermott-ii', NULL, NULL, NULL, NULL, NULL, NULL, NULL, NULL, NULL, NULL, NULL, NULL, 0, NULL, NULL, 7, 'flight', 'publish', NULL, NULL, NULL, '2022-07-24 01:34:34', '2022-07-24 01:34:34'),
(53, 'Libbie O\'Conner III', 'libbie-oconner-iii', NULL, NULL, NULL, NULL, NULL, NULL, NULL, NULL, NULL, NULL, NULL, NULL, 0, NULL, NULL, 6, 'flight', 'publish', NULL, NULL, NULL, '2022-07-24 01:34:34', '2022-07-24 01:34:34'),
(54, 'Ivy Carter', 'ivy-carter', NULL, NULL, NULL, NULL, NULL, NULL, NULL, NULL, NULL, NULL, NULL, NULL, 0, NULL, NULL, 5, 'flight', 'publish', NULL, NULL, NULL, '2022-07-24 01:34:34', '2022-07-24 01:34:34'),
(55, 'Sylvester Huel', 'sylvester-huel', NULL, NULL, NULL, NULL, NULL, NULL, NULL, NULL, NULL, NULL, NULL, NULL, 0, NULL, NULL, 4, 'flight', 'publish', NULL, NULL, NULL, '2022-07-24 01:34:34', '2022-07-24 01:34:34'),
(56, 'Raina Mueller', 'raina-mueller', NULL, NULL, NULL, NULL, NULL, NULL, NULL, NULL, NULL, NULL, NULL, NULL, 0, NULL, NULL, 3, 'flight', 'publish', NULL, NULL, NULL, '2022-07-24 01:34:34', '2022-07-24 01:34:34'),
(57, 'Prof. Orland Price Jr.', 'prof-orland-price-jr', NULL, NULL, NULL, NULL, NULL, NULL, NULL, NULL, NULL, NULL, NULL, NULL, 0, NULL, NULL, 2, 'flight', 'publish', NULL, NULL, NULL, '2022-07-24 01:34:34', '2022-07-24 01:34:34'),
(58, 'Isabel Jast Sr.', 'isabel-jast-sr', NULL, NULL, NULL, NULL, NULL, NULL, NULL, NULL, NULL, NULL, NULL, NULL, 0, NULL, NULL, 1, 'flight', 'publish', NULL, NULL, NULL, '2022-07-24 01:34:34', '2022-07-24 01:34:34'),
(59, 'The May Fair Hotel', 'the-may-fair-hotel', NULL, 1, 'Paris Cinemas Battery', '19.277696', '72.887009', 0, 4, '550.00', NULL, NULL, NULL, NULL, 5, NULL, NULL, 11, 'hotel', 'publish', NULL, NULL, NULL, '2022-07-24 01:34:34', '2022-07-24 01:34:34'),
(60, 'Dylan Hotel', 'dylan-hotel', NULL, 2, 'Regal Cinemas Battery', '19.229727', '72.984470', 1, 5, '550.00', NULL, NULL, NULL, NULL, 4, NULL, NULL, 10, 'hotel', 'publish', NULL, NULL, NULL, '2022-07-24 01:34:34', '2022-07-24 01:34:35'),
(61, 'Parian Holiday Villas', 'parian-holiday-villas', NULL, 1, 'Regal Cinemas Battery Park', '19.161637', '72.997510', 1, 5, '550.00', NULL, NULL, NULL, NULL, 4, NULL, NULL, 9, 'hotel', 'publish', NULL, NULL, NULL, '2022-07-24 01:34:35', '2022-07-24 01:34:35'),
(62, 'Stewart Hotel', 'stewart-hotel', NULL, 5, 'New York', '19.080542', '73.010551', 0, 5, '900.00', NULL, NULL, NULL, NULL, 4, NULL, NULL, 8, 'hotel', 'publish', NULL, NULL, NULL, '2022-07-24 01:34:35', '2022-07-24 01:34:35'),
(63, 'Crowne Plaza Hotel', 'crowne-plaza-hotel', NULL, 2, 'New York', '19.001355', '73.111444', 0, 5, '900.00', NULL, NULL, NULL, NULL, 5, NULL, NULL, 7, 'hotel', 'publish', NULL, NULL, NULL, '2022-07-24 01:34:35', '2022-07-24 01:34:35'),
(64, 'EnVision Hotel Boston', 'envision-hotel-boston', NULL, 3, 'New York', '18.873011', '72.975724', 0, 5, '700.00', NULL, NULL, NULL, NULL, 5, NULL, NULL, 6, 'hotel', 'publish', NULL, NULL, NULL, '2022-07-24 01:34:35', '2022-07-24 01:34:35'),
(65, 'Studio Allston Hotel', 'studio-allston-hotel', NULL, 5, 'New York', '18.972786', '72.819724', 0, 5, '500.00', NULL, NULL, NULL, NULL, 5, NULL, NULL, 5, 'hotel', 'publish', NULL, NULL, NULL, '2022-07-24 01:34:35', '2022-07-24 01:34:35'),
(66, 'Redac Gateway Hotel', 'redac-gateway-hotel', NULL, 1, 'Petit-Montrouge', '19.031217', '72.851982', 0, 5, '500.00', NULL, NULL, NULL, NULL, 5, NULL, NULL, 4, 'hotel', 'publish', NULL, NULL, NULL, '2022-07-24 01:34:35', '2022-07-24 01:34:35'),
(67, 'Castello Casole Hotel', 'castello-casole-hotel', NULL, 1, 'Petit-Montrouge', '19.077946', '72.838255', 0, 5, '350.00', NULL, NULL, NULL, NULL, 4, NULL, NULL, 3, 'hotel', 'publish', NULL, NULL, NULL, '2022-07-24 01:34:35', '2022-07-24 01:34:35'),
(68, 'Hotel WBF Hommachi', 'hotel-wbf-hommachi', NULL, 1, 'Porte de Vanves', '19.110390', '72.832764', 0, 5, '350.00', NULL, NULL, NULL, NULL, 5, NULL, NULL, 2, 'hotel', 'publish', NULL, NULL, NULL, '2022-07-24 01:34:35', '2022-07-24 01:34:35'),
(69, 'Hotel Stanford', 'hotel-stanford', NULL, 1, 'Arrondissement de Paris', '19.148665', '72.839670', 0, 5, '300.00', NULL, NULL, NULL, NULL, 5, NULL, NULL, 1, 'hotel', 'publish', NULL, NULL, NULL, '2022-07-24 01:34:35', '2022-07-24 01:34:35'),
(70, 'STAY GREENWICH VILLAGE', 'stay-greenwich-village', NULL, 1, 'Porte de Vanves', '51.514892', '-0.176181', 1, NULL, '300.00', '150.00', NULL, NULL, 5, 5, NULL, NULL, 11, 'space', 'publish', NULL, NULL, NULL, '2022-07-24 01:34:35', '2022-07-24 01:34:35'),
(71, 'LILY DALE VILLAGE', 'lily-dale-village', NULL, 1, 'Porte de Vanves', '51.517883', '-0.134314', 0, NULL, '250.00', '0.00', NULL, NULL, 6, 5, NULL, NULL, 10, 'space', 'publish', NULL, NULL, NULL, '2022-07-24 01:34:35', '2022-07-24 01:34:35'),
(72, 'LUXURY SINGLE', 'luxury-single', NULL, 1, 'Porte de Vanves', '51.569555', '0.012563', 0, NULL, '400.00', '350.00', NULL, NULL, 6, 5, NULL, NULL, 9, 'space', 'publish', NULL, NULL, NULL, '2022-07-24 01:34:35', '2022-07-24 01:34:35'),
(73, 'PARIS GREENWICH VILLA', 'paris-greenwich-villa', NULL, 1, 'Porte de Vanves', '51.556749', '-0.091124', 1, NULL, '500.00', '0.00', NULL, NULL, 7, 5, NULL, NULL, 8, 'space', 'publish', NULL, NULL, NULL, '2022-07-24 01:34:35', '2022-07-24 01:34:35'),
(74, 'EAST VILLAGE', 'east-village', NULL, 1, 'Porte de Vanves', '51.524292', '-0.022489', 1, NULL, '300.00', '260.00', NULL, NULL, 10, 5, NULL, NULL, 7, 'space', 'publish', NULL, NULL, NULL, '2022-07-24 01:34:35', '2022-07-24 01:34:35'),
(75, 'THE MEATPACKING SUITES', 'the-meatpacking-suites', NULL, 1, 'Porte de Vanves', '51.475135', '0.003592', 1, NULL, '320.00', '0.00', NULL, NULL, 6, 4, NULL, NULL, 6, 'space', 'publish', NULL, NULL, NULL, '2022-07-24 01:34:35', '2022-07-24 01:34:35'),
(76, 'DUPLEX GREENWICH', 'duplex-greenwich', NULL, 1, 'Porte de Vanves', '51.442192', '-0.043778', 1, NULL, '220.00', '0.00', NULL, NULL, 5, 5, NULL, NULL, 5, 'space', 'publish', NULL, NULL, NULL, '2022-07-24 01:34:35', '2022-07-24 01:34:35'),
(77, 'BEST OF WEST VILLAGE', 'best-of-west-village', NULL, 4, 'Porte de Vanves', '51.427638', '-0.170752', 0, NULL, '800.00', '0.00', NULL, NULL, 8, 5, NULL, NULL, 4, 'space', 'publish', NULL, NULL, NULL, '2022-07-24 01:34:35', '2022-07-24 01:34:35'),
(78, 'BEAUTIFUL LOFT', 'beautiful-loft', NULL, 3, 'Porte de Vanves', '51.461875', '-0.211246', 0, NULL, '650.00', '0.00', NULL, NULL, 5, 5, NULL, NULL, 3, 'space', 'publish', NULL, NULL, NULL, '2022-07-24 01:34:35', '2022-07-24 01:34:35'),
(79, 'LUXURY APARTMENT', 'luxury-apartment', NULL, 3, 'Porte de Vanves', '51.519592', '-0.226346', 0, NULL, '900.00', '0.00', NULL, NULL, 5, 5, NULL, NULL, 2, 'space', 'publish', NULL, NULL, NULL, '2022-07-24 01:34:35', '2022-07-24 01:34:35'),
(80, 'LUXURY STUDIO', 'luxury-studio', NULL, 2, 'Arrondissement de Paris', '51.528564', '-0.203010', 1, NULL, '300.00', '548.00', NULL, NULL, 6, 5, NULL, NULL, 1, 'space', 'publish', NULL, NULL, NULL, '2022-07-24 01:34:35', '2022-07-24 01:34:35'),
(81, 'River Cruise Tour on the Seine', 'river-cruise-tour-on-the-seine', 2, 1, 'Nevada, US', '36.401066', '-88.312292', 0, NULL, '2100.00', '1343.00', 1, 14, NULL, 5, NULL, NULL, 16, 'tour', 'publish', NULL, NULL, '2022-07-27 03:20:59', '2022-07-24 01:34:35', '2022-07-27 03:20:59'),
(82, 'Cannes and Antibes Night Tour', 'cannes-and-antibes-night-tour', 1, 1, 'UCSF Helen Diller Family', '36.201066', '-88.112292', 0, NULL, '2100.00', '1561.00', 1, 14, NULL, 4, NULL, NULL, 15, 'tour', 'publish', NULL, NULL, '2022-07-27 03:20:59', '2022-07-24 01:34:35', '2022-07-27 03:20:59'),
(83, 'San Francisco Express Never Ceases', 'san-francisco-express-never-ceases', 2, 7, 'Comprehensive Cancer Center', '37.757522', '-122.447984', 0, NULL, '2100.00', '1594.00', 1, 13, NULL, 4, NULL, NULL, 14, 'tour', 'publish', NULL, NULL, '2022-07-27 03:20:59', '2022-07-24 01:34:35', '2022-07-27 03:20:59'),
(84, 'Hollywood Sign Small Group Tour in Luxury Van', 'hollywood-sign-small-group-tour-in-luxury-van', 2, 8, 'Virginia', '37.445688', '-78.673668', 0, NULL, '2100.00', '1552.00', 1, 13, NULL, 4, NULL, NULL, 13, 'tour', 'publish', NULL, NULL, '2022-07-27 03:20:59', '2022-07-24 01:34:35', '2022-07-27 03:20:59'),
(85, 'Segway Tour of Washington, D.C. Highlights', 'segway-tour-of-washington-dc-highlights', 3, 7, 'Francisco Parnassus Campus', '37.782668', '-122.425058', 0, NULL, '2100.00', '1331.00', 1, 18, NULL, 5, NULL, NULL, 12, 'tour', 'publish', NULL, NULL, '2022-07-27 03:20:59', '2022-07-24 01:34:35', '2022-07-27 03:20:59'),
(86, 'Trip of New York – Discover America', 'trip-of-new-york-discover-america', 3, 6, 'New Jersey', '40.035329', '-74.417227', 0, NULL, '2100.00', '983.00', 1, 19, NULL, 4, NULL, NULL, 11, 'tour', 'publish', NULL, NULL, '2022-07-27 03:20:59', '2022-07-24 01:34:35', '2022-07-27 03:20:59'),
(87, 'Giverny and Versailles Small Group Day Trip', 'giverny-and-versailles-small-group-day-trip', 2, 5, 'Washington, DC, USA', '34.049345', '-118.248479', 0, NULL, '2100.00', '1684.00', 1, 15, NULL, 4, NULL, NULL, 10, 'tour', 'publish', NULL, NULL, '2022-07-27 03:20:59', '2022-07-24 01:34:35', '2022-07-27 03:20:59'),
(88, 'Tastes and Sounds of the South 2019', 'tastes-and-sounds-of-the-south-2019', 3, 4, 'United States', '37.040023', '-95.643144', 0, NULL, '2100.00', '1195.00', 1, 18, NULL, 5, NULL, NULL, 9, 'tour', 'publish', NULL, NULL, '2022-07-27 03:20:59', '2022-07-24 01:34:35', '2022-07-27 03:20:59'),
(89, 'Pure Luxe in Punta Mita', 'pure-luxe-in-punta-mita', 4, 3, 'Trimmer Springs Rd, Sanger', '36.822484', '-119.365266', 0, NULL, '2100.00', '1634.00', 1, 12, NULL, 4, NULL, NULL, 8, 'tour', 'publish', NULL, NULL, '2022-07-27 03:20:59', '2022-07-24 01:34:35', '2022-07-27 03:20:59'),
(90, 'Eastern Discovery', 'eastern-discovery-1', 1, 2, 'Pier 36 New York', '40.708581', '-73.998817', 0, NULL, '2100.00', '1257.00', 1, 14, NULL, 4, NULL, NULL, 7, 'tour', 'publish', NULL, NULL, '2022-07-27 03:20:59', '2022-07-24 01:34:35', '2022-07-27 03:20:59'),
(91, 'Cementerio de Trenes', 'eastern-discovery-start-new-orleans', 2, NULL, 'Salar de Uyuni', '-20.463516', '-66.8290766', 1, NULL, '2100.00', '456.00', 1, 20, NULL, 5, NULL, NULL, 6, 'tour', 'publish', 4, 1, NULL, '2022-07-24 01:34:35', '2022-07-29 03:41:32'),
(92, 'Southwest States (Ex Los Angeles) ', 'southwest-states-ex-los-angeles-1', 4, 2, 'Regal Cinemas Battery Park 11', '40.714578', '-73.983888', 0, NULL, '1900.00', '225.00', 1, 15, NULL, 4, NULL, NULL, 5, 'tour', 'publish', NULL, NULL, '2022-07-27 03:20:59', '2022-07-24 01:34:35', '2022-07-27 03:20:59'),
(93, 'Paris Vacation Travel ', 'paris-vacation-travel', 1, 2, 'New York', '40.707891', '-74.008825', 1, NULL, '850.00', '181.00', 1, 20, NULL, 5, NULL, NULL, 4, 'tour', 'publish', NULL, NULL, '2022-07-27 03:20:59', '2022-07-24 01:34:35', '2022-07-27 03:20:59'),
(94, 'Los Angeles to San Francisco Express ', 'los-angeles-to-san-francisco-express', 3, 1, 'Petit-Montrouge', '48.884900', '2.346377', 1, NULL, '1500.00', '380.00', 1, 13, NULL, 4, NULL, NULL, 3, 'tour', 'publish', NULL, NULL, '2022-07-27 03:20:59', '2022-07-24 01:34:35', '2022-07-27 03:20:59'),
(95, 'New York: Museum of Modern Art', 'new-york-museum-of-modern-art', 4, 1, 'Porte de Vanves', '48.853917', '2.307199', 1, NULL, '900.00', '264.00', 1, 14, NULL, 5, NULL, NULL, 2, 'tour', 'publish', NULL, NULL, '2022-07-27 03:20:59', '2022-07-24 01:34:35', '2022-07-27 03:20:59'),
(96, 'SALAR - LAGUNAS - VOLCAN THUNUPA', 'american-parks-trail-end-rapid-city', 4, 1, 'Salar de uyuni', '-20.185784841758835', '-67.57013279599214', NULL, NULL, '140.00', '129.00', 1, 17, NULL, 5, NULL, NULL, 1, 'tour', 'publish', 4, 4, NULL, '2022-07-24 01:34:35', '2022-07-27 04:15:48');

-- --------------------------------------------------------

--
-- Estructura de tabla para la tabla `bravo_service_translations`
--

CREATE TABLE `bravo_service_translations` (
  `id` bigint(20) UNSIGNED NOT NULL,
  `origin_id` bigint(20) DEFAULT NULL,
  `locale` varchar(10) COLLATE utf8mb4_unicode_ci DEFAULT NULL,
  `title` varchar(255) COLLATE utf8mb4_unicode_ci DEFAULT NULL,
  `address` text COLLATE utf8mb4_unicode_ci DEFAULT NULL,
  `content` text COLLATE utf8mb4_unicode_ci DEFAULT NULL,
  `create_user` int(11) DEFAULT NULL,
  `update_user` int(11) DEFAULT NULL,
  `created_at` timestamp NULL DEFAULT NULL,
  `updated_at` timestamp NULL DEFAULT NULL,
  `deleted_at` timestamp NULL DEFAULT NULL
) ENGINE=InnoDB DEFAULT CHARSET=utf8mb4 COLLATE=utf8mb4_unicode_ci;

-- --------------------------------------------------------

--
-- Estructura de tabla para la tabla `bravo_spaces`
--

CREATE TABLE `bravo_spaces` (
  `id` bigint(20) UNSIGNED NOT NULL,
  `title` varchar(255) COLLATE utf8mb4_unicode_ci DEFAULT NULL,
  `slug` varchar(255) CHARACTER SET utf8 NOT NULL,
  `content` text COLLATE utf8mb4_unicode_ci DEFAULT NULL,
  `image_id` int(11) DEFAULT NULL,
  `banner_image_id` int(11) DEFAULT NULL,
  `location_id` int(11) DEFAULT NULL,
  `address` varchar(255) COLLATE utf8mb4_unicode_ci DEFAULT NULL,
  `map_lat` varchar(20) COLLATE utf8mb4_unicode_ci DEFAULT NULL,
  `map_lng` varchar(20) COLLATE utf8mb4_unicode_ci DEFAULT NULL,
  `map_zoom` int(11) DEFAULT NULL,
  `is_featured` tinyint(4) DEFAULT NULL,
  `gallery` varchar(255) COLLATE utf8mb4_unicode_ci DEFAULT NULL,
  `video` varchar(255) COLLATE utf8mb4_unicode_ci DEFAULT NULL,
  `faqs` text COLLATE utf8mb4_unicode_ci DEFAULT NULL,
  `price` decimal(12,2) DEFAULT NULL,
  `sale_price` decimal(12,2) DEFAULT NULL,
  `is_instant` tinyint(4) DEFAULT 0,
  `allow_children` tinyint(4) DEFAULT 0,
  `allow_infant` tinyint(4) DEFAULT 0,
  `max_guests` int(11) DEFAULT NULL,
  `bed` int(11) DEFAULT NULL,
  `bathroom` int(11) DEFAULT NULL,
  `square` int(11) DEFAULT NULL,
  `enable_extra_price` tinyint(4) DEFAULT NULL,
  `extra_price` text COLLATE utf8mb4_unicode_ci DEFAULT NULL,
  `discount_by_days` text COLLATE utf8mb4_unicode_ci DEFAULT NULL,
  `status` varchar(50) COLLATE utf8mb4_unicode_ci DEFAULT NULL,
  `default_state` tinyint(4) DEFAULT 1,
  `create_user` bigint(20) DEFAULT NULL,
  `update_user` bigint(20) DEFAULT NULL,
  `deleted_at` timestamp NULL DEFAULT NULL,
  `created_at` timestamp NULL DEFAULT NULL,
  `updated_at` timestamp NULL DEFAULT NULL,
  `review_score` decimal(2,1) DEFAULT NULL,
  `ical_import_url` varchar(191) COLLATE utf8mb4_unicode_ci DEFAULT NULL,
  `min_day_before_booking` int(11) DEFAULT NULL,
  `min_day_stays` int(11) DEFAULT NULL,
  `enable_service_fee` tinyint(4) DEFAULT NULL,
  `service_fee` text COLLATE utf8mb4_unicode_ci DEFAULT NULL,
  `surrounding` text COLLATE utf8mb4_unicode_ci DEFAULT NULL
) ENGINE=InnoDB DEFAULT CHARSET=utf8mb4 COLLATE=utf8mb4_unicode_ci;

--
-- Volcado de datos para la tabla `bravo_spaces`
--

INSERT INTO `bravo_spaces` (`id`, `title`, `slug`, `content`, `image_id`, `banner_image_id`, `location_id`, `address`, `map_lat`, `map_lng`, `map_zoom`, `is_featured`, `gallery`, `video`, `faqs`, `price`, `sale_price`, `is_instant`, `allow_children`, `allow_infant`, `max_guests`, `bed`, `bathroom`, `square`, `enable_extra_price`, `extra_price`, `discount_by_days`, `status`, `default_state`, `create_user`, `update_user`, `deleted_at`, `created_at`, `updated_at`, `review_score`, `ical_import_url`, `min_day_before_booking`, `min_day_stays`, `enable_service_fee`, `service_fee`, `surrounding`) VALUES
(1, 'LUXURY STUDIO', 'luxury-studio', '<p>Libero sem vitae sed donec conubia integer nisi integer rhoncus imperdiet orci odio libero est integer a integer tincidunt sollicitudin blandit fusce nibh leo vulputate lobortis egestas dapibus faucibus metus conubia maecenas cras potenti cum hac arcu rhoncus nullam eros dictum torquent integer cursus bibendum sem sociis molestie tellus purus</p><p>Quam fusce convallis ipsum malesuada amet velit aliquam urna nullam vehicula fermentum id morbi dis magnis porta sagittis euismod etiam</p><h4>HIGHLIGHTS</h4><ul><li>Visit the Museum of Modern Art in Manhattan</li><li>See amazing works of contemporary art, including Vincent van Gogh\'s The Starry Night</li><li>Check out Campbell\'s Soup Cans by Warhol and The Dance (I) by Matisse</li><li>Behold masterpieces by Gauguin, Dali, Picasso, and Pollock</li><li>Enjoy free audio guides available in English, French, German, Italian, Spanish, Portuguese</li></ul>', 63, 83, 2, 'Arrondissement de Paris', '51.528564', '-0.203010', 12, 1, '76,77,78,79,80,81,82', 'https://www.youtube.com/watch?v=UfEiKK-iX70', '[{\"title\":\"Check-in time?\",\"content\":\"As a rough guide, the check-in time is after 12 a.m. Let us know your arrival time in case you schedule and early check in we\\u2018ll do our best to have your room available.\"},{\"title\":\"Check-out time?\",\"content\":\"As a rough guide, the check-out time is before 12pm. If you plan a late check out kindly let us know your departure time, we\\u2019ll our best to satisfy your needs.\"},{\"title\":\"Is Reception open 24 hours?\",\"content\":\"Yes, Reception service is available 24 hours.\"},{\"title\":\"Which languages are spoken at Reception?\",\"content\":\"Italian, English, French, German and Spanish.\"},{\"title\":\"Can I leave my luggage?\",\"content\":\"Yes, we can look after your luggage. If at check in your room is not ready yet or in case of early check out after .We will store your luggage free of charge on your check-in and check-out days.\"},{\"title\":\"Internet connection?\",\"content\":\"A wireless internet connection is available throughout the hotel.\\r\\n\\r\\nThe guest rooms feature hi-speed web connectivity (both wireless and cabled).\"}]', '300.00', '548.00', 0, 0, 0, 6, 10, 8, 170, 1, '[{\"name\":\"Lawn garden\",\"price\":\"100\",\"type\":\"one_time\"},{\"name\":\"Clearning\",\"price\":\"100\",\"type\":\"one_time\"},{\"name\":\"Breakfasts\",\"price\":\"200\",\"type\":\"one_time\"}]', NULL, 'publish', 1, 1, NULL, NULL, '2022-07-24 01:33:41', '2022-07-24 01:33:42', '5.0', NULL, NULL, NULL, NULL, NULL, NULL),
(2, 'LUXURY APARTMENT', 'luxury-apartment', '<p>Libero sem vitae sed donec conubia integer nisi integer rhoncus imperdiet orci odio libero est integer a integer tincidunt sollicitudin blandit fusce nibh leo vulputate lobortis egestas dapibus faucibus metus conubia maecenas cras potenti cum hac arcu rhoncus nullam eros dictum torquent integer cursus bibendum sem sociis molestie tellus purus</p><p>Quam fusce convallis ipsum malesuada amet velit aliquam urna nullam vehicula fermentum id morbi dis magnis porta sagittis euismod etiam</p><h4>HIGHLIGHTS</h4><ul><li>Visit the Museum of Modern Art in Manhattan</li><li>See amazing works of contemporary art, including Vincent van Gogh\'s The Starry Night</li><li>Check out Campbell\'s Soup Cans by Warhol and The Dance (I) by Matisse</li><li>Behold masterpieces by Gauguin, Dali, Picasso, and Pollock</li><li>Enjoy free audio guides available in English, French, German, Italian, Spanish, Portuguese</li></ul>', 64, 83, 3, 'Porte de Vanves', '51.519592', '-0.226346', 12, 0, '76,77,78,79,80,81,82', 'https://www.youtube.com/watch?v=UfEiKK-iX70', '[{\"title\":\"Check-in time?\",\"content\":\"As a rough guide, the check-in time is after 12 a.m. Let us know your arrival time in case you schedule and early check in we\\u2018ll do our best to have your room available.\"},{\"title\":\"Check-out time?\",\"content\":\"As a rough guide, the check-out time is before 12pm. If you plan a late check out kindly let us know your departure time, we\\u2019ll our best to satisfy your needs.\"},{\"title\":\"Is Reception open 24 hours?\",\"content\":\"Yes, Reception service is available 24 hours.\"},{\"title\":\"Which languages are spoken at Reception?\",\"content\":\"Italian, English, French, German and Spanish.\"},{\"title\":\"Can I leave my luggage?\",\"content\":\"Yes, we can look after your luggage. If at check in your room is not ready yet or in case of early check out after .We will store your luggage free of charge on your check-in and check-out days.\"},{\"title\":\"Internet connection?\",\"content\":\"A wireless internet connection is available throughout the hotel.\\r\\n\\r\\nThe guest rooms feature hi-speed web connectivity (both wireless and cabled).\"}]', '900.00', '0.00', 1, 0, 0, 5, 5, 1, 103, 1, '[{\"name\":\"Lawn garden\",\"price\":\"100\",\"type\":\"one_time\"},{\"name\":\"Clearning\",\"price\":\"100\",\"type\":\"one_time\"},{\"name\":\"Breakfasts\",\"price\":\"200\",\"type\":\"one_time\"}]', NULL, 'publish', 1, 1, NULL, NULL, '2022-07-24 01:33:41', '2022-07-24 01:33:42', '4.5', NULL, NULL, NULL, NULL, NULL, NULL),
(3, 'BEAUTIFUL LOFT', 'beautiful-loft', '<p>Libero sem vitae sed donec conubia integer nisi integer rhoncus imperdiet orci odio libero est integer a integer tincidunt sollicitudin blandit fusce nibh leo vulputate lobortis egestas dapibus faucibus metus conubia maecenas cras potenti cum hac arcu rhoncus nullam eros dictum torquent integer cursus bibendum sem sociis molestie tellus purus</p><p>Quam fusce convallis ipsum malesuada amet velit aliquam urna nullam vehicula fermentum id morbi dis magnis porta sagittis euismod etiam</p><h4>HIGHLIGHTS</h4><ul><li>Visit the Museum of Modern Art in Manhattan</li><li>See amazing works of contemporary art, including Vincent van Gogh\'s The Starry Night</li><li>Check out Campbell\'s Soup Cans by Warhol and The Dance (I) by Matisse</li><li>Behold masterpieces by Gauguin, Dali, Picasso, and Pollock</li><li>Enjoy free audio guides available in English, French, German, Italian, Spanish, Portuguese</li></ul>', 65, 83, 3, 'Porte de Vanves', '51.461875', '-0.211246', 12, 0, '76,77,78,79,80,81,82', 'https://www.youtube.com/watch?v=UfEiKK-iX70', '[{\"title\":\"Check-in time?\",\"content\":\"As a rough guide, the check-in time is after 12 a.m. Let us know your arrival time in case you schedule and early check in we\\u2018ll do our best to have your room available.\"},{\"title\":\"Check-out time?\",\"content\":\"As a rough guide, the check-out time is before 12pm. If you plan a late check out kindly let us know your departure time, we\\u2019ll our best to satisfy your needs.\"},{\"title\":\"Is Reception open 24 hours?\",\"content\":\"Yes, Reception service is available 24 hours.\"},{\"title\":\"Which languages are spoken at Reception?\",\"content\":\"Italian, English, French, German and Spanish.\"},{\"title\":\"Can I leave my luggage?\",\"content\":\"Yes, we can look after your luggage. If at check in your room is not ready yet or in case of early check out after .We will store your luggage free of charge on your check-in and check-out days.\"},{\"title\":\"Internet connection?\",\"content\":\"A wireless internet connection is available throughout the hotel.\\r\\n\\r\\nThe guest rooms feature hi-speed web connectivity (both wireless and cabled).\"}]', '650.00', '0.00', 0, 0, 0, 5, 9, 2, 166, 1, '[{\"name\":\"Lawn garden\",\"price\":\"100\",\"type\":\"one_time\"},{\"name\":\"Clearning\",\"price\":\"100\",\"type\":\"one_time\"},{\"name\":\"Breakfasts\",\"price\":\"200\",\"type\":\"one_time\"}]', NULL, 'publish', 1, 6, NULL, NULL, '2022-07-24 01:33:41', '2022-07-24 01:33:42', '4.6', NULL, NULL, NULL, NULL, NULL, NULL),
(4, 'BEST OF WEST VILLAGE', 'best-of-west-village', '<p>Libero sem vitae sed donec conubia integer nisi integer rhoncus imperdiet orci odio libero est integer a integer tincidunt sollicitudin blandit fusce nibh leo vulputate lobortis egestas dapibus faucibus metus conubia maecenas cras potenti cum hac arcu rhoncus nullam eros dictum torquent integer cursus bibendum sem sociis molestie tellus purus</p><p>Quam fusce convallis ipsum malesuada amet velit aliquam urna nullam vehicula fermentum id morbi dis magnis porta sagittis euismod etiam</p><h4>HIGHLIGHTS</h4><ul><li>Visit the Museum of Modern Art in Manhattan</li><li>See amazing works of contemporary art, including Vincent van Gogh\'s The Starry Night</li><li>Check out Campbell\'s Soup Cans by Warhol and The Dance (I) by Matisse</li><li>Behold masterpieces by Gauguin, Dali, Picasso, and Pollock</li><li>Enjoy free audio guides available in English, French, German, Italian, Spanish, Portuguese</li></ul>', 66, 84, 4, 'Porte de Vanves', '51.427638', '-0.170752', 12, 0, '76,77,78,79,80,81,82', 'https://www.youtube.com/watch?v=UfEiKK-iX70', '[{\"title\":\"Check-in time?\",\"content\":\"As a rough guide, the check-in time is after 12 a.m. Let us know your arrival time in case you schedule and early check in we\\u2018ll do our best to have your room available.\"},{\"title\":\"Check-out time?\",\"content\":\"As a rough guide, the check-out time is before 12pm. If you plan a late check out kindly let us know your departure time, we\\u2019ll our best to satisfy your needs.\"},{\"title\":\"Is Reception open 24 hours?\",\"content\":\"Yes, Reception service is available 24 hours.\"},{\"title\":\"Which languages are spoken at Reception?\",\"content\":\"Italian, English, French, German and Spanish.\"},{\"title\":\"Can I leave my luggage?\",\"content\":\"Yes, we can look after your luggage. If at check in your room is not ready yet or in case of early check out after .We will store your luggage free of charge on your check-in and check-out days.\"},{\"title\":\"Internet connection?\",\"content\":\"A wireless internet connection is available throughout the hotel.\\r\\n\\r\\nThe guest rooms feature hi-speed web connectivity (both wireless and cabled).\"}]', '800.00', '0.00', 1, 0, 0, 8, 10, 1, 125, 1, '[{\"name\":\"Lawn garden\",\"price\":\"100\",\"type\":\"one_time\"},{\"name\":\"Clearning\",\"price\":\"100\",\"type\":\"one_time\"},{\"name\":\"Breakfasts\",\"price\":\"200\",\"type\":\"one_time\"}]', NULL, 'publish', 1, 5, NULL, NULL, '2022-07-24 01:33:41', '2022-07-24 01:33:42', '4.8', NULL, NULL, NULL, NULL, NULL, NULL),
(5, 'DUPLEX GREENWICH', 'duplex-greenwich', '<p>Libero sem vitae sed donec conubia integer nisi integer rhoncus imperdiet orci odio libero est integer a integer tincidunt sollicitudin blandit fusce nibh leo vulputate lobortis egestas dapibus faucibus metus conubia maecenas cras potenti cum hac arcu rhoncus nullam eros dictum torquent integer cursus bibendum sem sociis molestie tellus purus</p><p>Quam fusce convallis ipsum malesuada amet velit aliquam urna nullam vehicula fermentum id morbi dis magnis porta sagittis euismod etiam</p><h4>HIGHLIGHTS</h4><ul><li>Visit the Museum of Modern Art in Manhattan</li><li>See amazing works of contemporary art, including Vincent van Gogh\'s The Starry Night</li><li>Check out Campbell\'s Soup Cans by Warhol and The Dance (I) by Matisse</li><li>Behold masterpieces by Gauguin, Dali, Picasso, and Pollock</li><li>Enjoy free audio guides available in English, French, German, Italian, Spanish, Portuguese</li></ul>', 67, 83, 1, 'Porte de Vanves', '51.442192', '-0.043778', 12, 1, '76,77,78,79,80,81,82', 'https://www.youtube.com/watch?v=UfEiKK-iX70', '[{\"title\":\"Check-in time?\",\"content\":\"As a rough guide, the check-in time is after 12 a.m. Let us know your arrival time in case you schedule and early check in we\\u2018ll do our best to have your room available.\"},{\"title\":\"Check-out time?\",\"content\":\"As a rough guide, the check-out time is before 12pm. If you plan a late check out kindly let us know your departure time, we\\u2019ll our best to satisfy your needs.\"},{\"title\":\"Is Reception open 24 hours?\",\"content\":\"Yes, Reception service is available 24 hours.\"},{\"title\":\"Which languages are spoken at Reception?\",\"content\":\"Italian, English, French, German and Spanish.\"},{\"title\":\"Can I leave my luggage?\",\"content\":\"Yes, we can look after your luggage. If at check in your room is not ready yet or in case of early check out after .We will store your luggage free of charge on your check-in and check-out days.\"},{\"title\":\"Internet connection?\",\"content\":\"A wireless internet connection is available throughout the hotel.\\r\\n\\r\\nThe guest rooms feature hi-speed web connectivity (both wireless and cabled).\"}]', '220.00', '0.00', 0, 0, 0, 5, 3, 6, 136, 1, '[{\"name\":\"Lawn garden\",\"price\":\"100\",\"type\":\"one_time\"},{\"name\":\"Clearning\",\"price\":\"100\",\"type\":\"one_time\"},{\"name\":\"Breakfasts\",\"price\":\"200\",\"type\":\"one_time\"}]', NULL, 'publish', 1, 5, NULL, NULL, '2022-07-24 01:33:41', '2022-07-24 01:33:42', '4.7', NULL, NULL, NULL, NULL, NULL, NULL),
(6, 'THE MEATPACKING SUITES', 'the-meatpacking-suites', '<p>Libero sem vitae sed donec conubia integer nisi integer rhoncus imperdiet orci odio libero est integer a integer tincidunt sollicitudin blandit fusce nibh leo vulputate lobortis egestas dapibus faucibus metus conubia maecenas cras potenti cum hac arcu rhoncus nullam eros dictum torquent integer cursus bibendum sem sociis molestie tellus purus</p><p>Quam fusce convallis ipsum malesuada amet velit aliquam urna nullam vehicula fermentum id morbi dis magnis porta sagittis euismod etiam</p><h4>HIGHLIGHTS</h4><ul><li>Visit the Museum of Modern Art in Manhattan</li><li>See amazing works of contemporary art, including Vincent van Gogh\'s The Starry Night</li><li>Check out Campbell\'s Soup Cans by Warhol and The Dance (I) by Matisse</li><li>Behold masterpieces by Gauguin, Dali, Picasso, and Pollock</li><li>Enjoy free audio guides available in English, French, German, Italian, Spanish, Portuguese</li></ul>', 68, 83, 1, 'Porte de Vanves', '51.475135', '0.003592', 12, 1, '76,77,78,79,80,81,82', 'https://www.youtube.com/watch?v=UfEiKK-iX70', '[{\"title\":\"Check-in time?\",\"content\":\"As a rough guide, the check-in time is after 12 a.m. Let us know your arrival time in case you schedule and early check in we\\u2018ll do our best to have your room available.\"},{\"title\":\"Check-out time?\",\"content\":\"As a rough guide, the check-out time is before 12pm. If you plan a late check out kindly let us know your departure time, we\\u2019ll our best to satisfy your needs.\"},{\"title\":\"Is Reception open 24 hours?\",\"content\":\"Yes, Reception service is available 24 hours.\"},{\"title\":\"Which languages are spoken at Reception?\",\"content\":\"Italian, English, French, German and Spanish.\"},{\"title\":\"Can I leave my luggage?\",\"content\":\"Yes, we can look after your luggage. If at check in your room is not ready yet or in case of early check out after .We will store your luggage free of charge on your check-in and check-out days.\"},{\"title\":\"Internet connection?\",\"content\":\"A wireless internet connection is available throughout the hotel.\\r\\n\\r\\nThe guest rooms feature hi-speed web connectivity (both wireless and cabled).\"}]', '320.00', '0.00', 0, 0, 0, 6, 9, 6, 180, 1, '[{\"name\":\"Lawn garden\",\"price\":\"100\",\"type\":\"one_time\"},{\"name\":\"Clearning\",\"price\":\"100\",\"type\":\"one_time\"},{\"name\":\"Breakfasts\",\"price\":\"200\",\"type\":\"one_time\"}]', NULL, 'publish', 1, 4, NULL, NULL, '2022-07-24 01:33:41', '2022-07-24 01:33:42', '4.3', NULL, NULL, NULL, NULL, NULL, NULL),
(7, 'EAST VILLAGE', 'east-village', '<p>Libero sem vitae sed donec conubia integer nisi integer rhoncus imperdiet orci odio libero est integer a integer tincidunt sollicitudin blandit fusce nibh leo vulputate lobortis egestas dapibus faucibus metus conubia maecenas cras potenti cum hac arcu rhoncus nullam eros dictum torquent integer cursus bibendum sem sociis molestie tellus purus</p><p>Quam fusce convallis ipsum malesuada amet velit aliquam urna nullam vehicula fermentum id morbi dis magnis porta sagittis euismod etiam</p><h4>HIGHLIGHTS</h4><ul><li>Visit the Museum of Modern Art in Manhattan</li><li>See amazing works of contemporary art, including Vincent van Gogh\'s The Starry Night</li><li>Check out Campbell\'s Soup Cans by Warhol and The Dance (I) by Matisse</li><li>Behold masterpieces by Gauguin, Dali, Picasso, and Pollock</li><li>Enjoy free audio guides available in English, French, German, Italian, Spanish, Portuguese</li></ul>', 69, 83, 1, 'Porte de Vanves', '51.524292', '-0.022489', 12, 1, '76,77,78,79,80,81,82', 'https://www.youtube.com/watch?v=UfEiKK-iX70', '[{\"title\":\"Check-in time?\",\"content\":\"As a rough guide, the check-in time is after 12 a.m. Let us know your arrival time in case you schedule and early check in we\\u2018ll do our best to have your room available.\"},{\"title\":\"Check-out time?\",\"content\":\"As a rough guide, the check-out time is before 12pm. If you plan a late check out kindly let us know your departure time, we\\u2019ll our best to satisfy your needs.\"},{\"title\":\"Is Reception open 24 hours?\",\"content\":\"Yes, Reception service is available 24 hours.\"},{\"title\":\"Which languages are spoken at Reception?\",\"content\":\"Italian, English, French, German and Spanish.\"},{\"title\":\"Can I leave my luggage?\",\"content\":\"Yes, we can look after your luggage. If at check in your room is not ready yet or in case of early check out after .We will store your luggage free of charge on your check-in and check-out days.\"},{\"title\":\"Internet connection?\",\"content\":\"A wireless internet connection is available throughout the hotel.\\r\\n\\r\\nThe guest rooms feature hi-speed web connectivity (both wireless and cabled).\"}]', '300.00', '260.00', 0, 0, 0, 10, 9, 5, 169, 1, '[{\"name\":\"Lawn garden\",\"price\":\"100\",\"type\":\"one_time\"},{\"name\":\"Clearning\",\"price\":\"100\",\"type\":\"one_time\"},{\"name\":\"Breakfasts\",\"price\":\"200\",\"type\":\"one_time\"}]', NULL, 'publish', 1, 4, NULL, NULL, '2022-07-24 01:33:41', '2022-07-24 01:33:42', '4.5', NULL, NULL, NULL, NULL, NULL, NULL),
(8, 'PARIS GREENWICH VILLA', 'paris-greenwich-villa', '<p>Libero sem vitae sed donec conubia integer nisi integer rhoncus imperdiet orci odio libero est integer a integer tincidunt sollicitudin blandit fusce nibh leo vulputate lobortis egestas dapibus faucibus metus conubia maecenas cras potenti cum hac arcu rhoncus nullam eros dictum torquent integer cursus bibendum sem sociis molestie tellus purus</p><p>Quam fusce convallis ipsum malesuada amet velit aliquam urna nullam vehicula fermentum id morbi dis magnis porta sagittis euismod etiam</p><h4>HIGHLIGHTS</h4><ul><li>Visit the Museum of Modern Art in Manhattan</li><li>See amazing works of contemporary art, including Vincent van Gogh\'s The Starry Night</li><li>Check out Campbell\'s Soup Cans by Warhol and The Dance (I) by Matisse</li><li>Behold masterpieces by Gauguin, Dali, Picasso, and Pollock</li><li>Enjoy free audio guides available in English, French, German, Italian, Spanish, Portuguese</li></ul>', 70, 85, 1, 'Porte de Vanves', '51.556749', '-0.091124', 12, 1, '76,77,78,79,80,81,82', 'https://www.youtube.com/watch?v=UfEiKK-iX70', '[{\"title\":\"Check-in time?\",\"content\":\"As a rough guide, the check-in time is after 12 a.m. Let us know your arrival time in case you schedule and early check in we\\u2018ll do our best to have your room available.\"},{\"title\":\"Check-out time?\",\"content\":\"As a rough guide, the check-out time is before 12pm. If you plan a late check out kindly let us know your departure time, we\\u2019ll our best to satisfy your needs.\"},{\"title\":\"Is Reception open 24 hours?\",\"content\":\"Yes, Reception service is available 24 hours.\"},{\"title\":\"Which languages are spoken at Reception?\",\"content\":\"Italian, English, French, German and Spanish.\"},{\"title\":\"Can I leave my luggage?\",\"content\":\"Yes, we can look after your luggage. If at check in your room is not ready yet or in case of early check out after .We will store your luggage free of charge on your check-in and check-out days.\"},{\"title\":\"Internet connection?\",\"content\":\"A wireless internet connection is available throughout the hotel.\\r\\n\\r\\nThe guest rooms feature hi-speed web connectivity (both wireless and cabled).\"}]', '500.00', '0.00', 0, 0, 0, 7, 10, 6, 165, 1, '[{\"name\":\"Lawn garden\",\"price\":\"100\",\"type\":\"one_time\"},{\"name\":\"Clearning\",\"price\":\"100\",\"type\":\"one_time\"},{\"name\":\"Breakfasts\",\"price\":\"200\",\"type\":\"one_time\"}]', NULL, 'publish', 1, 5, NULL, NULL, '2022-07-24 01:33:41', '2022-07-24 01:33:42', '4.5', NULL, NULL, NULL, NULL, NULL, NULL),
(9, 'LUXURY SINGLE', 'luxury-single', '<p>Libero sem vitae sed donec conubia integer nisi integer rhoncus imperdiet orci odio libero est integer a integer tincidunt sollicitudin blandit fusce nibh leo vulputate lobortis egestas dapibus faucibus metus conubia maecenas cras potenti cum hac arcu rhoncus nullam eros dictum torquent integer cursus bibendum sem sociis molestie tellus purus</p><p>Quam fusce convallis ipsum malesuada amet velit aliquam urna nullam vehicula fermentum id morbi dis magnis porta sagittis euismod etiam</p><h4>HIGHLIGHTS</h4><ul><li>Visit the Museum of Modern Art in Manhattan</li><li>See amazing works of contemporary art, including Vincent van Gogh\'s The Starry Night</li><li>Check out Campbell\'s Soup Cans by Warhol and The Dance (I) by Matisse</li><li>Behold masterpieces by Gauguin, Dali, Picasso, and Pollock</li><li>Enjoy free audio guides available in English, French, German, Italian, Spanish, Portuguese</li></ul>', 71, 83, 1, 'Porte de Vanves', '51.569555', '0.012563', 12, 0, '76,77,78,79,80,81,82', 'https://www.youtube.com/watch?v=UfEiKK-iX70', '[{\"title\":\"Check-in time?\",\"content\":\"As a rough guide, the check-in time is after 12 a.m. Let us know your arrival time in case you schedule and early check in we\\u2018ll do our best to have your room available.\"},{\"title\":\"Check-out time?\",\"content\":\"As a rough guide, the check-out time is before 12pm. If you plan a late check out kindly let us know your departure time, we\\u2019ll our best to satisfy your needs.\"},{\"title\":\"Is Reception open 24 hours?\",\"content\":\"Yes, Reception service is available 24 hours.\"},{\"title\":\"Which languages are spoken at Reception?\",\"content\":\"Italian, English, French, German and Spanish.\"},{\"title\":\"Can I leave my luggage?\",\"content\":\"Yes, we can look after your luggage. If at check in your room is not ready yet or in case of early check out after .We will store your luggage free of charge on your check-in and check-out days.\"},{\"title\":\"Internet connection?\",\"content\":\"A wireless internet connection is available throughout the hotel.\\r\\n\\r\\nThe guest rooms feature hi-speed web connectivity (both wireless and cabled).\"}]', '400.00', '350.00', 0, 0, 0, 6, 8, 1, 134, 1, '[{\"name\":\"Lawn garden\",\"price\":\"100\",\"type\":\"one_time\"},{\"name\":\"Clearning\",\"price\":\"100\",\"type\":\"one_time\"},{\"name\":\"Breakfasts\",\"price\":\"200\",\"type\":\"one_time\"}]', NULL, 'publish', 1, 4, NULL, NULL, '2022-07-24 01:33:41', '2022-07-24 01:33:42', '5.0', NULL, NULL, NULL, NULL, NULL, NULL),
(10, 'LILY DALE VILLAGE', 'lily-dale-village', '<p>Libero sem vitae sed donec conubia integer nisi integer rhoncus imperdiet orci odio libero est integer a integer tincidunt sollicitudin blandit fusce nibh leo vulputate lobortis egestas dapibus faucibus metus conubia maecenas cras potenti cum hac arcu rhoncus nullam eros dictum torquent integer cursus bibendum sem sociis molestie tellus purus</p><p>Quam fusce convallis ipsum malesuada amet velit aliquam urna nullam vehicula fermentum id morbi dis magnis porta sagittis euismod etiam</p><h4>HIGHLIGHTS</h4><ul><li>Visit the Museum of Modern Art in Manhattan</li><li>See amazing works of contemporary art, including Vincent van Gogh\'s The Starry Night</li><li>Check out Campbell\'s Soup Cans by Warhol and The Dance (I) by Matisse</li><li>Behold masterpieces by Gauguin, Dali, Picasso, and Pollock</li><li>Enjoy free audio guides available in English, French, German, Italian, Spanish, Portuguese</li></ul>', 72, 83, 1, 'Porte de Vanves', '51.517883', '-0.134314', 12, 0, '76,77,78,79,80,81,82', 'https://www.youtube.com/watch?v=UfEiKK-iX70', '[{\"title\":\"Check-in time?\",\"content\":\"As a rough guide, the check-in time is after 12 a.m. Let us know your arrival time in case you schedule and early check in we\\u2018ll do our best to have your room available.\"},{\"title\":\"Check-out time?\",\"content\":\"As a rough guide, the check-out time is before 12pm. If you plan a late check out kindly let us know your departure time, we\\u2019ll our best to satisfy your needs.\"},{\"title\":\"Is Reception open 24 hours?\",\"content\":\"Yes, Reception service is available 24 hours.\"},{\"title\":\"Which languages are spoken at Reception?\",\"content\":\"Italian, English, French, German and Spanish.\"},{\"title\":\"Can I leave my luggage?\",\"content\":\"Yes, we can look after your luggage. If at check in your room is not ready yet or in case of early check out after .We will store your luggage free of charge on your check-in and check-out days.\"},{\"title\":\"Internet connection?\",\"content\":\"A wireless internet connection is available throughout the hotel.\\r\\n\\r\\nThe guest rooms feature hi-speed web connectivity (both wireless and cabled).\"}]', '250.00', '0.00', 1, 0, 0, 6, 8, 2, 186, 1, '[{\"name\":\"Lawn garden\",\"price\":\"100\",\"type\":\"one_time\"},{\"name\":\"Clearning\",\"price\":\"100\",\"type\":\"one_time\"},{\"name\":\"Breakfasts\",\"price\":\"200\",\"type\":\"one_time\"}]', NULL, 'publish', 1, 1, NULL, NULL, '2022-07-24 01:33:41', '2022-07-24 01:33:42', '5.0', NULL, NULL, NULL, NULL, NULL, NULL),
(11, 'STAY GREENWICH VILLAGE', 'stay-greenwich-village', '<p>Libero sem vitae sed donec conubia integer nisi integer rhoncus imperdiet orci odio libero est integer a integer tincidunt sollicitudin blandit fusce nibh leo vulputate lobortis egestas dapibus faucibus metus conubia maecenas cras potenti cum hac arcu rhoncus nullam eros dictum torquent integer cursus bibendum sem sociis molestie tellus purus</p><p>Quam fusce convallis ipsum malesuada amet velit aliquam urna nullam vehicula fermentum id morbi dis magnis porta sagittis euismod etiam</p><h4>HIGHLIGHTS</h4><ul><li>Visit the Museum of Modern Art in Manhattan</li><li>See amazing works of contemporary art, including Vincent van Gogh\'s The Starry Night</li><li>Check out Campbell\'s Soup Cans by Warhol and The Dance (I) by Matisse</li><li>Behold masterpieces by Gauguin, Dali, Picasso, and Pollock</li><li>Enjoy free audio guides available in English, French, German, Italian, Spanish, Portuguese</li></ul>', 73, 84, 1, 'Porte de Vanves', '51.514892', '-0.176181', 12, 1, '76,77,78,79,80,81,82', 'https://www.youtube.com/watch?v=UfEiKK-iX70', '[{\"title\":\"Check-in time?\",\"content\":\"As a rough guide, the check-in time is after 12 a.m. Let us know your arrival time in case you schedule and early check in we\\u2018ll do our best to have your room available.\"},{\"title\":\"Check-out time?\",\"content\":\"As a rough guide, the check-out time is before 12pm. If you plan a late check out kindly let us know your departure time, we\\u2019ll our best to satisfy your needs.\"},{\"title\":\"Is Reception open 24 hours?\",\"content\":\"Yes, Reception service is available 24 hours.\"},{\"title\":\"Which languages are spoken at Reception?\",\"content\":\"Italian, English, French, German and Spanish.\"},{\"title\":\"Can I leave my luggage?\",\"content\":\"Yes, we can look after your luggage. If at check in your room is not ready yet or in case of early check out after .We will store your luggage free of charge on your check-in and check-out days.\"},{\"title\":\"Internet connection?\",\"content\":\"A wireless internet connection is available throughout the hotel.\\r\\n\\r\\nThe guest rooms feature hi-speed web connectivity (both wireless and cabled).\"}]', '300.00', '150.00', 1, 0, 0, 5, 3, 6, 146, 1, '[{\"name\":\"Lawn garden\",\"price\":\"100\",\"type\":\"one_time\"},{\"name\":\"Clearning\",\"price\":\"100\",\"type\":\"one_time\"},{\"name\":\"Breakfasts\",\"price\":\"200\",\"type\":\"one_time\"}]', NULL, 'publish', 1, 5, NULL, NULL, '2022-07-24 01:33:41', '2022-07-24 01:33:42', '4.7', NULL, NULL, NULL, NULL, NULL, NULL);

-- --------------------------------------------------------

--
-- Estructura de tabla para la tabla `bravo_space_dates`
--

CREATE TABLE `bravo_space_dates` (
  `id` bigint(20) UNSIGNED NOT NULL,
  `target_id` bigint(20) DEFAULT NULL,
  `start_date` timestamp NULL DEFAULT NULL,
  `end_date` timestamp NULL DEFAULT NULL,
  `price` decimal(12,2) DEFAULT NULL,
  `max_guests` tinyint(4) DEFAULT NULL,
  `active` tinyint(4) DEFAULT 0,
  `note_to_customer` text COLLATE utf8mb4_unicode_ci DEFAULT NULL,
  `note_to_admin` text COLLATE utf8mb4_unicode_ci DEFAULT NULL,
  `is_instant` tinyint(4) DEFAULT 0,
  `create_user` bigint(20) DEFAULT NULL,
  `update_user` bigint(20) DEFAULT NULL,
  `created_at` timestamp NULL DEFAULT NULL,
  `updated_at` timestamp NULL DEFAULT NULL
) ENGINE=InnoDB DEFAULT CHARSET=utf8mb4 COLLATE=utf8mb4_unicode_ci;

-- --------------------------------------------------------

--
-- Estructura de tabla para la tabla `bravo_space_term`
--

CREATE TABLE `bravo_space_term` (
  `id` bigint(20) UNSIGNED NOT NULL,
  `term_id` int(11) DEFAULT NULL,
  `target_id` int(11) DEFAULT NULL,
  `create_user` bigint(20) DEFAULT NULL,
  `update_user` bigint(20) DEFAULT NULL,
  `created_at` timestamp NULL DEFAULT NULL,
  `updated_at` timestamp NULL DEFAULT NULL
) ENGINE=InnoDB DEFAULT CHARSET=utf8mb4 COLLATE=utf8mb4_unicode_ci;

--
-- Volcado de datos para la tabla `bravo_space_term`
--

INSERT INTO `bravo_space_term` (`id`, `term_id`, `target_id`, `create_user`, `update_user`, `created_at`, `updated_at`) VALUES
(1, 15, 1, NULL, NULL, '2022-07-24 01:33:42', '2022-07-24 01:33:42'),
(2, 16, 1, NULL, NULL, '2022-07-24 01:33:42', '2022-07-24 01:33:42'),
(3, 17, 1, NULL, NULL, '2022-07-24 01:33:42', '2022-07-24 01:33:42'),
(4, 19, 1, NULL, NULL, '2022-07-24 01:33:42', '2022-07-24 01:33:42'),
(5, 20, 1, NULL, NULL, '2022-07-24 01:33:42', '2022-07-24 01:33:42'),
(6, 21, 1, NULL, NULL, '2022-07-24 01:33:42', '2022-07-24 01:33:42'),
(7, 22, 1, NULL, NULL, '2022-07-24 01:33:42', '2022-07-24 01:33:42'),
(8, 25, 1, NULL, NULL, '2022-07-24 01:33:42', '2022-07-24 01:33:42'),
(9, 26, 1, NULL, NULL, '2022-07-24 01:33:42', '2022-07-24 01:33:42'),
(10, 27, 1, NULL, NULL, '2022-07-24 01:33:42', '2022-07-24 01:33:42'),
(11, 28, 1, NULL, NULL, '2022-07-24 01:33:42', '2022-07-24 01:33:42'),
(12, 29, 1, NULL, NULL, '2022-07-24 01:33:42', '2022-07-24 01:33:42'),
(13, 30, 1, NULL, NULL, '2022-07-24 01:33:42', '2022-07-24 01:33:42'),
(14, 31, 1, NULL, NULL, '2022-07-24 01:33:42', '2022-07-24 01:33:42'),
(15, 17, 2, NULL, NULL, '2022-07-24 01:33:42', '2022-07-24 01:33:42'),
(16, 18, 2, NULL, NULL, '2022-07-24 01:33:42', '2022-07-24 01:33:42'),
(17, 20, 2, NULL, NULL, '2022-07-24 01:33:42', '2022-07-24 01:33:42'),
(18, 21, 2, NULL, NULL, '2022-07-24 01:33:42', '2022-07-24 01:33:42'),
(19, 23, 2, NULL, NULL, '2022-07-24 01:33:42', '2022-07-24 01:33:42'),
(20, 24, 2, NULL, NULL, '2022-07-24 01:33:42', '2022-07-24 01:33:42'),
(21, 25, 2, NULL, NULL, '2022-07-24 01:33:42', '2022-07-24 01:33:42'),
(22, 26, 2, NULL, NULL, '2022-07-24 01:33:42', '2022-07-24 01:33:42'),
(23, 27, 2, NULL, NULL, '2022-07-24 01:33:42', '2022-07-24 01:33:42'),
(24, 28, 2, NULL, NULL, '2022-07-24 01:33:42', '2022-07-24 01:33:42'),
(25, 29, 2, NULL, NULL, '2022-07-24 01:33:42', '2022-07-24 01:33:42'),
(26, 30, 2, NULL, NULL, '2022-07-24 01:33:42', '2022-07-24 01:33:42'),
(27, 31, 2, NULL, NULL, '2022-07-24 01:33:42', '2022-07-24 01:33:42'),
(28, 15, 3, NULL, NULL, '2022-07-24 01:33:42', '2022-07-24 01:33:42'),
(29, 17, 3, NULL, NULL, '2022-07-24 01:33:42', '2022-07-24 01:33:42'),
(30, 18, 3, NULL, NULL, '2022-07-24 01:33:42', '2022-07-24 01:33:42'),
(31, 19, 3, NULL, NULL, '2022-07-24 01:33:42', '2022-07-24 01:33:42'),
(32, 20, 3, NULL, NULL, '2022-07-24 01:33:42', '2022-07-24 01:33:42'),
(33, 21, 3, NULL, NULL, '2022-07-24 01:33:42', '2022-07-24 01:33:42'),
(34, 22, 3, NULL, NULL, '2022-07-24 01:33:42', '2022-07-24 01:33:42'),
(35, 23, 3, NULL, NULL, '2022-07-24 01:33:42', '2022-07-24 01:33:42'),
(36, 24, 3, NULL, NULL, '2022-07-24 01:33:42', '2022-07-24 01:33:42'),
(37, 25, 3, NULL, NULL, '2022-07-24 01:33:42', '2022-07-24 01:33:42'),
(38, 26, 3, NULL, NULL, '2022-07-24 01:33:42', '2022-07-24 01:33:42'),
(39, 27, 3, NULL, NULL, '2022-07-24 01:33:42', '2022-07-24 01:33:42'),
(40, 28, 3, NULL, NULL, '2022-07-24 01:33:42', '2022-07-24 01:33:42'),
(41, 29, 3, NULL, NULL, '2022-07-24 01:33:42', '2022-07-24 01:33:42'),
(42, 31, 3, NULL, NULL, '2022-07-24 01:33:42', '2022-07-24 01:33:42'),
(43, 15, 4, NULL, NULL, '2022-07-24 01:33:42', '2022-07-24 01:33:42'),
(44, 16, 4, NULL, NULL, '2022-07-24 01:33:42', '2022-07-24 01:33:42'),
(45, 17, 4, NULL, NULL, '2022-07-24 01:33:42', '2022-07-24 01:33:42'),
(46, 18, 4, NULL, NULL, '2022-07-24 01:33:42', '2022-07-24 01:33:42'),
(47, 19, 4, NULL, NULL, '2022-07-24 01:33:42', '2022-07-24 01:33:42'),
(48, 20, 4, NULL, NULL, '2022-07-24 01:33:42', '2022-07-24 01:33:42'),
(49, 23, 4, NULL, NULL, '2022-07-24 01:33:42', '2022-07-24 01:33:42'),
(50, 24, 4, NULL, NULL, '2022-07-24 01:33:42', '2022-07-24 01:33:42'),
(51, 27, 4, NULL, NULL, '2022-07-24 01:33:42', '2022-07-24 01:33:42'),
(52, 28, 4, NULL, NULL, '2022-07-24 01:33:42', '2022-07-24 01:33:42'),
(53, 29, 4, NULL, NULL, '2022-07-24 01:33:42', '2022-07-24 01:33:42'),
(54, 30, 4, NULL, NULL, '2022-07-24 01:33:42', '2022-07-24 01:33:42'),
(55, 15, 5, NULL, NULL, '2022-07-24 01:33:42', '2022-07-24 01:33:42'),
(56, 16, 5, NULL, NULL, '2022-07-24 01:33:42', '2022-07-24 01:33:42'),
(57, 18, 5, NULL, NULL, '2022-07-24 01:33:42', '2022-07-24 01:33:42'),
(58, 19, 5, NULL, NULL, '2022-07-24 01:33:42', '2022-07-24 01:33:42'),
(59, 20, 5, NULL, NULL, '2022-07-24 01:33:42', '2022-07-24 01:33:42'),
(60, 21, 5, NULL, NULL, '2022-07-24 01:33:42', '2022-07-24 01:33:42'),
(61, 22, 5, NULL, NULL, '2022-07-24 01:33:42', '2022-07-24 01:33:42'),
(62, 23, 5, NULL, NULL, '2022-07-24 01:33:42', '2022-07-24 01:33:42'),
(63, 24, 5, NULL, NULL, '2022-07-24 01:33:42', '2022-07-24 01:33:42'),
(64, 26, 5, NULL, NULL, '2022-07-24 01:33:42', '2022-07-24 01:33:42'),
(65, 27, 5, NULL, NULL, '2022-07-24 01:33:42', '2022-07-24 01:33:42'),
(66, 28, 5, NULL, NULL, '2022-07-24 01:33:42', '2022-07-24 01:33:42'),
(67, 29, 5, NULL, NULL, '2022-07-24 01:33:42', '2022-07-24 01:33:42'),
(68, 31, 5, NULL, NULL, '2022-07-24 01:33:42', '2022-07-24 01:33:42'),
(69, 15, 6, NULL, NULL, '2022-07-24 01:33:42', '2022-07-24 01:33:42'),
(70, 16, 6, NULL, NULL, '2022-07-24 01:33:42', '2022-07-24 01:33:42'),
(71, 17, 6, NULL, NULL, '2022-07-24 01:33:42', '2022-07-24 01:33:42'),
(72, 18, 6, NULL, NULL, '2022-07-24 01:33:42', '2022-07-24 01:33:42'),
(73, 19, 6, NULL, NULL, '2022-07-24 01:33:42', '2022-07-24 01:33:42'),
(74, 20, 6, NULL, NULL, '2022-07-24 01:33:42', '2022-07-24 01:33:42'),
(75, 21, 6, NULL, NULL, '2022-07-24 01:33:42', '2022-07-24 01:33:42'),
(76, 22, 6, NULL, NULL, '2022-07-24 01:33:42', '2022-07-24 01:33:42'),
(77, 23, 6, NULL, NULL, '2022-07-24 01:33:42', '2022-07-24 01:33:42'),
(78, 25, 6, NULL, NULL, '2022-07-24 01:33:42', '2022-07-24 01:33:42'),
(79, 26, 6, NULL, NULL, '2022-07-24 01:33:42', '2022-07-24 01:33:42'),
(80, 27, 6, NULL, NULL, '2022-07-24 01:33:42', '2022-07-24 01:33:42'),
(81, 28, 6, NULL, NULL, '2022-07-24 01:33:42', '2022-07-24 01:33:42'),
(82, 29, 6, NULL, NULL, '2022-07-24 01:33:42', '2022-07-24 01:33:42'),
(83, 30, 6, NULL, NULL, '2022-07-24 01:33:42', '2022-07-24 01:33:42'),
(84, 31, 6, NULL, NULL, '2022-07-24 01:33:42', '2022-07-24 01:33:42'),
(85, 15, 7, NULL, NULL, '2022-07-24 01:33:42', '2022-07-24 01:33:42'),
(86, 16, 7, NULL, NULL, '2022-07-24 01:33:42', '2022-07-24 01:33:42'),
(87, 17, 7, NULL, NULL, '2022-07-24 01:33:42', '2022-07-24 01:33:42'),
(88, 18, 7, NULL, NULL, '2022-07-24 01:33:42', '2022-07-24 01:33:42'),
(89, 19, 7, NULL, NULL, '2022-07-24 01:33:42', '2022-07-24 01:33:42'),
(90, 20, 7, NULL, NULL, '2022-07-24 01:33:42', '2022-07-24 01:33:42'),
(91, 22, 7, NULL, NULL, '2022-07-24 01:33:42', '2022-07-24 01:33:42'),
(92, 23, 7, NULL, NULL, '2022-07-24 01:33:42', '2022-07-24 01:33:42'),
(93, 24, 7, NULL, NULL, '2022-07-24 01:33:42', '2022-07-24 01:33:42'),
(94, 25, 7, NULL, NULL, '2022-07-24 01:33:42', '2022-07-24 01:33:42'),
(95, 26, 7, NULL, NULL, '2022-07-24 01:33:42', '2022-07-24 01:33:42'),
(96, 27, 7, NULL, NULL, '2022-07-24 01:33:42', '2022-07-24 01:33:42'),
(97, 28, 7, NULL, NULL, '2022-07-24 01:33:42', '2022-07-24 01:33:42'),
(98, 29, 7, NULL, NULL, '2022-07-24 01:33:42', '2022-07-24 01:33:42'),
(99, 30, 7, NULL, NULL, '2022-07-24 01:33:42', '2022-07-24 01:33:42'),
(100, 31, 7, NULL, NULL, '2022-07-24 01:33:42', '2022-07-24 01:33:42'),
(101, 15, 8, NULL, NULL, '2022-07-24 01:33:42', '2022-07-24 01:33:42'),
(102, 16, 8, NULL, NULL, '2022-07-24 01:33:42', '2022-07-24 01:33:42'),
(103, 17, 8, NULL, NULL, '2022-07-24 01:33:42', '2022-07-24 01:33:42'),
(104, 19, 8, NULL, NULL, '2022-07-24 01:33:42', '2022-07-24 01:33:42'),
(105, 20, 8, NULL, NULL, '2022-07-24 01:33:42', '2022-07-24 01:33:42'),
(106, 21, 8, NULL, NULL, '2022-07-24 01:33:42', '2022-07-24 01:33:42'),
(107, 22, 8, NULL, NULL, '2022-07-24 01:33:42', '2022-07-24 01:33:42'),
(108, 23, 8, NULL, NULL, '2022-07-24 01:33:42', '2022-07-24 01:33:42'),
(109, 24, 8, NULL, NULL, '2022-07-24 01:33:42', '2022-07-24 01:33:42'),
(110, 25, 8, NULL, NULL, '2022-07-24 01:33:42', '2022-07-24 01:33:42'),
(111, 27, 8, NULL, NULL, '2022-07-24 01:33:42', '2022-07-24 01:33:42'),
(112, 28, 8, NULL, NULL, '2022-07-24 01:33:42', '2022-07-24 01:33:42'),
(113, 29, 8, NULL, NULL, '2022-07-24 01:33:42', '2022-07-24 01:33:42'),
(114, 30, 8, NULL, NULL, '2022-07-24 01:33:42', '2022-07-24 01:33:42'),
(115, 31, 8, NULL, NULL, '2022-07-24 01:33:42', '2022-07-24 01:33:42'),
(116, 15, 9, NULL, NULL, '2022-07-24 01:33:42', '2022-07-24 01:33:42'),
(117, 16, 9, NULL, NULL, '2022-07-24 01:33:42', '2022-07-24 01:33:42'),
(118, 17, 9, NULL, NULL, '2022-07-24 01:33:42', '2022-07-24 01:33:42'),
(119, 20, 9, NULL, NULL, '2022-07-24 01:33:42', '2022-07-24 01:33:42'),
(120, 21, 9, NULL, NULL, '2022-07-24 01:33:42', '2022-07-24 01:33:42'),
(121, 23, 9, NULL, NULL, '2022-07-24 01:33:42', '2022-07-24 01:33:42'),
(122, 24, 9, NULL, NULL, '2022-07-24 01:33:42', '2022-07-24 01:33:42'),
(123, 25, 9, NULL, NULL, '2022-07-24 01:33:42', '2022-07-24 01:33:42'),
(124, 26, 9, NULL, NULL, '2022-07-24 01:33:42', '2022-07-24 01:33:42'),
(125, 27, 9, NULL, NULL, '2022-07-24 01:33:42', '2022-07-24 01:33:42'),
(126, 28, 9, NULL, NULL, '2022-07-24 01:33:42', '2022-07-24 01:33:42'),
(127, 30, 9, NULL, NULL, '2022-07-24 01:33:42', '2022-07-24 01:33:42'),
(128, 31, 9, NULL, NULL, '2022-07-24 01:33:42', '2022-07-24 01:33:42'),
(129, 15, 10, NULL, NULL, '2022-07-24 01:33:42', '2022-07-24 01:33:42'),
(130, 16, 10, NULL, NULL, '2022-07-24 01:33:42', '2022-07-24 01:33:42'),
(131, 17, 10, NULL, NULL, '2022-07-24 01:33:42', '2022-07-24 01:33:42'),
(132, 19, 10, NULL, NULL, '2022-07-24 01:33:42', '2022-07-24 01:33:42'),
(133, 20, 10, NULL, NULL, '2022-07-24 01:33:42', '2022-07-24 01:33:42'),
(134, 21, 10, NULL, NULL, '2022-07-24 01:33:42', '2022-07-24 01:33:42'),
(135, 22, 10, NULL, NULL, '2022-07-24 01:33:42', '2022-07-24 01:33:42'),
(136, 23, 10, NULL, NULL, '2022-07-24 01:33:42', '2022-07-24 01:33:42'),
(137, 25, 10, NULL, NULL, '2022-07-24 01:33:42', '2022-07-24 01:33:42'),
(138, 26, 10, NULL, NULL, '2022-07-24 01:33:42', '2022-07-24 01:33:42'),
(139, 27, 10, NULL, NULL, '2022-07-24 01:33:42', '2022-07-24 01:33:42'),
(140, 28, 10, NULL, NULL, '2022-07-24 01:33:42', '2022-07-24 01:33:42'),
(141, 29, 10, NULL, NULL, '2022-07-24 01:33:42', '2022-07-24 01:33:42'),
(142, 30, 10, NULL, NULL, '2022-07-24 01:33:42', '2022-07-24 01:33:42'),
(143, 31, 10, NULL, NULL, '2022-07-24 01:33:42', '2022-07-24 01:33:42'),
(144, 15, 11, NULL, NULL, '2022-07-24 01:33:42', '2022-07-24 01:33:42'),
(145, 16, 11, NULL, NULL, '2022-07-24 01:33:42', '2022-07-24 01:33:42'),
(146, 17, 11, NULL, NULL, '2022-07-24 01:33:42', '2022-07-24 01:33:42'),
(147, 18, 11, NULL, NULL, '2022-07-24 01:33:42', '2022-07-24 01:33:42'),
(148, 19, 11, NULL, NULL, '2022-07-24 01:33:42', '2022-07-24 01:33:42'),
(149, 20, 11, NULL, NULL, '2022-07-24 01:33:42', '2022-07-24 01:33:42'),
(150, 21, 11, NULL, NULL, '2022-07-24 01:33:42', '2022-07-24 01:33:42'),
(151, 22, 11, NULL, NULL, '2022-07-24 01:33:42', '2022-07-24 01:33:42'),
(152, 23, 11, NULL, NULL, '2022-07-24 01:33:42', '2022-07-24 01:33:42'),
(153, 24, 11, NULL, NULL, '2022-07-24 01:33:42', '2022-07-24 01:33:42'),
(154, 25, 11, NULL, NULL, '2022-07-24 01:33:42', '2022-07-24 01:33:42'),
(155, 26, 11, NULL, NULL, '2022-07-24 01:33:42', '2022-07-24 01:33:42'),
(156, 27, 11, NULL, NULL, '2022-07-24 01:33:42', '2022-07-24 01:33:42'),
(157, 28, 11, NULL, NULL, '2022-07-24 01:33:42', '2022-07-24 01:33:42'),
(158, 29, 11, NULL, NULL, '2022-07-24 01:33:42', '2022-07-24 01:33:42'),
(159, 30, 11, NULL, NULL, '2022-07-24 01:33:42', '2022-07-24 01:33:42'),
(160, 31, 11, NULL, NULL, '2022-07-24 01:33:42', '2022-07-24 01:33:42');

-- --------------------------------------------------------

--
-- Estructura de tabla para la tabla `bravo_space_translations`
--

CREATE TABLE `bravo_space_translations` (
  `id` bigint(20) UNSIGNED NOT NULL,
  `origin_id` int(10) UNSIGNED NOT NULL,
  `locale` varchar(191) COLLATE utf8mb4_unicode_ci NOT NULL,
  `title` varchar(255) COLLATE utf8mb4_unicode_ci DEFAULT NULL,
  `content` text COLLATE utf8mb4_unicode_ci DEFAULT NULL,
  `faqs` text COLLATE utf8mb4_unicode_ci DEFAULT NULL,
  `address` varchar(255) COLLATE utf8mb4_unicode_ci DEFAULT NULL,
  `create_user` bigint(20) DEFAULT NULL,
  `update_user` bigint(20) DEFAULT NULL,
  `deleted_at` timestamp NULL DEFAULT NULL,
  `created_at` timestamp NULL DEFAULT NULL,
  `updated_at` timestamp NULL DEFAULT NULL,
  `surrounding` text COLLATE utf8mb4_unicode_ci DEFAULT NULL
) ENGINE=InnoDB DEFAULT CHARSET=utf8mb4 COLLATE=utf8mb4_unicode_ci;

-- --------------------------------------------------------

--
-- Estructura de tabla para la tabla `bravo_terms`
--

CREATE TABLE `bravo_terms` (
  `id` bigint(20) UNSIGNED NOT NULL,
  `name` varchar(255) COLLATE utf8mb4_unicode_ci DEFAULT NULL,
  `content` text COLLATE utf8mb4_unicode_ci DEFAULT NULL,
  `attr_id` int(11) DEFAULT NULL,
  `slug` varchar(255) COLLATE utf8mb4_unicode_ci DEFAULT NULL,
  `create_user` bigint(20) DEFAULT NULL,
  `update_user` bigint(20) DEFAULT NULL,
  `origin_id` bigint(20) DEFAULT NULL,
  `lang` varchar(10) COLLATE utf8mb4_unicode_ci DEFAULT NULL,
  `created_at` timestamp NULL DEFAULT NULL,
  `updated_at` timestamp NULL DEFAULT NULL,
  `deleted_at` timestamp NULL DEFAULT NULL,
  `image_id` int(11) DEFAULT NULL,
  `icon` varchar(50) COLLATE utf8mb4_unicode_ci DEFAULT NULL
) ENGINE=InnoDB DEFAULT CHARSET=utf8mb4 COLLATE=utf8mb4_unicode_ci;

--
-- Volcado de datos para la tabla `bravo_terms`
--

INSERT INTO `bravo_terms` (`id`, `name`, `content`, `attr_id`, `slug`, `create_user`, `update_user`, `origin_id`, `lang`, `created_at`, `updated_at`, `deleted_at`, `image_id`, `icon`) VALUES
(1, 'Cultural', NULL, 1, 'cultural', NULL, NULL, NULL, NULL, '2022-07-24 01:33:41', '2022-07-24 01:33:41', NULL, NULL, NULL),
(2, 'Nature & Adventure', NULL, 1, 'nature-adventure', NULL, NULL, NULL, NULL, '2022-07-24 01:33:41', '2022-07-24 01:33:41', NULL, NULL, NULL),
(3, 'Marine', NULL, 1, 'marine', NULL, NULL, NULL, NULL, '2022-07-24 01:33:41', '2022-07-24 01:33:41', NULL, NULL, NULL),
(4, 'Independent', NULL, 1, 'independent', NULL, NULL, NULL, NULL, '2022-07-24 01:33:41', '2022-07-24 01:33:41', NULL, NULL, NULL),
(5, 'Activities', NULL, 1, 'activities', NULL, NULL, NULL, NULL, '2022-07-24 01:33:41', '2022-07-24 01:33:41', NULL, NULL, NULL),
(6, 'Festival & Events', NULL, 1, 'festival-events', NULL, NULL, NULL, NULL, '2022-07-24 01:33:41', '2022-07-24 01:33:41', NULL, NULL, NULL),
(7, 'Special Interest', NULL, 1, 'special-interest', NULL, NULL, NULL, NULL, '2022-07-24 01:33:41', '2022-07-24 01:33:41', NULL, NULL, NULL),
(8, 'Wifi', NULL, 2, 'wifi', NULL, NULL, NULL, NULL, '2022-07-24 01:33:41', '2022-07-24 01:33:41', NULL, NULL, NULL),
(9, 'Gymnasium', NULL, 2, 'gymnasium', NULL, NULL, NULL, NULL, '2022-07-24 01:33:41', '2022-07-24 01:33:41', NULL, NULL, NULL),
(10, 'Mountain Bike', NULL, 2, 'mountain-bike', NULL, NULL, NULL, NULL, '2022-07-24 01:33:41', '2022-07-24 01:33:41', NULL, NULL, NULL),
(11, 'Satellite Office', NULL, 2, 'satellite-office', NULL, NULL, NULL, NULL, '2022-07-24 01:33:41', '2022-07-24 01:33:41', NULL, NULL, NULL),
(12, 'Staff Lounge', NULL, 2, 'staff-lounge', NULL, NULL, NULL, NULL, '2022-07-24 01:33:41', '2022-07-24 01:33:41', NULL, NULL, NULL),
(13, 'Golf Cages', NULL, 2, 'golf-cages', NULL, NULL, NULL, NULL, '2022-07-24 01:33:41', '2022-07-24 01:33:41', NULL, NULL, NULL),
(14, 'Aerobics Room', NULL, 2, 'aerobics-room', NULL, NULL, NULL, NULL, '2022-07-24 01:33:41', '2022-07-24 01:33:41', NULL, NULL, NULL),
(15, 'Auditorium', NULL, 3, 'auditorium', NULL, NULL, NULL, NULL, '2022-07-24 01:33:42', '2022-07-24 01:33:42', NULL, NULL, NULL),
(16, 'Bar', NULL, 3, 'bar', NULL, NULL, NULL, NULL, '2022-07-24 01:33:42', '2022-07-24 01:33:42', NULL, NULL, NULL),
(17, 'Cafe', NULL, 3, 'cafe', NULL, NULL, NULL, NULL, '2022-07-24 01:33:42', '2022-07-24 01:33:42', NULL, NULL, NULL),
(18, 'Ballroom', NULL, 3, 'ballroom', NULL, NULL, NULL, NULL, '2022-07-24 01:33:42', '2022-07-24 01:33:42', NULL, NULL, NULL),
(19, 'Dance Studio', NULL, 3, 'dance-studio', NULL, NULL, NULL, NULL, '2022-07-24 01:33:42', '2022-07-24 01:33:42', NULL, NULL, NULL),
(20, 'Office', NULL, 3, 'office', NULL, NULL, NULL, NULL, '2022-07-24 01:33:42', '2022-07-24 01:33:42', NULL, NULL, NULL),
(21, 'Party Hall', NULL, 3, 'party-hall', NULL, NULL, NULL, NULL, '2022-07-24 01:33:42', '2022-07-24 01:33:42', NULL, NULL, NULL),
(22, 'Recording Studio', NULL, 3, 'recording-studio', NULL, NULL, NULL, NULL, '2022-07-24 01:33:42', '2022-07-24 01:33:42', NULL, NULL, NULL),
(23, 'Yoga Studio', NULL, 3, 'yoga-studio', NULL, NULL, NULL, NULL, '2022-07-24 01:33:42', '2022-07-24 01:33:42', NULL, NULL, NULL),
(24, 'Villa', NULL, 3, 'villa', NULL, NULL, NULL, NULL, '2022-07-24 01:33:42', '2022-07-24 01:33:42', NULL, NULL, NULL),
(25, 'Warehouse', NULL, 3, 'warehouse', NULL, NULL, NULL, NULL, '2022-07-24 01:33:42', '2022-07-24 01:33:42', NULL, NULL, NULL),
(26, 'Air Conditioning', NULL, 4, 'air-conditioning', NULL, NULL, NULL, NULL, '2022-07-24 01:33:42', '2022-07-24 01:33:42', NULL, 86, NULL),
(27, 'Breakfast', NULL, 4, 'breakfast', NULL, NULL, NULL, NULL, '2022-07-24 01:33:42', '2022-07-24 01:33:42', NULL, 87, NULL),
(28, 'Kitchen', NULL, 4, 'kitchen', NULL, NULL, NULL, NULL, '2022-07-24 01:33:42', '2022-07-24 01:33:42', NULL, 88, NULL),
(29, 'Parking', NULL, 4, 'parking', NULL, NULL, NULL, NULL, '2022-07-24 01:33:42', '2022-07-24 01:33:42', NULL, 89, NULL),
(30, 'Pool', NULL, 4, 'pool', NULL, NULL, NULL, NULL, '2022-07-24 01:33:42', '2022-07-24 01:33:42', NULL, 90, NULL),
(31, 'Wi-Fi Internet', NULL, 4, 'wi-fi-internet', NULL, NULL, NULL, NULL, '2022-07-24 01:33:42', '2022-07-24 01:33:42', NULL, 91, NULL),
(32, 'Apartments', NULL, 5, 'apartments', NULL, NULL, NULL, NULL, '2022-07-24 01:33:43', '2022-07-24 01:33:43', NULL, NULL, NULL),
(33, 'Hotels', NULL, 5, 'hotels', NULL, NULL, NULL, NULL, '2022-07-24 01:33:43', '2022-07-24 01:33:43', NULL, NULL, NULL),
(34, 'Homestays', NULL, 5, 'homestays', NULL, NULL, NULL, NULL, '2022-07-24 01:33:43', '2022-07-24 01:33:43', NULL, NULL, NULL),
(35, 'Villas', NULL, 5, 'villas', NULL, NULL, NULL, NULL, '2022-07-24 01:33:43', '2022-07-24 01:33:43', NULL, NULL, NULL),
(36, 'Boats', NULL, 5, 'boats', NULL, NULL, NULL, NULL, '2022-07-24 01:33:43', '2022-07-24 01:33:43', NULL, NULL, NULL),
(37, 'Motels', NULL, 5, 'motels', NULL, NULL, NULL, NULL, '2022-07-24 01:33:43', '2022-07-24 01:33:43', NULL, NULL, NULL),
(38, 'Resorts', NULL, 5, 'resorts', NULL, NULL, NULL, NULL, '2022-07-24 01:33:43', '2022-07-24 01:33:43', NULL, NULL, NULL),
(39, 'Lodges', NULL, 5, 'lodges', NULL, NULL, NULL, NULL, '2022-07-24 01:33:43', '2022-07-24 01:33:43', NULL, NULL, NULL),
(40, 'Holiday homes', NULL, 5, 'holiday-homes', NULL, NULL, NULL, NULL, '2022-07-24 01:33:43', '2022-07-24 01:33:43', NULL, NULL, NULL),
(41, 'Cruises', NULL, 5, 'cruises', NULL, NULL, NULL, NULL, '2022-07-24 01:33:43', '2022-07-24 01:33:43', NULL, NULL, NULL),
(42, 'Wake-up call', NULL, 6, 'wake-up-call', NULL, NULL, NULL, NULL, '2022-07-24 01:33:43', '2022-07-24 01:33:43', NULL, NULL, 'icofont-wall-clock'),
(43, 'Car hire', NULL, 6, 'car-hire', NULL, NULL, NULL, NULL, '2022-07-24 01:33:43', '2022-07-24 01:33:43', NULL, NULL, 'icofont-car-alt-3'),
(44, 'Bicycle hire', NULL, 6, 'bicycle-hire', NULL, NULL, NULL, NULL, '2022-07-24 01:33:43', '2022-07-24 01:33:43', NULL, NULL, 'icofont-bicycle-alt-2'),
(45, 'Flat Tv', NULL, 6, 'flat-tv', NULL, NULL, NULL, NULL, '2022-07-24 01:33:43', '2022-07-24 01:33:43', NULL, NULL, 'icofont-imac'),
(46, 'Laundry and dry cleaning', NULL, 6, 'laundry-and-dry-cleaning', NULL, NULL, NULL, NULL, '2022-07-24 01:33:43', '2022-07-24 01:33:43', NULL, NULL, 'icofont-recycle-alt'),
(47, 'Internet – Wifi', NULL, 6, 'internet-wifi', NULL, NULL, NULL, NULL, '2022-07-24 01:33:43', '2022-07-24 01:33:43', NULL, NULL, 'icofont-wifi-alt'),
(48, 'Coffee and tea', NULL, 6, 'coffee-and-tea', NULL, NULL, NULL, NULL, '2022-07-24 01:33:43', '2022-07-24 01:33:43', NULL, NULL, 'icofont-tea'),
(49, 'Havana Lobby bar', NULL, 7, 'havana-lobby-bar', NULL, NULL, NULL, NULL, '2022-07-24 01:33:43', '2022-07-24 01:33:43', NULL, NULL, NULL),
(50, 'Fiesta Restaurant', NULL, 7, 'fiesta-restaurant', NULL, NULL, NULL, NULL, '2022-07-24 01:33:43', '2022-07-24 01:33:43', NULL, NULL, NULL),
(51, 'Hotel transport services', NULL, 7, 'hotel-transport-services', NULL, NULL, NULL, NULL, '2022-07-24 01:33:43', '2022-07-24 01:33:43', NULL, NULL, NULL),
(52, 'Free luggage deposit', NULL, 7, 'free-luggage-deposit', NULL, NULL, NULL, NULL, '2022-07-24 01:33:43', '2022-07-24 01:33:43', NULL, NULL, NULL),
(53, 'Laundry Services', NULL, 7, 'laundry-services', NULL, NULL, NULL, NULL, '2022-07-24 01:33:43', '2022-07-24 01:33:43', NULL, NULL, NULL),
(54, 'Pets welcome', NULL, 7, 'pets-welcome', NULL, NULL, NULL, NULL, '2022-07-24 01:33:43', '2022-07-24 01:33:43', NULL, NULL, NULL),
(55, 'Tickets', NULL, 7, 'tickets', NULL, NULL, NULL, NULL, '2022-07-24 01:33:43', '2022-07-24 01:33:43', NULL, NULL, NULL),
(56, 'Wake-up call', NULL, 8, 'wake-up-call-1', NULL, NULL, NULL, NULL, '2022-07-24 01:33:44', '2022-07-24 01:33:44', NULL, NULL, 'icofont-wall-clock'),
(57, 'Flat Tv', NULL, 8, 'flat-tv-1', NULL, NULL, NULL, NULL, '2022-07-24 01:33:44', '2022-07-24 01:33:44', NULL, NULL, 'icofont-imac'),
(58, 'Laundry and dry cleaning', NULL, 8, 'laundry-and-dry-cleaning-1', NULL, NULL, NULL, NULL, '2022-07-24 01:33:44', '2022-07-24 01:33:44', NULL, NULL, 'icofont-recycle-alt'),
(59, 'Internet – Wifi', NULL, 8, 'internet-wifi-1', NULL, NULL, NULL, NULL, '2022-07-24 01:33:44', '2022-07-24 01:33:44', NULL, NULL, 'icofont-wifi-alt'),
(60, 'Coffee and tea', NULL, 8, 'coffee-and-tea-1', NULL, NULL, NULL, NULL, '2022-07-24 01:33:44', '2022-07-24 01:33:44', NULL, NULL, 'icofont-tea'),
(61, 'Convertibles', NULL, 9, 'convertibles', NULL, NULL, NULL, NULL, '2022-07-24 01:33:45', '2022-07-24 01:33:45', NULL, 123, NULL),
(62, 'Coupes', NULL, 9, 'coupes', NULL, NULL, NULL, NULL, '2022-07-24 01:33:45', '2022-07-24 01:33:45', NULL, 124, NULL),
(63, 'Hatchbacks', NULL, 9, 'hatchbacks', NULL, NULL, NULL, NULL, '2022-07-24 01:33:45', '2022-07-24 01:33:45', NULL, 125, NULL),
(64, 'Minivans', NULL, 9, 'minivans', NULL, NULL, NULL, NULL, '2022-07-24 01:33:45', '2022-07-24 01:33:45', NULL, 126, NULL),
(65, 'Sedan', NULL, 9, 'sedan', NULL, NULL, NULL, NULL, '2022-07-24 01:33:45', '2022-07-24 01:33:45', NULL, 127, NULL),
(66, 'SUVs', NULL, 9, 'suvs', NULL, NULL, NULL, NULL, '2022-07-24 01:33:45', '2022-07-24 01:33:45', NULL, 128, NULL),
(67, 'Trucks', NULL, 9, 'trucks', NULL, NULL, NULL, NULL, '2022-07-24 01:33:45', '2022-07-24 01:33:45', NULL, 129, NULL),
(68, 'Wagons', NULL, 9, 'wagons', NULL, NULL, NULL, NULL, '2022-07-24 01:33:45', '2022-07-24 01:33:45', NULL, 130, NULL),
(69, 'Airbag', NULL, 10, 'airbag', NULL, NULL, NULL, NULL, '2022-07-24 01:33:45', '2022-07-24 01:33:45', NULL, 136, NULL),
(70, 'FM Radio', NULL, 10, 'fm-radio', NULL, NULL, NULL, NULL, '2022-07-24 01:33:45', '2022-07-24 01:33:45', NULL, 137, NULL),
(71, 'Power Windows', NULL, 10, 'power-windows', NULL, NULL, NULL, NULL, '2022-07-24 01:33:45', '2022-07-24 01:33:45', NULL, 141, NULL),
(72, 'Sensor', NULL, 10, 'sensor', NULL, NULL, NULL, NULL, '2022-07-24 01:33:45', '2022-07-24 01:33:45', NULL, 138, NULL),
(73, 'Speed Km', NULL, 10, 'speed-km', NULL, NULL, NULL, NULL, '2022-07-24 01:33:45', '2022-07-24 01:33:45', NULL, 139, NULL),
(74, 'Steering Wheel', NULL, 10, 'steering-wheel', NULL, NULL, NULL, NULL, '2022-07-24 01:33:45', '2022-07-24 01:33:45', NULL, 140, NULL),
(75, 'Field Day', NULL, 11, 'field-day', NULL, NULL, NULL, NULL, '2022-07-24 01:33:47', '2022-07-24 01:33:47', NULL, NULL, NULL),
(76, 'Glastonbury', NULL, 11, 'glastonbury', NULL, NULL, NULL, NULL, '2022-07-24 01:33:47', '2022-07-24 01:33:47', NULL, NULL, NULL),
(77, 'Green Man', NULL, 11, 'green-man', NULL, NULL, NULL, NULL, '2022-07-24 01:33:47', '2022-07-24 01:33:47', NULL, NULL, NULL),
(78, 'Latitude', NULL, 11, 'latitude', NULL, NULL, NULL, NULL, '2022-07-24 01:33:47', '2022-07-24 01:33:47', NULL, NULL, NULL),
(79, 'Boomtown', NULL, 11, 'boomtown', NULL, NULL, NULL, NULL, '2022-07-24 01:33:47', '2022-07-24 01:33:47', NULL, NULL, NULL),
(80, 'Wilderness', NULL, 11, 'wilderness', NULL, NULL, NULL, NULL, '2022-07-24 01:33:47', '2022-07-24 01:33:47', NULL, NULL, NULL),
(81, 'Exit Festival', NULL, 11, 'exit-festival', NULL, NULL, NULL, NULL, '2022-07-24 01:33:47', '2022-07-24 01:33:47', NULL, NULL, NULL),
(82, 'Primavera Sound', NULL, 11, 'primavera-sound', NULL, NULL, NULL, NULL, '2022-07-24 01:33:47', '2022-07-24 01:33:47', NULL, NULL, NULL),
(83, 'Business', NULL, 12, 'business', NULL, NULL, NULL, NULL, '2022-07-24 01:33:48', '2022-07-24 01:33:48', NULL, NULL, NULL),
(84, 'First Class', NULL, 12, 'first-class', NULL, NULL, NULL, NULL, '2022-07-24 01:33:48', '2022-07-24 01:33:48', NULL, NULL, NULL),
(85, 'Economy', NULL, 12, 'economy', NULL, NULL, NULL, NULL, '2022-07-24 01:33:48', '2022-07-24 01:33:48', NULL, NULL, NULL),
(86, 'Premium Economy', NULL, 12, 'premium-economy', NULL, NULL, NULL, NULL, '2022-07-24 01:33:48', '2022-07-24 01:33:48', NULL, NULL, NULL),
(87, 'Inflight Dining', NULL, 13, 'inflight-dining', NULL, NULL, NULL, NULL, '2022-07-24 01:33:48', '2022-07-24 01:33:48', NULL, NULL, NULL),
(88, 'Music', NULL, 13, 'music', NULL, NULL, NULL, NULL, '2022-07-24 01:33:48', '2022-07-24 01:33:48', NULL, NULL, NULL),
(89, 'Sky Shopping', NULL, 13, 'sky-shopping', NULL, NULL, NULL, NULL, '2022-07-24 01:33:48', '2022-07-24 01:33:48', NULL, NULL, NULL),
(90, 'Seats & Cabin', NULL, 13, 'seats-cabin', NULL, NULL, NULL, NULL, '2022-07-24 01:33:48', '2022-07-24 01:33:48', NULL, NULL, NULL),
(91, 'Airboat', NULL, 14, 'airboat', NULL, NULL, NULL, NULL, '2022-07-24 01:33:49', '2022-07-24 01:33:49', NULL, NULL, NULL),
(92, 'Cabin cruiser', NULL, 14, 'cabin-cruiser', NULL, NULL, NULL, NULL, '2022-07-24 01:33:49', '2022-07-24 01:33:49', NULL, NULL, NULL),
(93, 'Cruise ship', NULL, 14, 'cruise-ship', NULL, NULL, NULL, NULL, '2022-07-24 01:33:49', '2022-07-24 01:33:49', NULL, NULL, NULL),
(94, 'Express cruiser', NULL, 14, 'express-cruiser', NULL, NULL, NULL, NULL, '2022-07-24 01:33:49', '2022-07-24 01:33:49', NULL, NULL, NULL),
(95, 'Electric boat', NULL, 14, 'electric-boat', NULL, NULL, NULL, NULL, '2022-07-24 01:33:49', '2022-07-24 01:33:49', NULL, NULL, NULL),
(96, 'Ferry', NULL, 14, 'ferry', NULL, NULL, NULL, NULL, '2022-07-24 01:33:49', '2022-07-24 01:33:49', NULL, NULL, NULL),
(97, 'Inflatable boat', NULL, 14, 'inflatable-boat', NULL, NULL, NULL, NULL, '2022-07-24 01:33:49', '2022-07-24 01:33:49', NULL, NULL, NULL),
(98, 'Jetboat', NULL, 14, 'jetboat', NULL, NULL, NULL, NULL, '2022-07-24 01:33:49', '2022-07-24 01:33:49', NULL, NULL, NULL),
(99, 'Events and Meetings', NULL, 15, 'events-and-meetings', NULL, NULL, NULL, NULL, '2022-07-24 01:33:50', '2022-07-24 01:33:50', NULL, NULL, NULL),
(100, 'Scuba Gear', NULL, 15, 'scuba-gear', NULL, NULL, NULL, NULL, '2022-07-24 01:33:50', '2022-07-24 01:33:50', NULL, NULL, NULL),
(101, 'Hot Tub/Jacuzzi on Deck', NULL, 15, 'hot-tubjacuzzi-on-deck', NULL, NULL, NULL, NULL, '2022-07-24 01:33:50', '2022-07-24 01:33:50', NULL, NULL, NULL),
(102, 'Sport Fishing', NULL, 15, 'sport-fishing', NULL, NULL, NULL, NULL, '2022-07-24 01:33:50', '2022-07-24 01:33:50', NULL, NULL, NULL),
(103, 'Speciality Classic Yacht', NULL, 15, 'speciality-classic-yacht', NULL, NULL, NULL, NULL, '2022-07-24 01:33:50', '2022-07-24 01:33:50', NULL, NULL, NULL),
(104, 'Gulet', NULL, 15, 'gulet', NULL, NULL, NULL, NULL, '2022-07-24 01:33:50', '2022-07-24 01:33:50', NULL, NULL, NULL);

-- --------------------------------------------------------

--
-- Estructura de tabla para la tabla `bravo_terms_translations`
--

CREATE TABLE `bravo_terms_translations` (
  `id` bigint(20) UNSIGNED NOT NULL,
  `origin_id` bigint(20) DEFAULT NULL,
  `locale` varchar(10) COLLATE utf8mb4_unicode_ci DEFAULT NULL,
  `name` varchar(255) COLLATE utf8mb4_unicode_ci DEFAULT NULL,
  `content` text COLLATE utf8mb4_unicode_ci DEFAULT NULL,
  `create_user` bigint(20) DEFAULT NULL,
  `update_user` bigint(20) DEFAULT NULL,
  `created_at` timestamp NULL DEFAULT NULL,
  `updated_at` timestamp NULL DEFAULT NULL
) ENGINE=InnoDB DEFAULT CHARSET=utf8mb4 COLLATE=utf8mb4_unicode_ci;

-- --------------------------------------------------------

--
-- Estructura de tabla para la tabla `bravo_tours`
--

CREATE TABLE `bravo_tours` (
  `id` bigint(20) UNSIGNED NOT NULL,
  `title` varchar(255) COLLATE utf8mb4_unicode_ci DEFAULT NULL,
  `slug` varchar(255) CHARACTER SET utf8 NOT NULL,
  `content` text COLLATE utf8mb4_unicode_ci DEFAULT NULL,
  `image_id` int(11) DEFAULT NULL,
  `banner_image_id` int(11) DEFAULT NULL,
  `short_desc` text COLLATE utf8mb4_unicode_ci DEFAULT NULL,
  `category_id` int(11) DEFAULT NULL,
  `location_id` int(11) DEFAULT NULL,
  `address` varchar(255) COLLATE utf8mb4_unicode_ci DEFAULT NULL,
  `map_lat` varchar(20) COLLATE utf8mb4_unicode_ci DEFAULT NULL,
  `map_lng` varchar(20) COLLATE utf8mb4_unicode_ci DEFAULT NULL,
  `map_zoom` int(11) DEFAULT NULL,
  `is_featured` tinyint(4) DEFAULT NULL,
  `gallery` varchar(255) COLLATE utf8mb4_unicode_ci DEFAULT NULL,
  `video` varchar(255) COLLATE utf8mb4_unicode_ci DEFAULT NULL,
  `price` decimal(12,2) DEFAULT NULL,
  `sale_price` decimal(12,2) DEFAULT NULL,
  `duration` int(11) DEFAULT NULL,
  `min_people` int(11) DEFAULT NULL,
  `max_people` int(11) DEFAULT NULL,
  `faqs` text COLLATE utf8mb4_unicode_ci DEFAULT NULL,
  `status` varchar(50) COLLATE utf8mb4_unicode_ci DEFAULT NULL,
  `publish_date` datetime DEFAULT NULL,
  `create_user` bigint(20) DEFAULT NULL,
  `update_user` bigint(20) DEFAULT NULL,
  `deleted_at` timestamp NULL DEFAULT NULL,
  `origin_id` bigint(20) DEFAULT NULL,
  `lang` varchar(10) COLLATE utf8mb4_unicode_ci DEFAULT NULL,
  `created_at` timestamp NULL DEFAULT NULL,
  `updated_at` timestamp NULL DEFAULT NULL,
  `default_state` tinyint(4) DEFAULT 1,
  `include` text COLLATE utf8mb4_unicode_ci DEFAULT NULL,
  `exclude` text COLLATE utf8mb4_unicode_ci DEFAULT NULL,
  `itinerary` text COLLATE utf8mb4_unicode_ci DEFAULT NULL,
  `review_score` decimal(2,1) DEFAULT NULL,
  `ical_import_url` varchar(191) COLLATE utf8mb4_unicode_ci DEFAULT NULL,
  `date_form_to` varchar(191) COLLATE utf8mb4_unicode_ci DEFAULT NULL,
  `min_age` varchar(191) COLLATE utf8mb4_unicode_ci DEFAULT NULL,
  `pickup` varchar(191) COLLATE utf8mb4_unicode_ci DEFAULT NULL,
  `wifi_available` tinyint(4) DEFAULT NULL,
  `enable_service_fee` tinyint(4) DEFAULT NULL,
  `service_fee` text COLLATE utf8mb4_unicode_ci DEFAULT NULL,
  `surrounding` text COLLATE utf8mb4_unicode_ci DEFAULT NULL,
  `min_day_before_booking` int(11) DEFAULT NULL
) ENGINE=InnoDB DEFAULT CHARSET=utf8mb4 COLLATE=utf8mb4_unicode_ci;

--
-- Volcado de datos para la tabla `bravo_tours`
--

INSERT INTO `bravo_tours` (`id`, `title`, `slug`, `content`, `image_id`, `banner_image_id`, `short_desc`, `category_id`, `location_id`, `address`, `map_lat`, `map_lng`, `map_zoom`, `is_featured`, `gallery`, `video`, `price`, `sale_price`, `duration`, `min_people`, `max_people`, `faqs`, `status`, `publish_date`, `create_user`, `update_user`, `deleted_at`, `origin_id`, `lang`, `created_at`, `updated_at`, `default_state`, `include`, `exclude`, `itinerary`, `review_score`, `ical_import_url`, `date_form_to`, `min_age`, `pickup`, `wifi_available`, `enable_service_fee`, `service_fee`, `surrounding`, `min_day_before_booking`) VALUES
(1, 'SALAR - LAGUNAS - VOLCAN THUNUPA', 'salar-lagunas-volcan-thunupa', '<p>Este Paquete consiste en un Tour de 4 d&iacute;as y 3 noches, en el que se realiza diferentes actividades</p>\r\n<h4>ACTIVIDADES A REALIZAR</h4>\r\n<ul>\r\n<li>Visita al cementerio de trenes</li>\r\n<li>Visita a Colchani donde se muestra el proceso de elaboraci&oacute;n de sal.</li>\r\n<li>Visita a Museo</li>\r\n</ul>', 279, 278, 'From the iconic to the unexpected, the city of San Francisco never ceases to surprise. Kick-start your effortlessly delivered Northern California holiday in the cosmopolitan hills of \'The City\'. Join your Travel Director and fellow travellers for a Welcome Reception at your hotel.Welcome Reception', 4, 1, 'Salar de uyuni', '-20.185784841758835', '-67.57013279599214', 8, NULL, '280,281,278,279,277,', 'https://www.youtube.com/watch?v=UfEiKK-iX70', '140.00', '129.00', 5, 1, 17, '[{\"title\":\"\\u00bfCu\\u00e1ndo y d\\u00f3nde termina el tour?\",\"content\":\"d\\u00eda 4, En los Geysers, aguas termales, desierto Salvador Dal\\u00ed, Lagunas Verde y Blanca al pie del Volcan Licancabur (parque nacional Eduardo Avaroa), transporte opcional a San Pedro de Atacama, finalmente retorno a Uyuni visitando el Valle de Rocas y el pueblo minero de San Cristobal llegando a la ciudad aproximadamente a hrs. 17:00 p.m.\"},{\"title\":\"\\u00bfCu\\u00e1ndo y d\\u00f3nde comienza el recorrido?\",\"content\":\"D\\u00eda 1, Salida de Uyuni a hrs. 10:30 a.m., visita al Cementerio de Trenes a 5 minutos de la ciudad luego visitamos el pueblo de Colchani para ver el proceso de la sal, tiendas con artesan\\u00edas y un peque\\u00f1o museo de sal, seguidamente visitamos el salar de Uyuni donde veremos los montones de sal, visita a los ojos del salar, hotel de sal Playa Blanca\"},{\"title\":\"\\u00bfOrganizan traslados al aeropuerto?\",\"content\":\"Los traslados al aeropuerto no est\\u00e1n incluidos en el precio de este tour, sin embargo, puede reservar un traslado de llegada con anticipaci\\u00f3n. En este caso, un representante del operador tur\\u00edstico estar\\u00e1 en el aeropuerto para recibirlo. Para organizar esto, comun\\u00edquese con nuestro equipo de servicio al cliente una vez que tenga una reserva confirmada.\"},{\"title\":\"Cual es el rango de edad?\",\"content\":\"This tour has an age range of 12-70 years old, this means children under the age of 12 will not be eligible to participate in this tour. However, if you are over 70 years please contact us as you may be eligible to join the tour if you fill out G Adventures self-assessment form.\"}]', 'publish', NULL, 1, 4, NULL, NULL, NULL, '2022-07-24 01:33:40', '2022-07-27 03:40:29', 1, '[{\"title\":\"Transporte en vagonetas Toyota Land Cruiser 4x4\"},{\"title\":\"Desayuno\"},{\"title\":\"Almuerzo\"},{\"title\":\"Cena\"},{\"title\":\"Equipo de primeros auxilios.\"}]', '[{\"title\":\"Servicios Adicionales\"},{\"title\":\"Entradas (Isla Incahuasi y Parque Nacional Eduardo Abaroa).\"},{\"title\":\"Guia locales\"},{\"title\":\"Extras (agua, snacks, bebidas, etc.)\"}]', '[{\"image_id\":\"277\",\"title\":\"D\\u00eda 1\",\"desc\":\"Cementerio de Trenes\",\"content\":\"Salida de Uyuni a hrs. 10:30 a.m., visita al Cementerio de Trenes a 5 minutos de la ciudad luego visitamos el pueblo de Colchani para ver el proceso de la sal, tiendas con artesan\\u00edas y un peque\\u00f1o museo de sal, seguidamente visitamos el salar de Uyuni donde veremos los montones de sal, visita a los ojos del salar, hotel de sal Playa Blanca (primer hotel de sal, museo), visita a la Isla Incahuasi (almuerzo) donde observaremos los hermosos cactus gigantes y ascenderemos hasta la cima de la Isla para contemplar el imponente Salar de Uyuni en su totalidad finalmente nos dirigimos a pernoctar hacia la peque\\u00f1a comunidad de Coquesa ubicada al pie del Volc\\u00e1n Tunupa.\"},{\"image_id\":\"279\",\"title\":\"D\\u00eda 2\",\"desc\":\"Volc\\u00e1n Tunupa\",\"content\":\"Salida a hrs. 05:30 a.m. para realizar la caminata y ascenso hacia la cima del Volc\\u00e1n Tunupa, en el trayecto podremos observar  los chullpares de momias pre-incaicas, luego retorno a Coquesa para el almuerzo y posteriormente nos dirigimos a pernoctar hacia la poblaci\\u00f3n de San Juan.\"},{\"image_id\":\"281\",\"title\":\"D\\u00eda 3\",\"desc\":\"Mirador\\/Ollague\",\"content\":\"Salida de San Juan a hrs. 08:30 a.m. despu\\u00e9s del desayuno hacia el mirador del volc\\u00e1n  semi-activo Ollague pasando previamente por el Salar de Chiguana, seguidamente visitaremos las lagunas peque\\u00f1as Ca\\u00f1apa, Hedionda, Honda y Chiarcota, (almuerzo), despu\\u00e9s seguimos en acenso hacia el desierto de Siloli para observar el Arbol de piedra y finalmente visitaremos la  Laguna Colorada (ingreso al Parque Nacional Eduardo Abaroa) y pernocte en hospedajes b\\u00e1sicos en el pueblito de Huyllajara (Laguna Colorada).\"},{\"image_id\":\"280\",\"title\":\"D\\u00eda 4\",\"desc\":\"Geysers\",\"content\":\"Salida de Huayllajara aproximadamente a hrs. 5:00 a.m. hacia los Geysers, aguas termales, desierto Salvador Dal\\u00ed, Lagunas Verde y Blanca al pie del Volcan Licancabur (parque nacional Eduardo Avaroa), transporte opcional a San Pedro de Atacama, finalmente retorno a Uyuni visitando el Valle de Rocas y el pueblo minero de San Cristobal llegando a la ciudad aproximadamente a hrs. 17:00 p.m.\"}]', '4.6', NULL, 'Enero a Diciembre  2022', '12+', 'Airpot', 1, NULL, NULL, NULL, NULL),
(3, 'Los Angeles to San Francisco Express ', 'los-angeles-to-san-francisco-express', '<p>Start and end in San Francisco! With the in-depth cultural tour Northern California Summer 2019, you have a 8 day tour package taking you through San Francisco, USA and 9 other destinations in USA. Northern California Summer 2019 includes accommodation as well as an expert guide, meals, transport and more.</p><h4>HIGHLIGHTS</h4><ul><li>Visit the Museum of Modern Art in Manhattan</li><li>See amazing works of contemporary art, including Vincent van Gogh\'s The Starry Night</li><li>Check out Campbell\'s Soup Cans by Warhol and The Dance (I) by Matisse</li><li>Behold masterpieces by Gauguin, Dali, Picasso, and Pollock</li><li>Enjoy free audio guides available in English, French, German, Italian, Spanish, Portuguese</li></ul>', 23, 46, 'From the iconic to the unexpected, the city of San Francisco never ceases to surprise. Kick-start your effortlessly delivered Northern California holiday in the cosmopolitan hills of \'The City\'. Join your Travel Director and fellow travellers for a Welcome Reception at your hotel.Welcome Reception', 3, 1, 'Petit-Montrouge', '48.884900', '2.346377', 12, 1, '37,38,39,40,41,42,43', 'https://www.youtube.com/watch?v=UfEiKK-iX70', '1500.00', '380.00', 2, 1, 13, '[{\"title\":\"When and where does the tour end?\",\"content\":\"Your tour will conclude in San Francisco on Day 8 of the trip. There are no activities planned for this day so you\'re free to depart at any time. We highly recommend booking post-accommodation to give yourself time to fully experience the wonders of this iconic city!\"},{\"title\":\"When and where does the tour start?\",\"content\":\"Day 1 of this tour is an arrivals day, which gives you a chance to settle into your hotel and explore Los Angeles. The only planned activity for this day is an evening welcome meeting at 7pm, where you can get to know your guides and fellow travellers. Please be aware that the meeting point is subject to change until your final documents are released.\"},{\"title\":\"Do you arrange airport transfers?\",\"content\":\"Airport transfers are not included in the price of this tour, however you can book for an arrival transfer in advance. In this case a tour operator representative will be at the airport to greet you. To arrange this please contact our customer service team once you have a confirmed booking.\"},{\"title\":\"What is the age range\",\"content\":\"This tour has an age range of 12-70 years old, this means children under the age of 12 will not be eligible to participate in this tour. However, if you are over 70 years please contact us as you may be eligible to join the tour if you fill out G Adventures self-assessment form.\"}]', 'publish', NULL, 2, NULL, '2022-07-27 03:20:59', NULL, NULL, '2022-07-24 01:33:40', '2022-07-27 03:20:59', 1, '[{\"title\":\"Specialized bilingual guide\"},{\"title\":\"Private Transport\"},{\"title\":\"Entrance fees (Cable and car and Moon Valley)\"},{\"title\":\"Box lunch water, banana apple and chocolate\"}]', '[{\"title\":\"Additional Services\"},{\"title\":\"Insurance\"},{\"title\":\"Drink\"},{\"title\":\"Tickets\"}]', '[{\"image_id\":\"110\",\"title\":\"Day 1\",\"desc\":\"Los Angeles\",\"content\":\"There are no activities planned until an evening welcome meeting. Additional Notes: We highly recommend booking pre-tour accommodation to fully experience this crazy city.\"},{\"image_id\":\"109\",\"title\":\"Day 2\",\"desc\":\"Lake Havasu City\",\"content\":\"Pack up the van in the morning and check out the stars on the most famous sidewalk in Hollywood on an orientation tour\"},{\"image_id\":\"108\",\"title\":\"Day 3\",\"desc\":\"Las Vegas\\/Bakersfield\",\"content\":\"Travel to one of the country\'s most rugged landscapes \\u2014 the legendary Death Valley, California. Soak in the dramatic landscape. In the afternoon, continue on to Bakersfield for the night.\"},{\"image_id\":\"107\",\"title\":\"Day 4\",\"desc\":\"San Francisco\",\"content\":\"We highly recommend booking post-accommodation to fully experience this famous city.\"}]', '4.3', NULL, 'Jan 18’ - Dec 21’', '12+', 'Airpot', 1, NULL, NULL, NULL, NULL),
(5, 'Southwest States (Ex Los Angeles) ', 'southwest-states', '<p>Start and end in San Francisco! With the in-depth cultural tour Northern California Summer 2019, you have a 8 day tour package taking you through San Francisco, USA and 9 other destinations in USA. Northern California Summer 2019 includes accommodation as well as an expert guide, meals, transport and more.</p><h4>HIGHLIGHTS</h4><ul><li>Visit the Museum of Modern Art in Manhattan</li><li>See amazing works of contemporary art, including Vincent van Gogh\'s The Starry Night</li><li>Check out Campbell\'s Soup Cans by Warhol and The Dance (I) by Matisse</li><li>Behold masterpieces by Gauguin, Dali, Picasso, and Pollock</li><li>Enjoy free audio guides available in English, French, German, Italian, Spanish, Portuguese</li></ul>', 25, 48, 'From the iconic to the unexpected, the city of San Francisco never ceases to surprise. Kick-start your effortlessly delivered Northern California holiday in the cosmopolitan hills of \'The City\'. Join your Travel Director and fellow travellers for a Welcome Reception at your hotel.Welcome Reception', 4, 2, 'Regal Cinemas Battery Park 11', '40.714578', '-73.983888', 12, 0, '37,38,39,40,41,42,43', 'https://www.youtube.com/watch?v=UfEiKK-iX70', '1900.00', '225.00', 9, 1, 15, '[{\"title\":\"When and where does the tour end?\",\"content\":\"Your tour will conclude in San Francisco on Day 8 of the trip. There are no activities planned for this day so you\'re free to depart at any time. We highly recommend booking post-accommodation to give yourself time to fully experience the wonders of this iconic city!\"},{\"title\":\"When and where does the tour start?\",\"content\":\"Day 1 of this tour is an arrivals day, which gives you a chance to settle into your hotel and explore Los Angeles. The only planned activity for this day is an evening welcome meeting at 7pm, where you can get to know your guides and fellow travellers. Please be aware that the meeting point is subject to change until your final documents are released.\"},{\"title\":\"Do you arrange airport transfers?\",\"content\":\"Airport transfers are not included in the price of this tour, however you can book for an arrival transfer in advance. In this case a tour operator representative will be at the airport to greet you. To arrange this please contact our customer service team once you have a confirmed booking.\"},{\"title\":\"What is the age range\",\"content\":\"This tour has an age range of 12-70 years old, this means children under the age of 12 will not be eligible to participate in this tour. However, if you are over 70 years please contact us as you may be eligible to join the tour if you fill out G Adventures self-assessment form.\"}]', 'publish', NULL, 2, NULL, '2022-07-27 03:20:59', NULL, NULL, '2022-07-24 01:33:40', '2022-07-27 03:20:59', 1, '[{\"title\":\"Specialized bilingual guide\"},{\"title\":\"Private Transport\"},{\"title\":\"Entrance fees (Cable and car and Moon Valley)\"},{\"title\":\"Box lunch water, banana apple and chocolate\"}]', '[{\"title\":\"Additional Services\"},{\"title\":\"Insurance\"},{\"title\":\"Drink\"},{\"title\":\"Tickets\"}]', '[{\"image_id\":\"110\",\"title\":\"Day 1\",\"desc\":\"Los Angeles\",\"content\":\"There are no activities planned until an evening welcome meeting. Additional Notes: We highly recommend booking pre-tour accommodation to fully experience this crazy city.\"},{\"image_id\":\"109\",\"title\":\"Day 2\",\"desc\":\"Lake Havasu City\",\"content\":\"Pack up the van in the morning and check out the stars on the most famous sidewalk in Hollywood on an orientation tour\"},{\"image_id\":\"108\",\"title\":\"Day 3\",\"desc\":\"Las Vegas\\/Bakersfield\",\"content\":\"Travel to one of the country\'s most rugged landscapes \\u2014 the legendary Death Valley, California. Soak in the dramatic landscape. In the afternoon, continue on to Bakersfield for the night.\"},{\"image_id\":\"107\",\"title\":\"Day 4\",\"desc\":\"San Francisco\",\"content\":\"We highly recommend booking post-accommodation to fully experience this famous city.\"}]', '4.0', NULL, 'Jan 18’ - Dec 21’', '12+', 'Airpot', 1, NULL, NULL, NULL, NULL),
(6, 'Cementerio de Trenes', 'salt-flat', '<p>Start and end in San Francisco! With the in-depth cultural tour Northern California Summer 2019, you have a 8 day tour package taking you through San Francisco, USA and 9 other destinations in USA. Northern California Summer 2019 includes accommodation as well as an expert guide, meals, transport and more.</p>\r\n<h4>HIGHLIGHTS</h4>\r\n<ul>\r\n<li>Visit the Museum of Modern Art in Manhattan</li>\r\n<li>See amazing works of contemporary art, including Vincent van Gogh\'s The Starry Night</li>\r\n<li>Check out Campbell\'s Soup Cans by Warhol and The Dance (I) by Matisse</li>\r\n<li>Behold masterpieces by Gauguin, Dali, Picasso, and Pollock</li>\r\n<li>Enjoy free audio guides available in English, French, German, Italian, Spanish, Portuguese</li>\r\n</ul>', 26, 49, 'From the iconic to the unexpected, the city of San Francisco never ceases to surprise. Kick-start your effortlessly delivered Northern California holiday in the cosmopolitan hills of \'The City\'. Join your Travel Director and fellow travellers for a Welcome Reception at your hotel.Welcome Reception', 2, NULL, 'Salar de Uyuni', '-20.463516', '-66.8290766', 15, 1, '37,38,39,40,41,42,43', 'https://www.youtube.com/watch?v=UfEiKK-iX70', '2100.00', '456.00', 4, 1, 20, '[{\"title\":\"When and where does the tour end?\",\"content\":\"Your tour will conclude in San Francisco on Day 8 of the trip. There are no activities planned for this day so you\'re free to depart at any time. We highly recommend booking post-accommodation to give yourself time to fully experience the wonders of this iconic city!\"},{\"title\":\"When and where does the tour start?\",\"content\":\"Day 1 of this tour is an arrivals day, which gives you a chance to settle into your hotel and explore Los Angeles. The only planned activity for this day is an evening welcome meeting at 7pm, where you can get to know your guides and fellow travellers. Please be aware that the meeting point is subject to change until your final documents are released.\"},{\"title\":\"Do you arrange airport transfers?\",\"content\":\"Airport transfers are not included in the price of this tour, however you can book for an arrival transfer in advance. In this case a tour operator representative will be at the airport to greet you. To arrange this please contact our customer service team once you have a confirmed booking.\"},{\"title\":\"What is the age range\",\"content\":\"This tour has an age range of 12-70 years old, this means children under the age of 12 will not be eligible to participate in this tour. However, if you are over 70 years please contact us as you may be eligible to join the tour if you fill out G Adventures self-assessment form.\"}]', 'publish', NULL, 4, 1, NULL, NULL, NULL, '2022-07-24 01:33:40', '2022-07-29 03:41:32', 1, '[{\"title\":\"Specialized bilingual guide\"},{\"title\":\"Private Transport\"},{\"title\":\"Entrance fees (Cable and car and Moon Valley)\"},{\"title\":\"Box lunch water, banana apple and chocolate\"}]', '[{\"title\":\"Additional Services\"},{\"title\":\"Insurance\"},{\"title\":\"Drink\"},{\"title\":\"Tickets\"}]', '[{\"image_id\":\"110\",\"title\":\"Day 1\",\"desc\":\"Los Angeles\",\"content\":\"There are no activities planned until an evening welcome meeting. Additional Notes: We highly recommend booking pre-tour accommodation to fully experience this crazy city.\"},{\"image_id\":\"109\",\"title\":\"Day 2\",\"desc\":\"Lake Havasu City\",\"content\":\"Pack up the van in the morning and check out the stars on the most famous sidewalk in Hollywood on an orientation tour\"},{\"image_id\":\"108\",\"title\":\"Day 3\",\"desc\":\"Las Vegas\\/Bakersfield\",\"content\":\"Travel to one of the country\'s most rugged landscapes \\u2014 the legendary Death Valley, California. Soak in the dramatic landscape. In the afternoon, continue on to Bakersfield for the night.\"},{\"image_id\":\"107\",\"title\":\"Day 4\",\"desc\":\"San Francisco\",\"content\":\"We highly recommend booking post-accommodation to fully experience this famous city.\"}]', '4.7', NULL, 'Jan 18’ - Dec 21’', '12+', 'Airpot', 1, NULL, NULL, NULL, NULL),
(7, 'Eastern Discovery', 'eastern-discovery', '<p>Start and end in San Francisco! With the in-depth cultural tour Northern California Summer 2019, you have a 8 day tour package taking you through San Francisco, USA and 9 other destinations in USA. Northern California Summer 2019 includes accommodation as well as an expert guide, meals, transport and more.</p><h4>HIGHLIGHTS</h4><ul><li>Visit the Museum of Modern Art in Manhattan</li><li>See amazing works of contemporary art, including Vincent van Gogh\'s The Starry Night</li><li>Check out Campbell\'s Soup Cans by Warhol and The Dance (I) by Matisse</li><li>Behold masterpieces by Gauguin, Dali, Picasso, and Pollock</li><li>Enjoy free audio guides available in English, French, German, Italian, Spanish, Portuguese</li></ul>', 27, 50, 'From the iconic to the unexpected, the city of San Francisco never ceases to surprise. Kick-start your effortlessly delivered Northern California holiday in the cosmopolitan hills of \'The City\'. Join your Travel Director and fellow travellers for a Welcome Reception at your hotel.Welcome Reception', 1, 2, 'Pier 36 New York', '40.708581', '-73.998817', 12, 0, '37,38,39,40,41,42,43', 'https://www.youtube.com/watch?v=UfEiKK-iX70', '2100.00', '1257.00', 5, 1, 14, '[{\"title\":\"When and where does the tour end?\",\"content\":\"Your tour will conclude in San Francisco on Day 8 of the trip. There are no activities planned for this day so you\'re free to depart at any time. We highly recommend booking post-accommodation to give yourself time to fully experience the wonders of this iconic city!\"},{\"title\":\"When and where does the tour start?\",\"content\":\"Day 1 of this tour is an arrivals day, which gives you a chance to settle into your hotel and explore Los Angeles. The only planned activity for this day is an evening welcome meeting at 7pm, where you can get to know your guides and fellow travellers. Please be aware that the meeting point is subject to change until your final documents are released.\"},{\"title\":\"Do you arrange airport transfers?\",\"content\":\"Airport transfers are not included in the price of this tour, however you can book for an arrival transfer in advance. In this case a tour operator representative will be at the airport to greet you. To arrange this please contact our customer service team once you have a confirmed booking.\"},{\"title\":\"What is the age range\",\"content\":\"This tour has an age range of 12-70 years old, this means children under the age of 12 will not be eligible to participate in this tour. However, if you are over 70 years please contact us as you may be eligible to join the tour if you fill out G Adventures self-assessment form.\"}]', 'publish', NULL, 2, NULL, '2022-07-27 03:20:59', NULL, NULL, '2022-07-24 01:33:40', '2022-07-27 03:20:59', 1, '[{\"title\":\"Specialized bilingual guide\"},{\"title\":\"Private Transport\"},{\"title\":\"Entrance fees (Cable and car and Moon Valley)\"},{\"title\":\"Box lunch water, banana apple and chocolate\"}]', '[{\"title\":\"Additional Services\"},{\"title\":\"Insurance\"},{\"title\":\"Drink\"},{\"title\":\"Tickets\"}]', '[{\"image_id\":\"110\",\"title\":\"Day 1\",\"desc\":\"Los Angeles\",\"content\":\"There are no activities planned until an evening welcome meeting. Additional Notes: We highly recommend booking pre-tour accommodation to fully experience this crazy city.\"},{\"image_id\":\"109\",\"title\":\"Day 2\",\"desc\":\"Lake Havasu City\",\"content\":\"Pack up the van in the morning and check out the stars on the most famous sidewalk in Hollywood on an orientation tour\"},{\"image_id\":\"108\",\"title\":\"Day 3\",\"desc\":\"Las Vegas\\/Bakersfield\",\"content\":\"Travel to one of the country\'s most rugged landscapes \\u2014 the legendary Death Valley, California. Soak in the dramatic landscape. In the afternoon, continue on to Bakersfield for the night.\"},{\"image_id\":\"107\",\"title\":\"Day 4\",\"desc\":\"San Francisco\",\"content\":\"We highly recommend booking post-accommodation to fully experience this famous city.\"}]', '4.3', NULL, 'Jan 18’ - Dec 21’', '12+', 'Airpot', 1, NULL, NULL, NULL, NULL),
(8, 'Pure Luxe in Punta Mita', 'pure-luxe-in-punta-mita', '<p>Start and end in San Francisco! With the in-depth cultural tour Northern California Summer 2019, you have a 8 day tour package taking you through San Francisco, USA and 9 other destinations in USA. Northern California Summer 2019 includes accommodation as well as an expert guide, meals, transport and more.</p><h4>HIGHLIGHTS</h4><ul><li>Visit the Museum of Modern Art in Manhattan</li><li>See amazing works of contemporary art, including Vincent van Gogh\'s The Starry Night</li><li>Check out Campbell\'s Soup Cans by Warhol and The Dance (I) by Matisse</li><li>Behold masterpieces by Gauguin, Dali, Picasso, and Pollock</li><li>Enjoy free audio guides available in English, French, German, Italian, Spanish, Portuguese</li></ul>', 28, 51, 'From the iconic to the unexpected, the city of San Francisco never ceases to surprise. Kick-start your effortlessly delivered Northern California holiday in the cosmopolitan hills of \'The City\'. Join your Travel Director and fellow travellers for a Welcome Reception at your hotel.Welcome Reception', 4, 3, 'Trimmer Springs Rd, Sanger', '36.822484', '-119.365266', 12, 0, '37,38,39,40,41,42,43', 'https://www.youtube.com/watch?v=UfEiKK-iX70', '2100.00', '1634.00', 2, 1, 12, '[{\"title\":\"When and where does the tour end?\",\"content\":\"Your tour will conclude in San Francisco on Day 8 of the trip. There are no activities planned for this day so you\'re free to depart at any time. We highly recommend booking post-accommodation to give yourself time to fully experience the wonders of this iconic city!\"},{\"title\":\"When and where does the tour start?\",\"content\":\"Day 1 of this tour is an arrivals day, which gives you a chance to settle into your hotel and explore Los Angeles. The only planned activity for this day is an evening welcome meeting at 7pm, where you can get to know your guides and fellow travellers. Please be aware that the meeting point is subject to change until your final documents are released.\"},{\"title\":\"Do you arrange airport transfers?\",\"content\":\"Airport transfers are not included in the price of this tour, however you can book for an arrival transfer in advance. In this case a tour operator representative will be at the airport to greet you. To arrange this please contact our customer service team once you have a confirmed booking.\"},{\"title\":\"What is the age range\",\"content\":\"This tour has an age range of 12-70 years old, this means children under the age of 12 will not be eligible to participate in this tour. However, if you are over 70 years please contact us as you may be eligible to join the tour if you fill out G Adventures self-assessment form.\"}]', 'publish', NULL, 2, NULL, '2022-07-27 03:20:59', NULL, NULL, '2022-07-24 01:33:40', '2022-07-27 03:20:59', 1, '[{\"title\":\"Specialized bilingual guide\"},{\"title\":\"Private Transport\"},{\"title\":\"Entrance fees (Cable and car and Moon Valley)\"},{\"title\":\"Box lunch water, banana apple and chocolate\"}]', '[{\"title\":\"Additional Services\"},{\"title\":\"Insurance\"},{\"title\":\"Drink\"},{\"title\":\"Tickets\"}]', '[{\"image_id\":\"110\",\"title\":\"Day 1\",\"desc\":\"Los Angeles\",\"content\":\"There are no activities planned until an evening welcome meeting. Additional Notes: We highly recommend booking pre-tour accommodation to fully experience this crazy city.\"},{\"image_id\":\"109\",\"title\":\"Day 2\",\"desc\":\"Lake Havasu City\",\"content\":\"Pack up the van in the morning and check out the stars on the most famous sidewalk in Hollywood on an orientation tour\"},{\"image_id\":\"108\",\"title\":\"Day 3\",\"desc\":\"Las Vegas\\/Bakersfield\",\"content\":\"Travel to one of the country\'s most rugged landscapes \\u2014 the legendary Death Valley, California. Soak in the dramatic landscape. In the afternoon, continue on to Bakersfield for the night.\"},{\"image_id\":\"107\",\"title\":\"Day 4\",\"desc\":\"San Francisco\",\"content\":\"We highly recommend booking post-accommodation to fully experience this famous city.\"}]', '4.3', NULL, 'Jan 18’ - Dec 21’', '12+', 'Airpot', 1, NULL, NULL, NULL, NULL),
(9, 'Tastes and Sounds of the South 2019', 'tastes-and-sounds-of-the-south-2019', '<p>Start and end in San Francisco! With the in-depth cultural tour Northern California Summer 2019, you have a 8 day tour package taking you through San Francisco, USA and 9 other destinations in USA. Northern California Summer 2019 includes accommodation as well as an expert guide, meals, transport and more.</p><h4>HIGHLIGHTS</h4><ul><li>Visit the Museum of Modern Art in Manhattan</li><li>See amazing works of contemporary art, including Vincent van Gogh\'s The Starry Night</li><li>Check out Campbell\'s Soup Cans by Warhol and The Dance (I) by Matisse</li><li>Behold masterpieces by Gauguin, Dali, Picasso, and Pollock</li><li>Enjoy free audio guides available in English, French, German, Italian, Spanish, Portuguese</li></ul>', 29, 52, 'From the iconic to the unexpected, the city of San Francisco never ceases to surprise. Kick-start your effortlessly delivered Northern California holiday in the cosmopolitan hills of \'The City\'. Join your Travel Director and fellow travellers for a Welcome Reception at your hotel.Welcome Reception', 3, 4, 'United States', '37.040023', '-95.643144', 12, 0, '37,38,39,40,41,42,43', 'https://www.youtube.com/watch?v=UfEiKK-iX70', '2100.00', '1195.00', 7, 1, 18, '[{\"title\":\"When and where does the tour end?\",\"content\":\"Your tour will conclude in San Francisco on Day 8 of the trip. There are no activities planned for this day so you\'re free to depart at any time. We highly recommend booking post-accommodation to give yourself time to fully experience the wonders of this iconic city!\"},{\"title\":\"When and where does the tour start?\",\"content\":\"Day 1 of this tour is an arrivals day, which gives you a chance to settle into your hotel and explore Los Angeles. The only planned activity for this day is an evening welcome meeting at 7pm, where you can get to know your guides and fellow travellers. Please be aware that the meeting point is subject to change until your final documents are released.\"},{\"title\":\"Do you arrange airport transfers?\",\"content\":\"Airport transfers are not included in the price of this tour, however you can book for an arrival transfer in advance. In this case a tour operator representative will be at the airport to greet you. To arrange this please contact our customer service team once you have a confirmed booking.\"},{\"title\":\"What is the age range\",\"content\":\"This tour has an age range of 12-70 years old, this means children under the age of 12 will not be eligible to participate in this tour. However, if you are over 70 years please contact us as you may be eligible to join the tour if you fill out G Adventures self-assessment form.\"}]', 'publish', NULL, 2, NULL, '2022-07-27 03:20:59', NULL, NULL, '2022-07-24 01:33:40', '2022-07-27 03:20:59', 1, '[{\"title\":\"Specialized bilingual guide\"},{\"title\":\"Private Transport\"},{\"title\":\"Entrance fees (Cable and car and Moon Valley)\"},{\"title\":\"Box lunch water, banana apple and chocolate\"}]', '[{\"title\":\"Additional Services\"},{\"title\":\"Insurance\"},{\"title\":\"Drink\"},{\"title\":\"Tickets\"}]', '[{\"image_id\":\"110\",\"title\":\"Day 1\",\"desc\":\"Los Angeles\",\"content\":\"There are no activities planned until an evening welcome meeting. Additional Notes: We highly recommend booking pre-tour accommodation to fully experience this crazy city.\"},{\"image_id\":\"109\",\"title\":\"Day 2\",\"desc\":\"Lake Havasu City\",\"content\":\"Pack up the van in the morning and check out the stars on the most famous sidewalk in Hollywood on an orientation tour\"},{\"image_id\":\"108\",\"title\":\"Day 3\",\"desc\":\"Las Vegas\\/Bakersfield\",\"content\":\"Travel to one of the country\'s most rugged landscapes \\u2014 the legendary Death Valley, California. Soak in the dramatic landscape. In the afternoon, continue on to Bakersfield for the night.\"},{\"image_id\":\"107\",\"title\":\"Day 4\",\"desc\":\"San Francisco\",\"content\":\"We highly recommend booking post-accommodation to fully experience this famous city.\"}]', '4.7', NULL, 'Jan 18’ - Dec 21’', '12+', 'Airpot', 1, NULL, NULL, NULL, NULL),
(10, 'Giverny and Versailles Small Group Day Trip', 'giverny-and-versailles-small-group-day-trip', '<p>Start and end in San Francisco! With the in-depth cultural tour Northern California Summer 2019, you have a 8 day tour package taking you through San Francisco, USA and 9 other destinations in USA. Northern California Summer 2019 includes accommodation as well as an expert guide, meals, transport and more.</p><h4>HIGHLIGHTS</h4><ul><li>Visit the Museum of Modern Art in Manhattan</li><li>See amazing works of contemporary art, including Vincent van Gogh\'s The Starry Night</li><li>Check out Campbell\'s Soup Cans by Warhol and The Dance (I) by Matisse</li><li>Behold masterpieces by Gauguin, Dali, Picasso, and Pollock</li><li>Enjoy free audio guides available in English, French, German, Italian, Spanish, Portuguese</li></ul>', 30, 53, 'From the iconic to the unexpected, the city of San Francisco never ceases to surprise. Kick-start your effortlessly delivered Northern California holiday in the cosmopolitan hills of \'The City\'. Join your Travel Director and fellow travellers for a Welcome Reception at your hotel.Welcome Reception', 2, 5, 'Washington, DC, USA', '34.049345', '-118.248479', 12, 0, '37,38,39,40,41,42,43', 'https://www.youtube.com/watch?v=UfEiKK-iX70', '2100.00', '1684.00', 7, 1, 15, '[{\"title\":\"When and where does the tour end?\",\"content\":\"Your tour will conclude in San Francisco on Day 8 of the trip. There are no activities planned for this day so you\'re free to depart at any time. We highly recommend booking post-accommodation to give yourself time to fully experience the wonders of this iconic city!\"},{\"title\":\"When and where does the tour start?\",\"content\":\"Day 1 of this tour is an arrivals day, which gives you a chance to settle into your hotel and explore Los Angeles. The only planned activity for this day is an evening welcome meeting at 7pm, where you can get to know your guides and fellow travellers. Please be aware that the meeting point is subject to change until your final documents are released.\"},{\"title\":\"Do you arrange airport transfers?\",\"content\":\"Airport transfers are not included in the price of this tour, however you can book for an arrival transfer in advance. In this case a tour operator representative will be at the airport to greet you. To arrange this please contact our customer service team once you have a confirmed booking.\"},{\"title\":\"What is the age range\",\"content\":\"This tour has an age range of 12-70 years old, this means children under the age of 12 will not be eligible to participate in this tour. However, if you are over 70 years please contact us as you may be eligible to join the tour if you fill out G Adventures self-assessment form.\"}]', 'publish', NULL, 2, NULL, '2022-07-27 03:20:59', NULL, NULL, '2022-07-24 01:33:40', '2022-07-27 03:20:59', 1, '[{\"title\":\"Specialized bilingual guide\"},{\"title\":\"Private Transport\"},{\"title\":\"Entrance fees (Cable and car and Moon Valley)\"},{\"title\":\"Box lunch water, banana apple and chocolate\"}]', '[{\"title\":\"Additional Services\"},{\"title\":\"Insurance\"},{\"title\":\"Drink\"},{\"title\":\"Tickets\"}]', '[{\"image_id\":\"110\",\"title\":\"Day 1\",\"desc\":\"Los Angeles\",\"content\":\"There are no activities planned until an evening welcome meeting. Additional Notes: We highly recommend booking pre-tour accommodation to fully experience this crazy city.\"},{\"image_id\":\"109\",\"title\":\"Day 2\",\"desc\":\"Lake Havasu City\",\"content\":\"Pack up the van in the morning and check out the stars on the most famous sidewalk in Hollywood on an orientation tour\"},{\"image_id\":\"108\",\"title\":\"Day 3\",\"desc\":\"Las Vegas\\/Bakersfield\",\"content\":\"Travel to one of the country\'s most rugged landscapes \\u2014 the legendary Death Valley, California. Soak in the dramatic landscape. In the afternoon, continue on to Bakersfield for the night.\"},{\"image_id\":\"107\",\"title\":\"Day 4\",\"desc\":\"San Francisco\",\"content\":\"We highly recommend booking post-accommodation to fully experience this famous city.\"}]', '4.0', NULL, 'Jan 18’ - Dec 21’', '12+', 'Airpot', 1, NULL, NULL, NULL, NULL),
(11, 'Trip of New York – Discover America', 'trip-of-new-york-discover-america', '<p>Start and end in San Francisco! With the in-depth cultural tour Northern California Summer 2019, you have a 8 day tour package taking you through San Francisco, USA and 9 other destinations in USA. Northern California Summer 2019 includes accommodation as well as an expert guide, meals, transport and more.</p><h4>HIGHLIGHTS</h4><ul><li>Visit the Museum of Modern Art in Manhattan</li><li>See amazing works of contemporary art, including Vincent van Gogh\'s The Starry Night</li><li>Check out Campbell\'s Soup Cans by Warhol and The Dance (I) by Matisse</li><li>Behold masterpieces by Gauguin, Dali, Picasso, and Pollock</li><li>Enjoy free audio guides available in English, French, German, Italian, Spanish, Portuguese</li></ul>', 31, 54, 'From the iconic to the unexpected, the city of San Francisco never ceases to surprise. Kick-start your effortlessly delivered Northern California holiday in the cosmopolitan hills of \'The City\'. Join your Travel Director and fellow travellers for a Welcome Reception at your hotel.Welcome Reception', 3, 6, 'New Jersey', '40.035329', '-74.417227', 12, 0, '37,38,39,40,41,42,43', 'https://www.youtube.com/watch?v=UfEiKK-iX70', '2100.00', '983.00', 5, 1, 19, '[{\"title\":\"When and where does the tour end?\",\"content\":\"Your tour will conclude in San Francisco on Day 8 of the trip. There are no activities planned for this day so you\'re free to depart at any time. We highly recommend booking post-accommodation to give yourself time to fully experience the wonders of this iconic city!\"},{\"title\":\"When and where does the tour start?\",\"content\":\"Day 1 of this tour is an arrivals day, which gives you a chance to settle into your hotel and explore Los Angeles. The only planned activity for this day is an evening welcome meeting at 7pm, where you can get to know your guides and fellow travellers. Please be aware that the meeting point is subject to change until your final documents are released.\"},{\"title\":\"Do you arrange airport transfers?\",\"content\":\"Airport transfers are not included in the price of this tour, however you can book for an arrival transfer in advance. In this case a tour operator representative will be at the airport to greet you. To arrange this please contact our customer service team once you have a confirmed booking.\"},{\"title\":\"What is the age range\",\"content\":\"This tour has an age range of 12-70 years old, this means children under the age of 12 will not be eligible to participate in this tour. However, if you are over 70 years please contact us as you may be eligible to join the tour if you fill out G Adventures self-assessment form.\"}]', 'publish', NULL, 2, NULL, '2022-07-27 03:20:59', NULL, NULL, '2022-07-24 01:33:40', '2022-07-27 03:20:59', 1, '[{\"title\":\"Specialized bilingual guide\"},{\"title\":\"Private Transport\"},{\"title\":\"Entrance fees (Cable and car and Moon Valley)\"},{\"title\":\"Box lunch water, banana apple and chocolate\"}]', '[{\"title\":\"Additional Services\"},{\"title\":\"Insurance\"},{\"title\":\"Drink\"},{\"title\":\"Tickets\"}]', '[{\"image_id\":\"110\",\"title\":\"Day 1\",\"desc\":\"Los Angeles\",\"content\":\"There are no activities planned until an evening welcome meeting. Additional Notes: We highly recommend booking pre-tour accommodation to fully experience this crazy city.\"},{\"image_id\":\"109\",\"title\":\"Day 2\",\"desc\":\"Lake Havasu City\",\"content\":\"Pack up the van in the morning and check out the stars on the most famous sidewalk in Hollywood on an orientation tour\"},{\"image_id\":\"108\",\"title\":\"Day 3\",\"desc\":\"Las Vegas\\/Bakersfield\",\"content\":\"Travel to one of the country\'s most rugged landscapes \\u2014 the legendary Death Valley, California. Soak in the dramatic landscape. In the afternoon, continue on to Bakersfield for the night.\"},{\"image_id\":\"107\",\"title\":\"Day 4\",\"desc\":\"San Francisco\",\"content\":\"We highly recommend booking post-accommodation to fully experience this famous city.\"}]', '4.0', NULL, 'Jan 18’ - Dec 21’', '12+', 'Airpot', 1, NULL, NULL, NULL, NULL),
(13, 'Hollywood Sign Small Group Tour in Luxury Van', 'hollywood-sign-small-group-tour-in-luxury-van', '<p>Start and end in San Francisco! With the in-depth cultural tour Northern California Summer 2019, you have a 8 day tour package taking you through San Francisco, USA and 9 other destinations in USA. Northern California Summer 2019 includes accommodation as well as an expert guide, meals, transport and more.</p><h4>HIGHLIGHTS</h4><ul><li>Visit the Museum of Modern Art in Manhattan</li><li>See amazing works of contemporary art, including Vincent van Gogh\'s The Starry Night</li><li>Check out Campbell\'s Soup Cans by Warhol and The Dance (I) by Matisse</li><li>Behold masterpieces by Gauguin, Dali, Picasso, and Pollock</li><li>Enjoy free audio guides available in English, French, German, Italian, Spanish, Portuguese</li></ul>', 33, 56, 'From the iconic to the unexpected, the city of San Francisco never ceases to surprise. Kick-start your effortlessly delivered Northern California holiday in the cosmopolitan hills of \'The City\'. Join your Travel Director and fellow travellers for a Welcome Reception at your hotel.Welcome Reception', 2, 8, 'Virginia', '37.445688', '-78.673668', 12, 0, '37,38,39,40,41,42,43', 'https://www.youtube.com/watch?v=UfEiKK-iX70', '2100.00', '1552.00', 8, 1, 13, '[{\"title\":\"When and where does the tour end?\",\"content\":\"Your tour will conclude in San Francisco on Day 8 of the trip. There are no activities planned for this day so you\'re free to depart at any time. We highly recommend booking post-accommodation to give yourself time to fully experience the wonders of this iconic city!\"},{\"title\":\"When and where does the tour start?\",\"content\":\"Day 1 of this tour is an arrivals day, which gives you a chance to settle into your hotel and explore Los Angeles. The only planned activity for this day is an evening welcome meeting at 7pm, where you can get to know your guides and fellow travellers. Please be aware that the meeting point is subject to change until your final documents are released.\"},{\"title\":\"Do you arrange airport transfers?\",\"content\":\"Airport transfers are not included in the price of this tour, however you can book for an arrival transfer in advance. In this case a tour operator representative will be at the airport to greet you. To arrange this please contact our customer service team once you have a confirmed booking.\"},{\"title\":\"What is the age range\",\"content\":\"This tour has an age range of 12-70 years old, this means children under the age of 12 will not be eligible to participate in this tour. However, if you are over 70 years please contact us as you may be eligible to join the tour if you fill out G Adventures self-assessment form.\"}]', 'publish', NULL, 2, NULL, '2022-07-27 03:20:59', NULL, NULL, '2022-07-24 01:33:40', '2022-07-27 03:20:59', 1, '[{\"title\":\"Specialized bilingual guide\"},{\"title\":\"Private Transport\"},{\"title\":\"Entrance fees (Cable and car and Moon Valley)\"},{\"title\":\"Box lunch water, banana apple and chocolate\"}]', '[{\"title\":\"Additional Services\"},{\"title\":\"Insurance\"},{\"title\":\"Drink\"},{\"title\":\"Tickets\"}]', '[{\"image_id\":\"110\",\"title\":\"Day 1\",\"desc\":\"Los Angeles\",\"content\":\"There are no activities planned until an evening welcome meeting. Additional Notes: We highly recommend booking pre-tour accommodation to fully experience this crazy city.\"},{\"image_id\":\"109\",\"title\":\"Day 2\",\"desc\":\"Lake Havasu City\",\"content\":\"Pack up the van in the morning and check out the stars on the most famous sidewalk in Hollywood on an orientation tour\"},{\"image_id\":\"108\",\"title\":\"Day 3\",\"desc\":\"Las Vegas\\/Bakersfield\",\"content\":\"Travel to one of the country\'s most rugged landscapes \\u2014 the legendary Death Valley, California. Soak in the dramatic landscape. In the afternoon, continue on to Bakersfield for the night.\"},{\"image_id\":\"107\",\"title\":\"Day 4\",\"desc\":\"San Francisco\",\"content\":\"We highly recommend booking post-accommodation to fully experience this famous city.\"}]', '4.2', NULL, 'Jan 18’ - Dec 21’', '12+', 'Airpot', 1, NULL, NULL, NULL, NULL),
(14, 'San Francisco Express Never Ceases', 'san-francisco-express', '<p>Start and end in San Francisco! With the in-depth cultural tour Northern California Summer 2019, you have a 8 day tour package taking you through San Francisco, USA and 9 other destinations in USA. Northern California Summer 2019 includes accommodation as well as an expert guide, meals, transport and more.</p><h4>HIGHLIGHTS</h4><ul><li>Visit the Museum of Modern Art in Manhattan</li><li>See amazing works of contemporary art, including Vincent van Gogh\'s The Starry Night</li><li>Check out Campbell\'s Soup Cans by Warhol and The Dance (I) by Matisse</li><li>Behold masterpieces by Gauguin, Dali, Picasso, and Pollock</li><li>Enjoy free audio guides available in English, French, German, Italian, Spanish, Portuguese</li></ul>', 34, 57, 'From the iconic to the unexpected, the city of San Francisco never ceases to surprise. Kick-start your effortlessly delivered Northern California holiday in the cosmopolitan hills of \'The City\'. Join your Travel Director and fellow travellers for a Welcome Reception at your hotel.Welcome Reception', 2, 7, 'Comprehensive Cancer Center', '37.757522', '-122.447984', 12, 0, '37,38,39,40,41,42,43', 'https://www.youtube.com/watch?v=UfEiKK-iX70', '2100.00', '1594.00', 3, 1, 13, '[{\"title\":\"When and where does the tour end?\",\"content\":\"Your tour will conclude in San Francisco on Day 8 of the trip. There are no activities planned for this day so you\'re free to depart at any time. We highly recommend booking post-accommodation to give yourself time to fully experience the wonders of this iconic city!\"},{\"title\":\"When and where does the tour start?\",\"content\":\"Day 1 of this tour is an arrivals day, which gives you a chance to settle into your hotel and explore Los Angeles. The only planned activity for this day is an evening welcome meeting at 7pm, where you can get to know your guides and fellow travellers. Please be aware that the meeting point is subject to change until your final documents are released.\"},{\"title\":\"Do you arrange airport transfers?\",\"content\":\"Airport transfers are not included in the price of this tour, however you can book for an arrival transfer in advance. In this case a tour operator representative will be at the airport to greet you. To arrange this please contact our customer service team once you have a confirmed booking.\"},{\"title\":\"What is the age range\",\"content\":\"This tour has an age range of 12-70 years old, this means children under the age of 12 will not be eligible to participate in this tour. However, if you are over 70 years please contact us as you may be eligible to join the tour if you fill out G Adventures self-assessment form.\"}]', 'publish', NULL, 1, NULL, '2022-07-27 03:20:59', NULL, NULL, '2022-07-24 01:33:40', '2022-07-27 03:20:59', 1, '[{\"title\":\"Specialized bilingual guide\"},{\"title\":\"Private Transport\"},{\"title\":\"Entrance fees (Cable and car and Moon Valley)\"},{\"title\":\"Box lunch water, banana apple and chocolate\"}]', '[{\"title\":\"Additional Services\"},{\"title\":\"Insurance\"},{\"title\":\"Drink\"},{\"title\":\"Tickets\"}]', '[{\"image_id\":\"110\",\"title\":\"Day 1\",\"desc\":\"Los Angeles\",\"content\":\"There are no activities planned until an evening welcome meeting. Additional Notes: We highly recommend booking pre-tour accommodation to fully experience this crazy city.\"},{\"image_id\":\"109\",\"title\":\"Day 2\",\"desc\":\"Lake Havasu City\",\"content\":\"Pack up the van in the morning and check out the stars on the most famous sidewalk in Hollywood on an orientation tour\"},{\"image_id\":\"108\",\"title\":\"Day 3\",\"desc\":\"Las Vegas\\/Bakersfield\",\"content\":\"Travel to one of the country\'s most rugged landscapes \\u2014 the legendary Death Valley, California. Soak in the dramatic landscape. In the afternoon, continue on to Bakersfield for the night.\"},{\"image_id\":\"107\",\"title\":\"Day 4\",\"desc\":\"San Francisco\",\"content\":\"We highly recommend booking post-accommodation to fully experience this famous city.\"}]', '4.0', NULL, 'Jan 18’ - Dec 21’', '12+', 'Airpot', 1, NULL, NULL, NULL, NULL);
INSERT INTO `bravo_tours` (`id`, `title`, `slug`, `content`, `image_id`, `banner_image_id`, `short_desc`, `category_id`, `location_id`, `address`, `map_lat`, `map_lng`, `map_zoom`, `is_featured`, `gallery`, `video`, `price`, `sale_price`, `duration`, `min_people`, `max_people`, `faqs`, `status`, `publish_date`, `create_user`, `update_user`, `deleted_at`, `origin_id`, `lang`, `created_at`, `updated_at`, `default_state`, `include`, `exclude`, `itinerary`, `review_score`, `ical_import_url`, `date_form_to`, `min_age`, `pickup`, `wifi_available`, `enable_service_fee`, `service_fee`, `surrounding`, `min_day_before_booking`) VALUES
(15, 'Cannes and Antibes Night Tour', 'cannes-and-antibes-night-tour', '<p>Start and end in San Francisco! With the in-depth cultural tour Northern California Summer 2019, you have a 8 day tour package taking you through San Francisco, USA and 9 other destinations in USA. Northern California Summer 2019 includes accommodation as well as an expert guide, meals, transport and more.</p><h4>HIGHLIGHTS</h4><ul><li>Visit the Museum of Modern Art in Manhattan</li><li>See amazing works of contemporary art, including Vincent van Gogh\'s The Starry Night</li><li>Check out Campbell\'s Soup Cans by Warhol and The Dance (I) by Matisse</li><li>Behold masterpieces by Gauguin, Dali, Picasso, and Pollock</li><li>Enjoy free audio guides available in English, French, German, Italian, Spanish, Portuguese</li></ul>', 35, 58, 'From the iconic to the unexpected, the city of San Francisco never ceases to surprise. Kick-start your effortlessly delivered Northern California holiday in the cosmopolitan hills of \'The City\'. Join your Travel Director and fellow travellers for a Welcome Reception at your hotel.Welcome Reception', 1, 1, 'UCSF Helen Diller Family', '36.201066', '-88.112292', 12, 0, '37,38,39,40,41,42,43', 'https://www.youtube.com/watch?v=UfEiKK-iX70', '2100.00', '1561.00', 3, 1, 14, '[{\"title\":\"When and where does the tour end?\",\"content\":\"Your tour will conclude in San Francisco on Day 8 of the trip. There are no activities planned for this day so you\'re free to depart at any time. We highly recommend booking post-accommodation to give yourself time to fully experience the wonders of this iconic city!\"},{\"title\":\"When and where does the tour start?\",\"content\":\"Day 1 of this tour is an arrivals day, which gives you a chance to settle into your hotel and explore Los Angeles. The only planned activity for this day is an evening welcome meeting at 7pm, where you can get to know your guides and fellow travellers. Please be aware that the meeting point is subject to change until your final documents are released.\"},{\"title\":\"Do you arrange airport transfers?\",\"content\":\"Airport transfers are not included in the price of this tour, however you can book for an arrival transfer in advance. In this case a tour operator representative will be at the airport to greet you. To arrange this please contact our customer service team once you have a confirmed booking.\"},{\"title\":\"What is the age range\",\"content\":\"This tour has an age range of 12-70 years old, this means children under the age of 12 will not be eligible to participate in this tour. However, if you are over 70 years please contact us as you may be eligible to join the tour if you fill out G Adventures self-assessment form.\"}]', 'publish', NULL, 2, NULL, '2022-07-27 03:20:59', NULL, NULL, '2022-07-24 01:33:40', '2022-07-27 03:20:59', 1, '[{\"title\":\"Specialized bilingual guide\"},{\"title\":\"Private Transport\"},{\"title\":\"Entrance fees (Cable and car and Moon Valley)\"},{\"title\":\"Box lunch water, banana apple and chocolate\"}]', '[{\"title\":\"Additional Services\"},{\"title\":\"Insurance\"},{\"title\":\"Drink\"},{\"title\":\"Tickets\"}]', '[{\"image_id\":\"110\",\"title\":\"Day 1\",\"desc\":\"Los Angeles\",\"content\":\"There are no activities planned until an evening welcome meeting. Additional Notes: We highly recommend booking pre-tour accommodation to fully experience this crazy city.\"},{\"image_id\":\"109\",\"title\":\"Day 2\",\"desc\":\"Lake Havasu City\",\"content\":\"Pack up the van in the morning and check out the stars on the most famous sidewalk in Hollywood on an orientation tour\"},{\"image_id\":\"108\",\"title\":\"Day 3\",\"desc\":\"Las Vegas\\/Bakersfield\",\"content\":\"Travel to one of the country\'s most rugged landscapes \\u2014 the legendary Death Valley, California. Soak in the dramatic landscape. In the afternoon, continue on to Bakersfield for the night.\"},{\"image_id\":\"107\",\"title\":\"Day 4\",\"desc\":\"San Francisco\",\"content\":\"We highly recommend booking post-accommodation to fully experience this famous city.\"}]', '4.3', NULL, 'Jan 18’ - Dec 21’', '12+', 'Airpot', 1, NULL, NULL, NULL, NULL);

-- --------------------------------------------------------

--
-- Estructura de tabla para la tabla `bravo_tour_category`
--

CREATE TABLE `bravo_tour_category` (
  `id` bigint(20) UNSIGNED NOT NULL,
  `name` varchar(255) COLLATE utf8mb4_unicode_ci DEFAULT NULL,
  `content` text COLLATE utf8mb4_unicode_ci DEFAULT NULL,
  `slug` varchar(255) COLLATE utf8mb4_unicode_ci DEFAULT NULL,
  `status` varchar(50) COLLATE utf8mb4_unicode_ci DEFAULT NULL,
  `_lft` int(10) UNSIGNED NOT NULL DEFAULT 0,
  `_rgt` int(10) UNSIGNED NOT NULL DEFAULT 0,
  `parent_id` int(10) UNSIGNED DEFAULT NULL,
  `create_user` int(11) DEFAULT NULL,
  `update_user` int(11) DEFAULT NULL,
  `deleted_at` timestamp NULL DEFAULT NULL,
  `origin_id` bigint(20) DEFAULT NULL,
  `lang` varchar(10) COLLATE utf8mb4_unicode_ci DEFAULT NULL,
  `created_at` timestamp NULL DEFAULT NULL,
  `updated_at` timestamp NULL DEFAULT NULL
) ENGINE=InnoDB DEFAULT CHARSET=utf8mb4 COLLATE=utf8mb4_unicode_ci;

--
-- Volcado de datos para la tabla `bravo_tour_category`
--

INSERT INTO `bravo_tour_category` (`id`, `name`, `content`, `slug`, `status`, `_lft`, `_rgt`, `parent_id`, `create_user`, `update_user`, `deleted_at`, `origin_id`, `lang`, `created_at`, `updated_at`) VALUES
(1, 'Ciudad', '', 'city-trips', 'publish', 1, 2, NULL, 1, NULL, NULL, NULL, NULL, '2022-07-24 01:33:40', '2022-07-29 02:19:23'),
(2, 'Ecotourism', '', 'ecotourism', 'publish', 3, 4, NULL, NULL, NULL, NULL, NULL, NULL, '2022-07-24 01:33:40', '2022-07-24 01:33:40'),
(3, 'Escorted tour', '', 'escorted-tour', 'publish', 5, 6, NULL, NULL, NULL, NULL, NULL, NULL, '2022-07-24 01:33:40', '2022-07-24 01:33:40'),
(4, 'Aventura', '', 'ligula', 'publish', 7, 8, NULL, 4, NULL, NULL, NULL, NULL, '2022-07-24 01:33:40', '2022-07-27 03:21:47');

-- --------------------------------------------------------

--
-- Estructura de tabla para la tabla `bravo_tour_category_translations`
--

CREATE TABLE `bravo_tour_category_translations` (
  `id` bigint(20) UNSIGNED NOT NULL,
  `origin_id` bigint(20) DEFAULT NULL,
  `locale` varchar(10) COLLATE utf8mb4_unicode_ci DEFAULT NULL,
  `name` varchar(255) COLLATE utf8mb4_unicode_ci DEFAULT NULL,
  `content` text COLLATE utf8mb4_unicode_ci DEFAULT NULL,
  `create_user` int(11) DEFAULT NULL,
  `update_user` int(11) DEFAULT NULL,
  `created_at` timestamp NULL DEFAULT NULL,
  `updated_at` timestamp NULL DEFAULT NULL
) ENGINE=InnoDB DEFAULT CHARSET=utf8mb4 COLLATE=utf8mb4_unicode_ci;

-- --------------------------------------------------------

--
-- Estructura de tabla para la tabla `bravo_tour_dates`
--

CREATE TABLE `bravo_tour_dates` (
  `id` bigint(20) UNSIGNED NOT NULL,
  `target_id` bigint(20) DEFAULT NULL,
  `start_date` timestamp NULL DEFAULT NULL,
  `end_date` timestamp NULL DEFAULT NULL,
  `price` decimal(12,2) DEFAULT NULL,
  `person_types` text COLLATE utf8mb4_unicode_ci DEFAULT NULL,
  `max_guests` tinyint(4) DEFAULT NULL,
  `active` tinyint(4) DEFAULT 0,
  `note_to_customer` text COLLATE utf8mb4_unicode_ci DEFAULT NULL,
  `note_to_admin` text COLLATE utf8mb4_unicode_ci DEFAULT NULL,
  `is_instant` tinyint(4) DEFAULT 0,
  `create_user` bigint(20) DEFAULT NULL,
  `update_user` bigint(20) DEFAULT NULL,
  `created_at` timestamp NULL DEFAULT NULL,
  `updated_at` timestamp NULL DEFAULT NULL
) ENGINE=InnoDB DEFAULT CHARSET=utf8mb4 COLLATE=utf8mb4_unicode_ci;

-- --------------------------------------------------------

--
-- Estructura de tabla para la tabla `bravo_tour_meta`
--

CREATE TABLE `bravo_tour_meta` (
  `id` bigint(20) UNSIGNED NOT NULL,
  `tour_id` int(11) DEFAULT NULL,
  `enable_person_types` tinyint(4) DEFAULT NULL,
  `person_types` text COLLATE utf8mb4_unicode_ci DEFAULT NULL,
  `enable_extra_price` tinyint(4) DEFAULT NULL,
  `extra_price` text COLLATE utf8mb4_unicode_ci DEFAULT NULL,
  `discount_by_people` text COLLATE utf8mb4_unicode_ci DEFAULT NULL,
  `enable_open_hours` tinyint(4) DEFAULT NULL,
  `open_hours` text COLLATE utf8mb4_unicode_ci DEFAULT NULL,
  `create_user` int(11) DEFAULT NULL,
  `update_user` int(11) DEFAULT NULL,
  `created_at` timestamp NULL DEFAULT NULL,
  `updated_at` timestamp NULL DEFAULT NULL
) ENGINE=InnoDB DEFAULT CHARSET=utf8mb4 COLLATE=utf8mb4_unicode_ci;

--
-- Volcado de datos para la tabla `bravo_tour_meta`
--

INSERT INTO `bravo_tour_meta` (`id`, `tour_id`, `enable_person_types`, `person_types`, `enable_extra_price`, `extra_price`, `discount_by_people`, `enable_open_hours`, `open_hours`, `create_user`, `update_user`, `created_at`, `updated_at`) VALUES
(1, 1, 1, '[{\"name\":\"Adultos\",\"desc\":\"Age 18+\",\"min\":\"1\",\"max\":\"10\",\"price\":\"129\"},{\"name\":\"Child\",\"desc\":\"Age 6-12\",\"min\":\"0\",\"max\":\"10\",\"price\":\"99\"}]', 1, '[{\"name\":\"Guia Local\",\"price\":\"99\",\"type\":\"one_time\"}]', NULL, NULL, '{\"1\":{\"from\":\"00:00\",\"to\":\"00:00\"},\"2\":{\"from\":\"00:00\",\"to\":\"00:00\"},\"3\":{\"from\":\"00:00\",\"to\":\"00:00\"},\"4\":{\"from\":\"00:00\",\"to\":\"00:00\"},\"5\":{\"from\":\"00:00\",\"to\":\"00:00\"},\"6\":{\"from\":\"00:00\",\"to\":\"00:00\"},\"7\":{\"from\":\"00:00\",\"to\":\"00:00\"}}', 4, 4, NULL, '2022-07-27 03:41:09'),
(2, 2, 1, '[{\"name\":\"Adult\",\"desc\":\"Age 18+\",\"min\":\"1\",\"max\":\"10\",\"price\":\"1000\"},{\"name\":\"Child\",\"desc\":\"Age 6-17\",\"min\":\"0\",\"max\":\"10\",\"price\":\"300\"}]', 1, '[{\"name\":\"Clean\",\"price\":\"100\",\"type\":\"one_time\"}]', NULL, NULL, NULL, NULL, NULL, NULL, NULL),
(3, 3, 1, '[{\"name\":\"Adult\",\"desc\":\"Age 18+\",\"min\":\"1\",\"max\":\"10\",\"price\":\"1000\"},{\"name\":\"Child\",\"desc\":\"Age 6-17\",\"min\":\"0\",\"max\":\"10\",\"price\":\"300\"}]', 1, '[{\"name\":\"Clean\",\"price\":\"100\",\"type\":\"one_time\"}]', NULL, NULL, NULL, NULL, NULL, NULL, NULL),
(4, 4, 1, '[{\"name\":\"Adult\",\"desc\":\"Age 18+\",\"min\":\"1\",\"max\":\"10\",\"price\":\"1000\"},{\"name\":\"Child\",\"desc\":\"Age 6-17\",\"min\":\"0\",\"max\":\"10\",\"price\":\"300\"}]', 1, '[{\"name\":\"Clean\",\"price\":\"100\",\"type\":\"one_time\"}]', NULL, NULL, NULL, NULL, NULL, NULL, NULL),
(5, 5, 1, '[{\"name\":\"Adult\",\"desc\":\"Age 18+\",\"min\":\"1\",\"max\":\"10\",\"price\":\"1000\"},{\"name\":\"Child\",\"desc\":\"Age 6-17\",\"min\":\"0\",\"max\":\"10\",\"price\":\"300\"}]', 1, '[{\"name\":\"Clean\",\"price\":\"100\",\"type\":\"one_time\"}]', NULL, NULL, NULL, NULL, NULL, NULL, NULL),
(6, 6, 1, '[{\"name\":\"Adult\",\"desc\":\"Age 18+\",\"min\":\"1\",\"max\":\"10\",\"price\":\"1000\"},{\"name\":\"Child\",\"desc\":\"Age 6-17\",\"min\":\"0\",\"max\":\"10\",\"price\":\"300\"}]', 1, '[{\"name\":\"Clean\",\"price\":\"100\",\"type\":\"one_time\"}]', NULL, NULL, '{\"1\":{\"from\":\"00:00\",\"to\":\"00:00\"},\"2\":{\"from\":\"00:00\",\"to\":\"00:00\"},\"3\":{\"from\":\"00:00\",\"to\":\"00:00\"},\"4\":{\"from\":\"00:00\",\"to\":\"00:00\"},\"5\":{\"from\":\"00:00\",\"to\":\"00:00\"},\"6\":{\"from\":\"00:00\",\"to\":\"00:00\"},\"7\":{\"from\":\"00:00\",\"to\":\"00:00\"}}', 4, 1, NULL, '2022-07-29 03:41:22'),
(7, 7, 1, '[{\"name\":\"Adult\",\"desc\":\"Age 18+\",\"min\":\"1\",\"max\":\"10\",\"price\":\"1000\"},{\"name\":\"Child\",\"desc\":\"Age 6-17\",\"min\":\"0\",\"max\":\"10\",\"price\":\"300\"}]', 1, '[{\"name\":\"Clean\",\"price\":\"100\",\"type\":\"one_time\"}]', NULL, NULL, NULL, NULL, NULL, NULL, NULL),
(8, 8, 1, '[{\"name\":\"Adult\",\"desc\":\"Age 18+\",\"min\":\"1\",\"max\":\"10\",\"price\":\"1000\"},{\"name\":\"Child\",\"desc\":\"Age 6-17\",\"min\":\"0\",\"max\":\"10\",\"price\":\"300\"}]', 1, '[{\"name\":\"Clean\",\"price\":\"100\",\"type\":\"one_time\"}]', NULL, NULL, NULL, NULL, NULL, NULL, NULL),
(9, 9, 1, '[{\"name\":\"Adult\",\"desc\":\"Age 18+\",\"min\":\"1\",\"max\":\"10\",\"price\":\"1000\"},{\"name\":\"Child\",\"desc\":\"Age 6-17\",\"min\":\"0\",\"max\":\"10\",\"price\":\"300\"}]', 1, '[{\"name\":\"Clean\",\"price\":\"100\",\"type\":\"one_time\"}]', NULL, NULL, NULL, NULL, NULL, NULL, NULL),
(10, 10, 1, '[{\"name\":\"Adult\",\"desc\":\"Age 18+\",\"min\":\"1\",\"max\":\"10\",\"price\":\"1000\"},{\"name\":\"Child\",\"desc\":\"Age 6-17\",\"min\":\"0\",\"max\":\"10\",\"price\":\"300\"}]', 1, '[{\"name\":\"Clean\",\"price\":\"100\",\"type\":\"one_time\"}]', NULL, NULL, NULL, NULL, NULL, NULL, NULL),
(11, 11, 1, '[{\"name\":\"Adult\",\"desc\":\"Age 18+\",\"min\":\"1\",\"max\":\"10\",\"price\":\"1000\"},{\"name\":\"Child\",\"desc\":\"Age 6-17\",\"min\":\"0\",\"max\":\"10\",\"price\":\"300\"}]', 1, '[{\"name\":\"Clean\",\"price\":\"100\",\"type\":\"one_time\"}]', NULL, NULL, NULL, NULL, NULL, NULL, NULL),
(12, 12, 1, '[{\"name\":\"Adult\",\"desc\":\"Age 18+\",\"min\":\"1\",\"max\":\"10\",\"price\":\"1000\"},{\"name\":\"Child\",\"desc\":\"Age 6-17\",\"min\":\"0\",\"max\":\"10\",\"price\":\"300\"}]', 1, '[{\"name\":\"Clean\",\"price\":\"100\",\"type\":\"one_time\"}]', NULL, NULL, NULL, NULL, NULL, NULL, NULL),
(13, 13, 1, '[{\"name\":\"Adult\",\"desc\":\"Age 18+\",\"min\":\"1\",\"max\":\"10\",\"price\":\"1000\"},{\"name\":\"Child\",\"desc\":\"Age 6-17\",\"min\":\"0\",\"max\":\"10\",\"price\":\"300\"}]', 1, '[{\"name\":\"Clean\",\"price\":\"100\",\"type\":\"one_time\"}]', NULL, NULL, NULL, NULL, NULL, NULL, NULL),
(14, 14, 1, '[{\"name\":\"Adult\",\"desc\":\"Age 18+\",\"min\":\"1\",\"max\":\"10\",\"price\":\"1000\"},{\"name\":\"Child\",\"desc\":\"Age 6-17\",\"min\":\"0\",\"max\":\"10\",\"price\":\"300\"}]', 1, '[{\"name\":\"Clean\",\"price\":\"100\",\"type\":\"one_time\"}]', NULL, NULL, NULL, NULL, NULL, NULL, NULL),
(15, 15, 1, '[{\"name\":\"Adult\",\"desc\":\"Age 18+\",\"min\":\"1\",\"max\":\"10\",\"price\":\"1000\"},{\"name\":\"Child\",\"desc\":\"Age 6-17\",\"min\":\"0\",\"max\":\"10\",\"price\":\"300\"}]', 1, '[{\"name\":\"Clean\",\"price\":\"100\",\"type\":\"one_time\"}]', NULL, NULL, NULL, NULL, NULL, NULL, NULL),
(16, 16, 1, '[{\"name\":\"Adult\",\"desc\":\"Age 18+\",\"min\":\"1\",\"max\":\"10\",\"price\":\"1000\"},{\"name\":\"Child\",\"desc\":\"Age 6-17\",\"min\":\"0\",\"max\":\"10\",\"price\":\"300\"}]', 1, '[{\"name\":\"Clean\",\"price\":\"100\",\"type\":\"one_time\"}]', NULL, NULL, NULL, NULL, NULL, NULL, NULL);

-- --------------------------------------------------------

--
-- Estructura de tabla para la tabla `bravo_tour_term`
--

CREATE TABLE `bravo_tour_term` (
  `id` bigint(20) UNSIGNED NOT NULL,
  `term_id` int(11) DEFAULT NULL,
  `tour_id` int(11) DEFAULT NULL,
  `create_user` bigint(20) DEFAULT NULL,
  `update_user` bigint(20) DEFAULT NULL,
  `created_at` timestamp NULL DEFAULT NULL,
  `updated_at` timestamp NULL DEFAULT NULL
) ENGINE=InnoDB DEFAULT CHARSET=utf8mb4 COLLATE=utf8mb4_unicode_ci;

--
-- Volcado de datos para la tabla `bravo_tour_term`
--

INSERT INTO `bravo_tour_term` (`id`, `term_id`, `tour_id`, `create_user`, `update_user`, `created_at`, `updated_at`) VALUES
(1, 1, 1, NULL, NULL, '2022-07-24 01:33:41', '2022-07-24 01:33:41'),
(4, 5, 1, NULL, NULL, '2022-07-24 01:33:41', '2022-07-24 01:33:41'),
(5, 6, 1, NULL, NULL, '2022-07-24 01:33:41', '2022-07-24 01:33:41'),
(7, 1, 2, NULL, NULL, '2022-07-24 01:33:41', '2022-07-24 01:33:41'),
(8, 4, 2, NULL, NULL, '2022-07-24 01:33:41', '2022-07-24 01:33:41'),
(9, 5, 2, NULL, NULL, '2022-07-24 01:33:41', '2022-07-24 01:33:41'),
(10, 6, 2, NULL, NULL, '2022-07-24 01:33:41', '2022-07-24 01:33:41'),
(11, 2, 3, NULL, NULL, '2022-07-24 01:33:41', '2022-07-24 01:33:41'),
(12, 3, 3, NULL, NULL, '2022-07-24 01:33:41', '2022-07-24 01:33:41'),
(13, 1, 4, NULL, NULL, '2022-07-24 01:33:41', '2022-07-24 01:33:41'),
(14, 2, 4, NULL, NULL, '2022-07-24 01:33:41', '2022-07-24 01:33:41'),
(15, 5, 4, NULL, NULL, '2022-07-24 01:33:41', '2022-07-24 01:33:41'),
(16, 7, 4, NULL, NULL, '2022-07-24 01:33:41', '2022-07-24 01:33:41'),
(17, 1, 5, NULL, NULL, '2022-07-24 01:33:41', '2022-07-24 01:33:41'),
(18, 2, 5, NULL, NULL, '2022-07-24 01:33:41', '2022-07-24 01:33:41'),
(19, 3, 5, NULL, NULL, '2022-07-24 01:33:41', '2022-07-24 01:33:41'),
(20, 4, 5, NULL, NULL, '2022-07-24 01:33:41', '2022-07-24 01:33:41'),
(21, 6, 5, NULL, NULL, '2022-07-24 01:33:41', '2022-07-24 01:33:41'),
(22, 7, 5, NULL, NULL, '2022-07-24 01:33:41', '2022-07-24 01:33:41'),
(23, 1, 6, NULL, NULL, '2022-07-24 01:33:41', '2022-07-24 01:33:41'),
(24, 2, 6, NULL, NULL, '2022-07-24 01:33:41', '2022-07-24 01:33:41'),
(25, 4, 6, NULL, NULL, '2022-07-24 01:33:41', '2022-07-24 01:33:41'),
(26, 5, 6, NULL, NULL, '2022-07-24 01:33:41', '2022-07-24 01:33:41'),
(27, 7, 6, NULL, NULL, '2022-07-24 01:33:41', '2022-07-24 01:33:41'),
(28, 1, 7, NULL, NULL, '2022-07-24 01:33:41', '2022-07-24 01:33:41'),
(29, 2, 7, NULL, NULL, '2022-07-24 01:33:41', '2022-07-24 01:33:41'),
(30, 5, 7, NULL, NULL, '2022-07-24 01:33:41', '2022-07-24 01:33:41'),
(31, 1, 8, NULL, NULL, '2022-07-24 01:33:41', '2022-07-24 01:33:41'),
(32, 2, 8, NULL, NULL, '2022-07-24 01:33:41', '2022-07-24 01:33:41'),
(33, 7, 8, NULL, NULL, '2022-07-24 01:33:41', '2022-07-24 01:33:41'),
(34, 1, 9, NULL, NULL, '2022-07-24 01:33:41', '2022-07-24 01:33:41'),
(35, 2, 9, NULL, NULL, '2022-07-24 01:33:41', '2022-07-24 01:33:41'),
(36, 3, 9, NULL, NULL, '2022-07-24 01:33:41', '2022-07-24 01:33:41'),
(37, 6, 9, NULL, NULL, '2022-07-24 01:33:41', '2022-07-24 01:33:41'),
(38, 7, 9, NULL, NULL, '2022-07-24 01:33:41', '2022-07-24 01:33:41'),
(39, 1, 10, NULL, NULL, '2022-07-24 01:33:41', '2022-07-24 01:33:41'),
(40, 2, 10, NULL, NULL, '2022-07-24 01:33:41', '2022-07-24 01:33:41'),
(41, 3, 10, NULL, NULL, '2022-07-24 01:33:41', '2022-07-24 01:33:41'),
(42, 5, 10, NULL, NULL, '2022-07-24 01:33:41', '2022-07-24 01:33:41'),
(43, 6, 10, NULL, NULL, '2022-07-24 01:33:41', '2022-07-24 01:33:41'),
(44, 7, 10, NULL, NULL, '2022-07-24 01:33:41', '2022-07-24 01:33:41'),
(45, 1, 11, NULL, NULL, '2022-07-24 01:33:41', '2022-07-24 01:33:41'),
(46, 2, 11, NULL, NULL, '2022-07-24 01:33:41', '2022-07-24 01:33:41'),
(47, 3, 11, NULL, NULL, '2022-07-24 01:33:41', '2022-07-24 01:33:41'),
(48, 7, 11, NULL, NULL, '2022-07-24 01:33:41', '2022-07-24 01:33:41'),
(49, 1, 12, NULL, NULL, '2022-07-24 01:33:41', '2022-07-24 01:33:41'),
(50, 2, 12, NULL, NULL, '2022-07-24 01:33:41', '2022-07-24 01:33:41'),
(51, 3, 12, NULL, NULL, '2022-07-24 01:33:41', '2022-07-24 01:33:41'),
(52, 4, 12, NULL, NULL, '2022-07-24 01:33:41', '2022-07-24 01:33:41'),
(53, 7, 12, NULL, NULL, '2022-07-24 01:33:41', '2022-07-24 01:33:41'),
(54, 2, 13, NULL, NULL, '2022-07-24 01:33:41', '2022-07-24 01:33:41'),
(55, 3, 13, NULL, NULL, '2022-07-24 01:33:41', '2022-07-24 01:33:41'),
(56, 5, 13, NULL, NULL, '2022-07-24 01:33:41', '2022-07-24 01:33:41'),
(57, 2, 14, NULL, NULL, '2022-07-24 01:33:41', '2022-07-24 01:33:41'),
(58, 3, 14, NULL, NULL, '2022-07-24 01:33:41', '2022-07-24 01:33:41'),
(59, 5, 14, NULL, NULL, '2022-07-24 01:33:41', '2022-07-24 01:33:41'),
(60, 6, 14, NULL, NULL, '2022-07-24 01:33:41', '2022-07-24 01:33:41'),
(61, 7, 14, NULL, NULL, '2022-07-24 01:33:41', '2022-07-24 01:33:41'),
(62, 1, 15, NULL, NULL, '2022-07-24 01:33:41', '2022-07-24 01:33:41'),
(63, 2, 15, NULL, NULL, '2022-07-24 01:33:41', '2022-07-24 01:33:41'),
(64, 6, 15, NULL, NULL, '2022-07-24 01:33:41', '2022-07-24 01:33:41'),
(65, 2, 16, NULL, NULL, '2022-07-24 01:33:41', '2022-07-24 01:33:41'),
(66, 4, 16, NULL, NULL, '2022-07-24 01:33:41', '2022-07-24 01:33:41'),
(67, 5, 16, NULL, NULL, '2022-07-24 01:33:41', '2022-07-24 01:33:41'),
(68, 6, 16, NULL, NULL, '2022-07-24 01:33:41', '2022-07-24 01:33:41'),
(69, 7, 16, NULL, NULL, '2022-07-24 01:33:41', '2022-07-24 01:33:41'),
(72, 10, 1, NULL, NULL, '2022-07-24 01:33:41', '2022-07-24 01:33:41'),
(77, 8, 2, NULL, NULL, '2022-07-24 01:33:41', '2022-07-24 01:33:41'),
(78, 10, 2, NULL, NULL, '2022-07-24 01:33:41', '2022-07-24 01:33:41'),
(79, 10, 3, NULL, NULL, '2022-07-24 01:33:41', '2022-07-24 01:33:41'),
(80, 10, 4, NULL, NULL, '2022-07-24 01:33:41', '2022-07-24 01:33:41'),
(81, 11, 4, NULL, NULL, '2022-07-24 01:33:41', '2022-07-24 01:33:41'),
(82, 12, 4, NULL, NULL, '2022-07-24 01:33:41', '2022-07-24 01:33:41'),
(83, 14, 4, NULL, NULL, '2022-07-24 01:33:41', '2022-07-24 01:33:41'),
(84, 8, 5, NULL, NULL, '2022-07-24 01:33:41', '2022-07-24 01:33:41'),
(85, 9, 5, NULL, NULL, '2022-07-24 01:33:41', '2022-07-24 01:33:41'),
(86, 12, 5, NULL, NULL, '2022-07-24 01:33:41', '2022-07-24 01:33:41'),
(87, 13, 5, NULL, NULL, '2022-07-24 01:33:41', '2022-07-24 01:33:41'),
(88, 14, 5, NULL, NULL, '2022-07-24 01:33:41', '2022-07-24 01:33:41'),
(89, 9, 6, NULL, NULL, '2022-07-24 01:33:41', '2022-07-24 01:33:41'),
(90, 11, 6, NULL, NULL, '2022-07-24 01:33:41', '2022-07-24 01:33:41'),
(91, 13, 6, NULL, NULL, '2022-07-24 01:33:41', '2022-07-24 01:33:41'),
(92, 14, 6, NULL, NULL, '2022-07-24 01:33:41', '2022-07-24 01:33:41'),
(93, 8, 7, NULL, NULL, '2022-07-24 01:33:41', '2022-07-24 01:33:41'),
(94, 9, 7, NULL, NULL, '2022-07-24 01:33:41', '2022-07-24 01:33:41'),
(95, 10, 7, NULL, NULL, '2022-07-24 01:33:41', '2022-07-24 01:33:41'),
(96, 11, 7, NULL, NULL, '2022-07-24 01:33:41', '2022-07-24 01:33:41'),
(97, 12, 7, NULL, NULL, '2022-07-24 01:33:41', '2022-07-24 01:33:41'),
(98, 13, 7, NULL, NULL, '2022-07-24 01:33:41', '2022-07-24 01:33:41'),
(99, 8, 8, NULL, NULL, '2022-07-24 01:33:41', '2022-07-24 01:33:41'),
(100, 9, 8, NULL, NULL, '2022-07-24 01:33:41', '2022-07-24 01:33:41'),
(101, 11, 8, NULL, NULL, '2022-07-24 01:33:41', '2022-07-24 01:33:41'),
(102, 12, 8, NULL, NULL, '2022-07-24 01:33:41', '2022-07-24 01:33:41'),
(103, 13, 8, NULL, NULL, '2022-07-24 01:33:41', '2022-07-24 01:33:41'),
(104, 8, 9, NULL, NULL, '2022-07-24 01:33:41', '2022-07-24 01:33:41'),
(105, 9, 9, NULL, NULL, '2022-07-24 01:33:41', '2022-07-24 01:33:41'),
(106, 10, 9, NULL, NULL, '2022-07-24 01:33:41', '2022-07-24 01:33:41'),
(107, 11, 9, NULL, NULL, '2022-07-24 01:33:41', '2022-07-24 01:33:41'),
(108, 13, 9, NULL, NULL, '2022-07-24 01:33:41', '2022-07-24 01:33:41'),
(109, 8, 10, NULL, NULL, '2022-07-24 01:33:41', '2022-07-24 01:33:41'),
(110, 9, 10, NULL, NULL, '2022-07-24 01:33:41', '2022-07-24 01:33:41'),
(111, 13, 10, NULL, NULL, '2022-07-24 01:33:41', '2022-07-24 01:33:41'),
(112, 14, 10, NULL, NULL, '2022-07-24 01:33:41', '2022-07-24 01:33:41'),
(113, 8, 11, NULL, NULL, '2022-07-24 01:33:41', '2022-07-24 01:33:41'),
(114, 9, 11, NULL, NULL, '2022-07-24 01:33:41', '2022-07-24 01:33:41'),
(115, 11, 11, NULL, NULL, '2022-07-24 01:33:41', '2022-07-24 01:33:41'),
(116, 13, 11, NULL, NULL, '2022-07-24 01:33:41', '2022-07-24 01:33:41'),
(117, 8, 12, NULL, NULL, '2022-07-24 01:33:41', '2022-07-24 01:33:41'),
(118, 9, 12, NULL, NULL, '2022-07-24 01:33:41', '2022-07-24 01:33:41'),
(119, 11, 12, NULL, NULL, '2022-07-24 01:33:41', '2022-07-24 01:33:41'),
(120, 12, 12, NULL, NULL, '2022-07-24 01:33:41', '2022-07-24 01:33:41'),
(121, 14, 12, NULL, NULL, '2022-07-24 01:33:41', '2022-07-24 01:33:41'),
(122, 8, 13, NULL, NULL, '2022-07-24 01:33:41', '2022-07-24 01:33:41'),
(123, 10, 13, NULL, NULL, '2022-07-24 01:33:41', '2022-07-24 01:33:41'),
(124, 11, 13, NULL, NULL, '2022-07-24 01:33:41', '2022-07-24 01:33:41'),
(125, 12, 13, NULL, NULL, '2022-07-24 01:33:41', '2022-07-24 01:33:41'),
(126, 13, 13, NULL, NULL, '2022-07-24 01:33:41', '2022-07-24 01:33:41'),
(127, 14, 13, NULL, NULL, '2022-07-24 01:33:41', '2022-07-24 01:33:41'),
(128, 8, 14, NULL, NULL, '2022-07-24 01:33:41', '2022-07-24 01:33:41'),
(129, 9, 14, NULL, NULL, '2022-07-24 01:33:41', '2022-07-24 01:33:41'),
(130, 10, 14, NULL, NULL, '2022-07-24 01:33:41', '2022-07-24 01:33:41'),
(131, 12, 14, NULL, NULL, '2022-07-24 01:33:41', '2022-07-24 01:33:41'),
(132, 13, 14, NULL, NULL, '2022-07-24 01:33:41', '2022-07-24 01:33:41'),
(133, 14, 14, NULL, NULL, '2022-07-24 01:33:41', '2022-07-24 01:33:41'),
(134, 8, 15, NULL, NULL, '2022-07-24 01:33:41', '2022-07-24 01:33:41'),
(135, 9, 15, NULL, NULL, '2022-07-24 01:33:41', '2022-07-24 01:33:41'),
(136, 11, 15, NULL, NULL, '2022-07-24 01:33:41', '2022-07-24 01:33:41'),
(137, 12, 15, NULL, NULL, '2022-07-24 01:33:41', '2022-07-24 01:33:41'),
(138, 14, 15, NULL, NULL, '2022-07-24 01:33:41', '2022-07-24 01:33:41'),
(139, 9, 16, NULL, NULL, '2022-07-24 01:33:41', '2022-07-24 01:33:41'),
(140, 10, 16, NULL, NULL, '2022-07-24 01:33:41', '2022-07-24 01:33:41'),
(141, 11, 16, NULL, NULL, '2022-07-24 01:33:41', '2022-07-24 01:33:41'),
(142, 12, 16, NULL, NULL, '2022-07-24 01:33:41', '2022-07-24 01:33:41'),
(143, 14, 16, NULL, NULL, '2022-07-24 01:33:41', '2022-07-24 01:33:41');

-- --------------------------------------------------------

--
-- Estructura de tabla para la tabla `bravo_tour_translations`
--

CREATE TABLE `bravo_tour_translations` (
  `id` bigint(20) UNSIGNED NOT NULL,
  `origin_id` bigint(20) DEFAULT NULL,
  `locale` varchar(10) COLLATE utf8mb4_unicode_ci DEFAULT NULL,
  `title` varchar(255) COLLATE utf8mb4_unicode_ci DEFAULT NULL,
  `slug` varchar(255) CHARACTER SET utf8 NOT NULL,
  `content` text COLLATE utf8mb4_unicode_ci DEFAULT NULL,
  `short_desc` text COLLATE utf8mb4_unicode_ci DEFAULT NULL,
  `address` varchar(255) COLLATE utf8mb4_unicode_ci DEFAULT NULL,
  `faqs` text COLLATE utf8mb4_unicode_ci DEFAULT NULL,
  `create_user` int(11) DEFAULT NULL,
  `update_user` int(11) DEFAULT NULL,
  `created_at` timestamp NULL DEFAULT NULL,
  `updated_at` timestamp NULL DEFAULT NULL,
  `include` text COLLATE utf8mb4_unicode_ci DEFAULT NULL,
  `exclude` text COLLATE utf8mb4_unicode_ci DEFAULT NULL,
  `itinerary` text COLLATE utf8mb4_unicode_ci DEFAULT NULL,
  `surrounding` text COLLATE utf8mb4_unicode_ci DEFAULT NULL
) ENGINE=InnoDB DEFAULT CHARSET=utf8mb4 COLLATE=utf8mb4_unicode_ci;

-- --------------------------------------------------------

--
-- Estructura de tabla para la tabla `ch_favorites`
--

CREATE TABLE `ch_favorites` (
  `id` bigint(20) NOT NULL,
  `user_id` bigint(20) NOT NULL,
  `favorite_id` bigint(20) NOT NULL,
  `created_at` timestamp NULL DEFAULT NULL,
  `updated_at` timestamp NULL DEFAULT NULL
) ENGINE=InnoDB DEFAULT CHARSET=utf8mb4 COLLATE=utf8mb4_unicode_ci;

-- --------------------------------------------------------

--
-- Estructura de tabla para la tabla `ch_messages`
--

CREATE TABLE `ch_messages` (
  `id` bigint(20) NOT NULL,
  `type` varchar(191) COLLATE utf8mb4_unicode_ci NOT NULL,
  `from_id` bigint(20) NOT NULL,
  `to_id` bigint(20) NOT NULL,
  `body` varchar(5000) COLLATE utf8mb4_unicode_ci DEFAULT NULL,
  `attachment` varchar(191) COLLATE utf8mb4_unicode_ci DEFAULT NULL,
  `seen` tinyint(1) NOT NULL DEFAULT 0,
  `created_at` timestamp NULL DEFAULT NULL,
  `updated_at` timestamp NULL DEFAULT NULL
) ENGINE=InnoDB DEFAULT CHARSET=utf8mb4 COLLATE=utf8mb4_unicode_ci;

-- --------------------------------------------------------

--
-- Estructura de tabla para la tabla `core_inbox`
--

CREATE TABLE `core_inbox` (
  `id` bigint(20) UNSIGNED NOT NULL,
  `from_user` bigint(20) DEFAULT NULL,
  `to_user` bigint(20) DEFAULT NULL,
  `object_id` bigint(20) DEFAULT NULL,
  `object_model` varchar(50) COLLATE utf8mb4_unicode_ci DEFAULT NULL,
  `type` tinyint(4) DEFAULT 0,
  `create_user` int(11) DEFAULT NULL,
  `update_user` int(11) DEFAULT NULL,
  `created_at` timestamp NULL DEFAULT NULL,
  `updated_at` timestamp NULL DEFAULT NULL
) ENGINE=InnoDB DEFAULT CHARSET=utf8mb4 COLLATE=utf8mb4_unicode_ci;

-- --------------------------------------------------------

--
-- Estructura de tabla para la tabla `core_inbox_messages`
--

CREATE TABLE `core_inbox_messages` (
  `id` bigint(20) UNSIGNED NOT NULL,
  `inbox_id` bigint(20) DEFAULT NULL,
  `from_user` bigint(20) DEFAULT NULL,
  `to_user` bigint(20) DEFAULT NULL,
  `content` text COLLATE utf8mb4_unicode_ci DEFAULT NULL,
  `type` tinyint(4) DEFAULT 0,
  `is_read` tinyint(4) DEFAULT 0,
  `create_user` int(11) DEFAULT NULL,
  `update_user` int(11) DEFAULT NULL,
  `created_at` timestamp NULL DEFAULT NULL,
  `updated_at` timestamp NULL DEFAULT NULL
) ENGINE=InnoDB DEFAULT CHARSET=utf8mb4 COLLATE=utf8mb4_unicode_ci;

-- --------------------------------------------------------

--
-- Estructura de tabla para la tabla `core_languages`
--

CREATE TABLE `core_languages` (
  `id` bigint(20) UNSIGNED NOT NULL,
  `locale` varchar(10) COLLATE utf8mb4_unicode_ci DEFAULT NULL,
  `name` varchar(255) COLLATE utf8mb4_unicode_ci DEFAULT NULL,
  `flag` varchar(255) COLLATE utf8mb4_unicode_ci DEFAULT NULL,
  `status` varchar(20) COLLATE utf8mb4_unicode_ci DEFAULT NULL,
  `create_user` int(11) DEFAULT NULL,
  `update_user` int(11) DEFAULT NULL,
  `last_build_at` timestamp NULL DEFAULT NULL,
  `deleted_at` timestamp NULL DEFAULT NULL,
  `created_at` timestamp NULL DEFAULT NULL,
  `updated_at` timestamp NULL DEFAULT NULL
) ENGINE=InnoDB DEFAULT CHARSET=utf8mb4 COLLATE=utf8mb4_unicode_ci;

--
-- Volcado de datos para la tabla `core_languages`
--

INSERT INTO `core_languages` (`id`, `locale`, `name`, `flag`, `status`, `create_user`, `update_user`, `last_build_at`, `deleted_at`, `created_at`, `updated_at`) VALUES
(1, 'en', 'English', 'us', 'draft', 1, 1, NULL, NULL, '2022-07-24 01:33:39', '2022-07-26 19:18:55'),
(2, 'ja', 'Japanese', 'jp', 'draft', 1, 1, NULL, '2022-07-27 02:08:43', '2022-07-24 01:33:39', '2022-07-27 02:08:43'),
(3, 'egy', 'Egyptian', 'eg', 'draft', 1, 1, NULL, '2022-07-27 02:08:43', '2022-07-24 01:33:39', '2022-07-27 02:08:43'),
(4, 'es', 'Español', 'bo', 'publish', 1, 1, '2022-07-24 04:20:35', NULL, '2022-07-24 01:46:46', '2022-07-24 04:20:35');

-- --------------------------------------------------------

--
-- Estructura de tabla para la tabla `core_menus`
--

CREATE TABLE `core_menus` (
  `id` bigint(20) UNSIGNED NOT NULL,
  `name` varchar(255) COLLATE utf8mb4_unicode_ci DEFAULT NULL,
  `items` longtext COLLATE utf8mb4_unicode_ci DEFAULT NULL,
  `create_user` int(11) DEFAULT NULL,
  `update_user` int(11) DEFAULT NULL,
  `origin_id` bigint(20) DEFAULT NULL,
  `lang` varchar(10) COLLATE utf8mb4_unicode_ci DEFAULT NULL,
  `created_at` timestamp NULL DEFAULT NULL,
  `updated_at` timestamp NULL DEFAULT NULL
) ENGINE=InnoDB DEFAULT CHARSET=utf8mb4 COLLATE=utf8mb4_unicode_ci;

--
-- Volcado de datos para la tabla `core_menus`
--

INSERT INTO `core_menus` (`id`, `name`, `items`, `create_user`, `update_user`, `origin_id`, `lang`, `created_at`, `updated_at`) VALUES
(1, 'Main Menu', '[{\"name\":\"Principal\",\"url\":\"\\/page\\/principal\",\"item_model\":\"custom\",\"model_name\":\"Custom\",\"is_removed\":true,\"_open\":false,\"children\":[]},{\"name\":\"Tours\",\"url\":\"\\/tour\",\"item_model\":\"custom\",\"model_name\":\"Custom\",\"is_removed\":true,\"_open\":false,\"children\":[{\"name\":\"Tours Clasicos\",\"url\":\"\\/tour\",\"item_model\":\"custom\",\"model_name\":\"Custom\",\"is_removed\":true,\"_open\":false,\"children\":[]},{\"name\":\"Tours Especiales\",\"url\":\"\\/tour?_layout=map\",\"item_model\":\"custom\",\"model_name\":\"Custom\",\"is_removed\":true,\"_open\":false,\"children\":[]},{\"name\":\"Tours Privados\",\"url\":\"\\/tour\\/paris-vacation-travel\",\"item_model\":\"custom\",\"model_name\":\"Custom\",\"is_removed\":true,\"_open\":false,\"children\":[]}]},{\"name\":\"Contactos\",\"url\":\"\\/contact\",\"item_model\":\"custom\",\"model_name\":\"Custom\",\"is_removed\":true,\"_open\":false,\"children\":[]},{\"id\":11,\"name\":\"Noticias\",\"class\":\"\\/page\\/noticias\\/\",\"target\":\"\",\"open\":false,\"item_model\":\"Modules\\\\Page\\\\Models\\\\Page\",\"origin_name\":\"Page\",\"model_name\":\"Page\",\"_open\":true}]', 1, 1, NULL, NULL, '2022-07-24 01:33:39', '2022-07-26 23:13:52');

-- --------------------------------------------------------

--
-- Estructura de tabla para la tabla `core_menu_translations`
--

CREATE TABLE `core_menu_translations` (
  `id` bigint(20) UNSIGNED NOT NULL,
  `origin_id` int(10) UNSIGNED NOT NULL,
  `locale` varchar(191) COLLATE utf8mb4_unicode_ci NOT NULL,
  `items` longtext COLLATE utf8mb4_unicode_ci DEFAULT NULL,
  `create_user` int(11) DEFAULT NULL,
  `update_user` int(11) DEFAULT NULL,
  `created_at` timestamp NULL DEFAULT NULL,
  `updated_at` timestamp NULL DEFAULT NULL
) ENGINE=InnoDB DEFAULT CHARSET=utf8mb4 COLLATE=utf8mb4_unicode_ci;

--
-- Volcado de datos para la tabla `core_menu_translations`
--

INSERT INTO `core_menu_translations` (`id`, `origin_id`, `locale`, `items`, `create_user`, `update_user`, `created_at`, `updated_at`) VALUES
(1, 1, 'ja', '[{\"name\":\"Home\",\"url\":\"\\/\",\"item_model\":\"custom\",\"model_name\":\"Custom\",\"children\":[{\"name\":\"Home Page\",\"url\":\"\\/\",\"item_model\":\"custom\",\"children\":[]},{\"name\":\"Home v2\",\"url\":\"\\/page\\/home-v2\",\"item_model\":\"custom\",\"children\":[]},{\"name\":\"Home Hotel\",\"url\":\"\\/page\\/home-hotel\",\"item_model\":\"custom\",\"children\":[]},{\"name\":\"Home Tour\",\"url\":\"\\/page\\/home-tour\",\"item_model\":\"custom\",\"children\":[]},{\"name\":\"Home Space\",\"url\":\"\\/page\\/home-space\",\"item_model\":\"custom\",\"children\":[]},{\"name\":\"Home Event\",\"url\":\"\\/page\\/home-event\",\"item_model\":\"custom\",\"children\":[]},{\"name\":\"Home Car\",\"url\":\"\\/page\\/home-car\",\"item_model\":\"custom\",\"children\":[]}]},{\"name\":\"Hotel\",\"url\":\"\\/ja\\/hotel\",\"item_model\":\"custom\",\"model_name\":\"Custom\",\"children\":[{\"name\":\"Hotel List\",\"url\":\"\\/ja\\/hotel\",\"item_model\":\"custom\",\"model_name\":\"Custom\",\"children\":[]},{\"name\":\"Hotel Map\",\"url\":\"\\/ja\\/hotel?_layout=map\",\"item_model\":\"custom\",\"model_name\":\"Custom\",\"children\":[]},{\"name\":\"Hotel Detail\",\"url\":\"\\/ja\\/hotel\\/parian-holiday-villas\",\"item_model\":\"custom\",\"model_name\":\"Custom\",\"children\":[]}]},{\"name\":\"Tours\",\"url\":\"\\/ja\\/tour\",\"item_model\":\"custom\",\"model_name\":\"Custom\",\"children\":[{\"name\":\"Tour List\",\"url\":\"\\/ja\\/tour\",\"item_model\":\"custom\",\"model_name\":\"Custom\",\"children\":[]},{\"name\":\"Tour Map\",\"url\":\"\\/ja\\/tour?_layout=map\",\"item_model\":\"custom\",\"model_name\":\"Custom\",\"children\":[]},{\"name\":\"Tour Detail\",\"url\":\"\\/ja\\/tour\\/paris-vacation-travel\",\"item_model\":\"custom\",\"model_name\":\"Custom\",\"children\":[]}]},{\"name\":\"Space\",\"url\":\"\\/ja\\/space\",\"item_model\":\"custom\",\"model_name\":\"Custom\",\"children\":[{\"name\":\"Space List\",\"url\":\"\\/ja\\/space\",\"item_model\":\"custom\",\"model_name\":\"Custom\",\"children\":[]},{\"name\":\"Space Map\",\"url\":\"\\/ja\\/space?_layout=map\",\"item_model\":\"custom\",\"model_name\":\"Custom\",\"children\":[]},{\"name\":\"Space Detail\",\"url\":\"\\/ja\\/space\\/stay-greenwich-village\",\"item_model\":\"custom\",\"model_name\":\"Custom\",\"children\":[]}]},{\"name\":\"Car\",\"url\":\"\\/ja\\/car\",\"item_model\":\"custom\",\"model_name\":\"Custom\",\"children\":[{\"name\":\"Car List\",\"url\":\"\\/ja\\/car\",\"item_model\":\"custom\",\"model_name\":\"Custom\",\"children\":[]},{\"name\":\"Car Map\",\"url\":\"\\/ja\\/car?_layout=map\",\"item_model\":\"custom\",\"model_name\":\"Custom\",\"children\":[]},{\"name\":\"Car Detail\",\"url\":\"\\/ja\\/car\\/vinfast-lux-a20-plus\",\"item_model\":\"custom\",\"model_name\":\"Custom\",\"children\":[]}]},{\"name\":\"Event\",\"url\":\"\\/ja\\/event\",\"item_model\":\"custom\",\"model_name\":\"Custom\",\"children\":[{\"name\":\"Event List\",\"url\":\"\\/ja\\/event\",\"item_model\":\"custom\",\"model_name\":\"Custom\",\"children\":[]},{\"name\":\"Event Map\",\"url\":\"\\/ja\\/event?_layout=map\",\"item_model\":\"custom\",\"model_name\":\"Custom\",\"children\":[]},{\"name\":\"Event Detail\",\"url\":\"\\/ja\\/event\\/aspen-glade-weddings-events\",\"item_model\":\"custom\",\"model_name\":\"Custom\",\"children\":[]}]},{\"name\":\"Flight\",\"url\":\"\\/ja\\/flight\",\"item_model\":\"custom\",\"model_name\":\"Custom\"},{\"name\":\"Boat\",\"url\":\"\\/ja\\/boat\",\"item_model\":\"custom\",\"model_name\":\"Custom\",\"children\":[{\"name\":\"Boat List\",\"url\":\"\\/ja\\/boat\",\"item_model\":\"custom\",\"model_name\":\"Custom\",\"children\":[]},{\"name\":\"Boat Map\",\"url\":\"\\/ja\\/boat?_layout=map\",\"item_model\":\"custom\",\"model_name\":\"Custom\",\"children\":[]},{\"name\":\"Boat Detail\",\"url\":\"\\/ja\\/boat\\/blue-moon-yc-300\",\"item_model\":\"custom\",\"model_name\":\"Custom\",\"children\":[]}]},{\"name\":\"Pages\",\"url\":\"#\",\"item_model\":\"custom\",\"model_name\":\"Custom\",\"children\":[{\"name\":\"News List\",\"url\":\"\\/ja\\/news\",\"item_model\":\"custom\",\"model_name\":\"Custom\",\"children\":[]},{\"name\":\"News Detail\",\"url\":\"\\/ja\\/news\\/morning-in-the-northern-sea\",\"item_model\":\"custom\",\"model_name\":\"Custom\",\"children\":[]},{\"name\":\"Location Detail\",\"url\":\"\\/ja\\/location\\/paris\",\"item_model\":\"custom\",\"children\":[]},{\"name\":\"Become a vendor\",\"url\":\"\\/ja\\/page\\/become-a-vendor\",\"item_model\":\"custom\",\"children\":[]},{\"name\":\"Contact\",\"url\":\"\\/ja\\/contact\",\"item_model\":\"custom\",\"model_name\":\"Custom\",\"children\":[]}]}]', 1, NULL, '2022-07-24 01:33:39', NULL),
(2, 1, 'egy', '[{\"name\":\"Home\",\"url\":\"\\/\",\"item_model\":\"custom\",\"model_name\":\"Custom\",\"children\":[{\"name\":\"Home Page\",\"url\":\"\\/\",\"item_model\":\"custom\",\"children\":[]},{\"name\":\"Home v2\",\"url\":\"\\/page\\/home-v2\",\"item_model\":\"custom\",\"children\":[]},{\"name\":\"Home Hotel\",\"url\":\"\\/page\\/home-hotel\",\"item_model\":\"custom\",\"children\":[]},{\"name\":\"Home Tour\",\"url\":\"\\/page\\/home-tour\",\"item_model\":\"custom\",\"children\":[]},{\"name\":\"Home Space\",\"url\":\"\\/page\\/home-space\",\"item_model\":\"custom\",\"children\":[]},{\"name\":\"Home Event\",\"url\":\"\\/page\\/home-event\",\"item_model\":\"custom\",\"children\":[]},{\"name\":\"Home Car\",\"url\":\"\\/page\\/home-car\",\"item_model\":\"custom\",\"children\":[]}]},{\"name\":\"Hotel\",\"url\":\"\\/egy\\/hotel\",\"item_model\":\"custom\",\"model_name\":\"Custom\",\"children\":[{\"name\":\"Hotel List\",\"url\":\"\\/egy\\/hotel\",\"item_model\":\"custom\",\"model_name\":\"Custom\",\"children\":[]},{\"name\":\"Hotel Map\",\"url\":\"\\/egy\\/hotel?_layout=map\",\"item_model\":\"custom\",\"model_name\":\"Custom\",\"children\":[]},{\"name\":\"Hotel Detail\",\"url\":\"\\/egy\\/hotel\\/parian-holiday-villas\",\"item_model\":\"custom\",\"model_name\":\"Custom\",\"children\":[]}]},{\"name\":\"Tours\",\"url\":\"\\/egy\\/tour\",\"item_model\":\"custom\",\"model_name\":\"Custom\",\"children\":[{\"name\":\"Tour List\",\"url\":\"\\/egy\\/tour\",\"item_model\":\"custom\",\"model_name\":\"Custom\",\"children\":[]},{\"name\":\"Tour Map\",\"url\":\"\\/egy\\/tour?_layout=map\",\"item_model\":\"custom\",\"model_name\":\"Custom\",\"children\":[]},{\"name\":\"Tour Detail\",\"url\":\"\\/egy\\/tour\\/paris-vacation-travel\",\"item_model\":\"custom\",\"model_name\":\"Custom\",\"children\":[]}]},{\"name\":\"Space\",\"url\":\"\\/egy\\/space\",\"item_model\":\"custom\",\"model_name\":\"Custom\",\"children\":[{\"name\":\"Space List\",\"url\":\"\\/egy\\/space\",\"item_model\":\"custom\",\"model_name\":\"Custom\",\"children\":[]},{\"name\":\"Space Map\",\"url\":\"\\/egy\\/space?_layout=map\",\"item_model\":\"custom\",\"model_name\":\"Custom\",\"children\":[]},{\"name\":\"Space Detail\",\"url\":\"\\/egy\\/space\\/stay-greenwich-village\",\"item_model\":\"custom\",\"model_name\":\"Custom\",\"children\":[]}]},{\"name\":\"Car\",\"url\":\"\\/egy\\/car\",\"item_model\":\"custom\",\"model_name\":\"Custom\",\"children\":[{\"name\":\"Car List\",\"url\":\"\\/egy\\/car\",\"item_model\":\"custom\",\"model_name\":\"Custom\",\"children\":[]},{\"name\":\"Car Map\",\"url\":\"\\/egy\\/car?_layout=map\",\"item_model\":\"custom\",\"model_name\":\"Custom\",\"children\":[]},{\"name\":\"Car Detail\",\"url\":\"\\/egy\\/car\\/vinfast-lux-a20-plus\",\"item_model\":\"custom\",\"model_name\":\"Custom\",\"children\":[]}]},{\"name\":\"Event\",\"url\":\"\\/egy\\/event\",\"item_model\":\"custom\",\"model_name\":\"Custom\",\"children\":[{\"name\":\"Event List\",\"url\":\"\\/egy\\/event\",\"item_model\":\"custom\",\"model_name\":\"Custom\",\"children\":[]},{\"name\":\"Event Map\",\"url\":\"\\/egy\\/event?_layout=map\",\"item_model\":\"custom\",\"model_name\":\"Custom\",\"children\":[]},{\"name\":\"Event Detail\",\"url\":\"\\/egy\\/event\\/aspen-glade-weddings-events\",\"item_model\":\"custom\",\"model_name\":\"Custom\",\"children\":[]}]},{\"name\":\"Flight\",\"url\":\"\\/egy\\/flight\",\"item_model\":\"custom\",\"model_name\":\"Custom\"},{\"name\":\"Boat\",\"url\":\"\\/egy\\/boat\",\"item_model\":\"custom\",\"model_name\":\"Custom\",\"children\":[{\"name\":\"Boat List\",\"url\":\"\\/egy\\/boat\",\"item_model\":\"custom\",\"model_name\":\"Custom\",\"children\":[]},{\"name\":\"Boat Map\",\"url\":\"\\/egy\\/boat?_layout=map\",\"item_model\":\"custom\",\"model_name\":\"Custom\",\"children\":[]},{\"name\":\"Boat Detail\",\"url\":\"\\/egy\\/boat\\/blue-moon-yc-300\",\"item_model\":\"custom\",\"model_name\":\"Custom\",\"children\":[]}]},{\"name\":\"Pages\",\"url\":\"#\",\"item_model\":\"custom\",\"model_name\":\"Custom\",\"children\":[{\"name\":\"News List\",\"url\":\"\\/egy\\/news\",\"item_model\":\"custom\",\"model_name\":\"Custom\",\"children\":[]},{\"name\":\"News Detail\",\"url\":\"\\/egy\\/news\\/morning-in-the-northern-sea\",\"item_model\":\"custom\",\"model_name\":\"Custom\",\"children\":[]},{\"name\":\"Location Detail\",\"url\":\"\\/egy\\/location\\/paris\",\"item_model\":\"custom\",\"children\":[]},{\"name\":\"Become a vendor\",\"url\":\"\\/egy\\/page\\/become-a-vendor\",\"item_model\":\"custom\",\"children\":[]},{\"name\":\"Contact\",\"url\":\"\\/egy\\/contact\",\"item_model\":\"custom\",\"model_name\":\"Custom\",\"children\":[]}]}]', 1, NULL, '2022-07-24 01:33:39', NULL);

-- --------------------------------------------------------

--
-- Estructura de tabla para la tabla `core_model_has_permissions`
--

CREATE TABLE `core_model_has_permissions` (
  `permission_id` int(10) UNSIGNED NOT NULL,
  `model_type` varchar(191) COLLATE utf8mb4_unicode_ci NOT NULL,
  `model_id` bigint(20) UNSIGNED NOT NULL
) ENGINE=InnoDB DEFAULT CHARSET=utf8mb4 COLLATE=utf8mb4_unicode_ci;

-- --------------------------------------------------------

--
-- Estructura de tabla para la tabla `core_model_has_roles`
--

CREATE TABLE `core_model_has_roles` (
  `role_id` int(10) UNSIGNED NOT NULL,
  `model_type` varchar(191) COLLATE utf8mb4_unicode_ci NOT NULL,
  `model_id` bigint(20) UNSIGNED NOT NULL
) ENGINE=InnoDB DEFAULT CHARSET=utf8mb4 COLLATE=utf8mb4_unicode_ci;

--
-- Volcado de datos para la tabla `core_model_has_roles`
--

INSERT INTO `core_model_has_roles` (`role_id`, `model_type`, `model_id`) VALUES
(1, 'App\\User', 2),
(2, 'App\\User', 3),
(3, 'App\\User', 1),
(4, 'App\\User', 4);

-- --------------------------------------------------------

--
-- Estructura de tabla para la tabla `core_news`
--

CREATE TABLE `core_news` (
  `id` bigint(20) UNSIGNED NOT NULL,
  `title` varchar(255) COLLATE utf8mb4_unicode_ci DEFAULT NULL,
  `content` text COLLATE utf8mb4_unicode_ci DEFAULT NULL,
  `slug` varchar(255) COLLATE utf8mb4_unicode_ci DEFAULT NULL,
  `status` varchar(50) COLLATE utf8mb4_unicode_ci DEFAULT NULL,
  `cat_id` int(11) DEFAULT NULL,
  `image_id` int(11) DEFAULT NULL,
  `create_user` int(11) DEFAULT NULL,
  `update_user` int(11) DEFAULT NULL,
  `deleted_at` timestamp NULL DEFAULT NULL,
  `origin_id` bigint(20) DEFAULT NULL,
  `lang` varchar(10) COLLATE utf8mb4_unicode_ci DEFAULT NULL,
  `created_at` timestamp NULL DEFAULT NULL,
  `updated_at` timestamp NULL DEFAULT NULL
) ENGINE=InnoDB DEFAULT CHARSET=utf8mb4 COLLATE=utf8mb4_unicode_ci;

--
-- Volcado de datos para la tabla `core_news`
--

INSERT INTO `core_news` (`id`, `title`, `content`, `slug`, `status`, `cat_id`, `image_id`, `create_user`, `update_user`, `deleted_at`, `origin_id`, `lang`, `created_at`, `updated_at`) VALUES
(1, 'The day on Paris', ' From the iconic to the unexpected, the city of San Francisco never ceases to surprise. Kick-start your effortlessly delivered Northern California holiday in the cosmopolitan hills of  The City . Join your Travel Director and fellow travellers for a Welcome Reception at your hotel.Welcome Reception  From the iconic to the unexpected, the city of San Francisco never ceases to surprise. Kick-start your effortlessly delivered Northern California holiday in the cosmopolitan hills of  The City . Join your Travel Director and fellow travellers for a Welcome Reception at your hotel.Welcome Reception <br/>From the iconic to the unexpected, the city of San Francisco never ceases to surprise. Kick-start your effortlessly delivered Northern California holiday in the cosmopolitan hills of  The City . Join your Travel Director and fellow travellers for a Welcome Reception at your hotel.Welcome Reception<br/>\r\n    From the iconic to the unexpected, the city of San Francisco never ceases to surprise. Kick-start your effortlessly delivered Northern California holiday in the cosmopolitan hills of  The City . Join your Travel Director and fellow travellers for a Welcome Reception at your hotel.Welcome Reception', 'the-day-on-paris', 'publish', 1, 114, 1, NULL, '2022-07-26 23:04:13', NULL, NULL, '2022-07-24 01:33:40', '2022-07-26 23:04:13'),
(2, 'Pure Luxe in Punta Mita', ' From the iconic to the unexpected, the city of San Francisco never ceases to surprise. Kick-start your effortlessly delivered Northern California holiday in the cosmopolitan hills of  The City . Join your Travel Director and fellow travellers for a Welcome Reception at your hotel.Welcome Reception <br/>From the iconic to the unexpected, the city of San Francisco never ceases to surprise. Kick-start your effortlessly delivered Northern California holiday in the cosmopolitan hills of  The City . Join your Travel Director and fellow travellers for a Welcome Reception at your hotel.Welcome Reception<br/>\r\n    From the iconic to the unexpected, the city of San Francisco never ceases to surprise. Kick-start your effortlessly delivered Northern California holiday in the cosmopolitan hills of  The City . Join your Travel Director and fellow travellers for a Welcome Reception at your hotel.Welcome Reception', 'pure-luxe-in-punta-mita', 'publish', 4, 115, 1, NULL, '2022-07-26 23:04:13', NULL, NULL, '2022-07-24 01:33:40', '2022-07-26 23:04:13'),
(3, 'All Aboard the Rocky Mountaineer', ' From the iconic to the unexpected, the city of San Francisco never ceases to surprise. Kick-start your effortlessly delivered Northern California holiday in the cosmopolitan hills of  The City . Join your Travel Director and fellow travellers for a Welcome Reception at your hotel.Welcome Reception  From the iconic to the unexpected, the city of San Francisco never ceases to surprise. Kick-start your effortlessly delivered Northern California holiday in the cosmopolitan hills of  The City . Join your Travel Director and fellow travellers for a Welcome Reception at your hotel.Welcome Reception <br/>From the iconic to the unexpected, the city of San Francisco never ceases to surprise. Kick-start your effortlessly delivered Northern California holiday in the cosmopolitan hills of  The City . Join your Travel Director and fellow travellers for a Welcome Reception at your hotel.Welcome Reception<br/>\r\n    From the iconic to the unexpected, the city of San Francisco never ceases to surprise. Kick-start your effortlessly delivered Northern California holiday in the cosmopolitan hills of  The City . Join your Travel Director and fellow travellers for a Welcome Reception at your hotel.Welcome Reception', 'all-aboard-the-rocky-mountaineer', 'publish', 1, 116, 1, NULL, '2022-07-26 23:04:13', NULL, NULL, '2022-07-24 01:33:40', '2022-07-26 23:04:13'),
(4, 'City Spotlight: Philadelphia', ' From the iconic to the unexpected, the city of San Francisco never ceases to surprise. Kick-start your effortlessly delivered Northern California holiday in the cosmopolitan hills of  The City . Join your Travel Director and fellow travellers for a Welcome Reception at your hotel.Welcome Reception  From the iconic to the unexpected, the city of San Francisco never ceases to surprise. Kick-start your effortlessly delivered Northern California holiday in the cosmopolitan hills of  The City . Join your Travel Director and fellow travellers for a Welcome Reception at your hotel.Welcome Reception <br/>From the iconic to the unexpected, the city of San Francisco never ceases to surprise. Kick-start your effortlessly delivered Northern California holiday in the cosmopolitan hills of  The City . Join your Travel Director and fellow travellers for a Welcome Reception at your hotel.Welcome Reception<br/>\r\n    From the iconic to the unexpected, the city of San Francisco never ceases to surprise. Kick-start your effortlessly delivered Northern California holiday in the cosmopolitan hills of  The City . Join your Travel Director and fellow travellers for a Welcome Reception at your hotel.Welcome Reception', 'city-spotlight-philadelphia', 'publish', 1, 117, 1, NULL, '2022-07-26 23:04:13', NULL, NULL, '2022-07-24 01:33:40', '2022-07-26 23:04:13'),
(5, 'Tiptoe through the Tulips of Washington', ' From the iconic to the unexpected, the city of San Francisco never ceases to surprise. Kick-start your effortlessly delivered Northern California holiday in the cosmopolitan hills of  The City . Join your Travel Director and fellow travellers for a Welcome Reception at your hotel.Welcome Reception  From the iconic to the unexpected, the city of San Francisco never ceases to surprise. Kick-start your effortlessly delivered Northern California holiday in the cosmopolitan hills of  The City . Join your Travel Director and fellow travellers for a Welcome Reception at your hotel.Welcome Reception <br/>From the iconic to the unexpected, the city of San Francisco never ceases to surprise. Kick-start your effortlessly delivered Northern California holiday in the cosmopolitan hills of  The City . Join your Travel Director and fellow travellers for a Welcome Reception at your hotel.Welcome Reception<br/>\r\n    From the iconic to the unexpected, the city of San Francisco never ceases to surprise. Kick-start your effortlessly delivered Northern California holiday in the cosmopolitan hills of  The City . Join your Travel Director and fellow travellers for a Welcome Reception at your hotel.Welcome Reception', 'tiptoe-through-the-tulips-of-washington', 'publish', 1, 118, 1, NULL, '2022-07-26 23:04:13', NULL, NULL, '2022-07-24 01:33:40', '2022-07-26 23:04:13'),
(6, 'A Seaside Reset in Laguna Beach', ' From the iconic to the unexpected, the city of San Francisco never ceases to surprise. Kick-start your effortlessly delivered Northern California holiday in the cosmopolitan hills of  The City . Join your Travel Director and fellow travellers for a Welcome Reception at your hotel.Welcome Reception  From the iconic to the unexpected, the city of San Francisco never ceases to surprise. Kick-start your effortlessly delivered Northern California holiday in the cosmopolitan hills of  The City . Join your Travel Director and fellow travellers for a Welcome Reception at your hotel.Welcome Reception <br/>From the iconic to the unexpected, the city of San Francisco never ceases to surprise. Kick-start your effortlessly delivered Northern California holiday in the cosmopolitan hills of  The City . Join your Travel Director and fellow travellers for a Welcome Reception at your hotel.Welcome Reception<br/>\r\n    From the iconic to the unexpected, the city of San Francisco never ceases to surprise. Kick-start your effortlessly delivered Northern California holiday in the cosmopolitan hills of  The City . Join your Travel Director and fellow travellers for a Welcome Reception at your hotel.Welcome Reception', 'a-seaside-reset-in-laguna-beach', 'publish', 1, 119, 1, NULL, '2022-07-26 23:04:13', NULL, NULL, '2022-07-24 01:33:40', '2022-07-26 23:04:13'),
(7, 'America  National Parks with Denver', ' From the iconic to the unexpected, the city of San Francisco never ceases to surprise. Kick-start your effortlessly delivered Northern California holiday in the cosmopolitan hills of  The City . Join your Travel Director and fellow travellers for a Welcome Reception at your hotel.Welcome Reception  From the iconic to the unexpected, the city of San Francisco never ceases to surprise. Kick-start your effortlessly delivered Northern California holiday in the cosmopolitan hills of  The City . Join your Travel Director and fellow travellers for a Welcome Reception at your hotel.Welcome Reception <br/>From the iconic to the unexpected, the city of San Francisco never ceases to surprise. Kick-start your effortlessly delivered Northern California holiday in the cosmopolitan hills of  The City . Join your Travel Director and fellow travellers for a Welcome Reception at your hotel.Welcome Reception<br/>\r\n    From the iconic to the unexpected, the city of San Francisco never ceases to surprise. Kick-start your effortlessly delivered Northern California holiday in the cosmopolitan hills of  The City . Join your Travel Director and fellow travellers for a Welcome Reception at your hotel.Welcome Reception', 'america-national-parks-with-denver', 'publish', 1, 120, 1, NULL, '2022-07-26 23:04:13', NULL, NULL, '2022-07-24 01:33:40', '2022-07-26 23:04:13'),
(8, 'Morning in the Northern sea', ' From the iconic to the unexpected, the city of San Francisco never ceases to surprise. Kick-start your effortlessly delivered Northern California holiday in the cosmopolitan hills of  The City . Join your Travel Director and fellow travellers for a Welcome Reception at your hotel.Welcome Reception  From the iconic to the unexpected, the city of San Francisco never ceases to surprise. Kick-start your effortlessly delivered Northern California holiday in the cosmopolitan hills of  The City . Join your Travel Director and fellow travellers for a Welcome Reception at your hotel.Welcome Reception <br/>From the iconic to the unexpected, the city of San Francisco never ceases to surprise. Kick-start your effortlessly delivered Northern California holiday in the cosmopolitan hills of  The City . Join your Travel Director and fellow travellers for a Welcome Reception at your hotel.Welcome Reception<br/>\r\n    From the iconic to the unexpected, the city of San Francisco never ceases to surprise. Kick-start your effortlessly delivered Northern California holiday in the cosmopolitan hills of  The City . Join your Travel Director and fellow travellers for a Welcome Reception at your hotel.Welcome Reception', 'morning-in-the-northern-sea', 'publish', 2, 115, 1, NULL, '2022-07-26 23:08:12', NULL, NULL, '2022-07-24 01:33:40', '2022-07-26 23:08:12'),
(9, 'Bolivia retoma un plan para renovar la flota de la aerolínea estatal Boliviana de Aviación (BoA)', '<p>El Gobierno de Bolivia retom&oacute; un programa dise&ntilde;ado en 2019 para renovar la flota de la aerol&iacute;nea estatal Boliviana de Aviaci&oacute;n (BoA) con la llegada de un avi&oacute;n Boeing 737-800.</p>\r\n<p>El plan qued&oacute; postergado por la crisis de 2019, pero \"ahora retomamos el proyecto de renovaci&oacute;n de flota\" que incluye un \"paquete de ocho aviones\" y que se financiar&aacute; con 17,5 millones de d&oacute;lares, indic&oacute;.</p>\r\n<p>La aeronave presentada en esta jornada llega \"en un arriendo por cinco a&ntilde;os\", tiene 168 asientos y es \"una versi&oacute;n de la nueva generaci&oacute;n de aviones digitalizados\", explic&oacute; el gerente de BoA.</p>\r\n<p>Tambi&eacute;n destac&oacute; que la compa&ntilde;&iacute;a ha transportado m&aacute;s de dos millones de pasajeros en el primer semestre del a&ntilde;o, un 11% m&aacute;s que en 2019, lo que, a su juicio, muestra que la econom&iacute;a boliviana se ha reactivado. Arce coincidi&oacute; con Casso al resaltar que el crecimiento es de 23% si se compara con la gesti&oacute;n 2021, una se&ntilde;al de la \"reactivaci&oacute;n econ&oacute;mica\" del pa&iacute;s.</p>', 'bolivia-retoma-un-plan-para-renovar-la-flota-de-la-aerolinea-estatal-boliviana-de-aviacion-boa', 'publish', NULL, 276, 1, NULL, NULL, NULL, NULL, '2022-07-26 23:06:56', '2022-07-26 23:06:56');

-- --------------------------------------------------------

--
-- Estructura de tabla para la tabla `core_news_category`
--

CREATE TABLE `core_news_category` (
  `id` bigint(20) UNSIGNED NOT NULL,
  `name` varchar(255) COLLATE utf8mb4_unicode_ci DEFAULT NULL,
  `content` text COLLATE utf8mb4_unicode_ci DEFAULT NULL,
  `slug` varchar(255) COLLATE utf8mb4_unicode_ci DEFAULT NULL,
  `status` varchar(50) COLLATE utf8mb4_unicode_ci DEFAULT NULL,
  `_lft` int(10) UNSIGNED NOT NULL DEFAULT 0,
  `_rgt` int(10) UNSIGNED NOT NULL DEFAULT 0,
  `parent_id` int(10) UNSIGNED DEFAULT NULL,
  `create_user` int(11) DEFAULT NULL,
  `update_user` int(11) DEFAULT NULL,
  `deleted_at` timestamp NULL DEFAULT NULL,
  `created_at` timestamp NULL DEFAULT NULL,
  `updated_at` timestamp NULL DEFAULT NULL,
  `origin_id` bigint(20) DEFAULT NULL,
  `lang` varchar(10) COLLATE utf8mb4_unicode_ci DEFAULT NULL
) ENGINE=InnoDB DEFAULT CHARSET=utf8mb4 COLLATE=utf8mb4_unicode_ci;

--
-- Volcado de datos para la tabla `core_news_category`
--

INSERT INTO `core_news_category` (`id`, `name`, `content`, `slug`, `status`, `_lft`, `_rgt`, `parent_id`, `create_user`, `update_user`, `deleted_at`, `created_at`, `updated_at`, `origin_id`, `lang`) VALUES
(1, 'Adventure Travel', NULL, 'adventure-travel', 'publish', 1, 2, NULL, NULL, NULL, NULL, '2022-07-24 01:33:39', '2022-07-24 01:33:39', NULL, NULL),
(2, 'Ecotourism', NULL, 'ecotourism', 'publish', 3, 4, NULL, NULL, NULL, NULL, '2022-07-24 01:33:39', '2022-07-24 01:33:39', NULL, NULL),
(3, 'Sea Travel ', NULL, 'sea-travel', 'publish', 5, 6, NULL, NULL, NULL, '2022-07-26 23:08:32', '2022-07-24 01:33:39', '2022-07-26 23:08:32', NULL, NULL),
(4, 'Hosted Tour', NULL, 'hosted-tour', 'publish', 7, 8, NULL, NULL, NULL, NULL, '2022-07-24 01:33:40', '2022-07-24 01:33:40', NULL, NULL),
(5, 'City trips ', NULL, 'city-trips', 'publish', 9, 10, NULL, NULL, NULL, '2022-07-26 23:08:32', '2022-07-24 01:33:40', '2022-07-26 23:08:32', NULL, NULL),
(6, 'Escorted Tour ', NULL, 'escorted-tour', 'publish', 11, 12, NULL, NULL, NULL, '2022-07-26 23:08:32', '2022-07-24 01:33:40', '2022-07-26 23:08:32', NULL, NULL);

-- --------------------------------------------------------

--
-- Estructura de tabla para la tabla `core_news_category_translations`
--

CREATE TABLE `core_news_category_translations` (
  `id` bigint(20) UNSIGNED NOT NULL,
  `origin_id` int(10) UNSIGNED NOT NULL,
  `locale` varchar(191) COLLATE utf8mb4_unicode_ci NOT NULL,
  `name` varchar(255) COLLATE utf8mb4_unicode_ci DEFAULT NULL,
  `content` text COLLATE utf8mb4_unicode_ci DEFAULT NULL,
  `create_user` int(11) DEFAULT NULL,
  `update_user` int(11) DEFAULT NULL,
  `created_at` timestamp NULL DEFAULT NULL,
  `updated_at` timestamp NULL DEFAULT NULL
) ENGINE=InnoDB DEFAULT CHARSET=utf8mb4 COLLATE=utf8mb4_unicode_ci;

-- --------------------------------------------------------

--
-- Estructura de tabla para la tabla `core_news_tag`
--

CREATE TABLE `core_news_tag` (
  `id` bigint(20) UNSIGNED NOT NULL,
  `news_id` int(11) DEFAULT NULL,
  `tag_id` int(11) DEFAULT NULL,
  `create_user` int(11) DEFAULT NULL,
  `update_user` int(11) DEFAULT NULL,
  `deleted_at` timestamp NULL DEFAULT NULL,
  `created_at` timestamp NULL DEFAULT NULL,
  `updated_at` timestamp NULL DEFAULT NULL
) ENGINE=InnoDB DEFAULT CHARSET=utf8mb4 COLLATE=utf8mb4_unicode_ci;

-- --------------------------------------------------------

--
-- Estructura de tabla para la tabla `core_news_translations`
--

CREATE TABLE `core_news_translations` (
  `id` bigint(20) UNSIGNED NOT NULL,
  `origin_id` int(10) UNSIGNED NOT NULL,
  `locale` varchar(191) COLLATE utf8mb4_unicode_ci NOT NULL,
  `title` varchar(255) COLLATE utf8mb4_unicode_ci DEFAULT NULL,
  `content` text COLLATE utf8mb4_unicode_ci DEFAULT NULL,
  `create_user` int(11) DEFAULT NULL,
  `update_user` int(11) DEFAULT NULL,
  `created_at` timestamp NULL DEFAULT NULL,
  `updated_at` timestamp NULL DEFAULT NULL
) ENGINE=InnoDB DEFAULT CHARSET=utf8mb4 COLLATE=utf8mb4_unicode_ci;

-- --------------------------------------------------------

--
-- Estructura de tabla para la tabla `core_notifications`
--

CREATE TABLE `core_notifications` (
  `id` bigint(20) UNSIGNED NOT NULL,
  `from_user` bigint(20) DEFAULT NULL,
  `to_user` bigint(20) DEFAULT NULL,
  `is_read` tinyint(4) DEFAULT 0,
  `type` varchar(50) COLLATE utf8mb4_unicode_ci DEFAULT NULL,
  `type_group` varchar(50) COLLATE utf8mb4_unicode_ci DEFAULT NULL,
  `target_id` bigint(20) DEFAULT NULL,
  `target_parent_id` bigint(20) DEFAULT NULL,
  `params` text COLLATE utf8mb4_unicode_ci DEFAULT NULL,
  `create_user` int(11) DEFAULT NULL,
  `update_user` int(11) DEFAULT NULL,
  `created_at` timestamp NULL DEFAULT NULL,
  `updated_at` timestamp NULL DEFAULT NULL
) ENGINE=InnoDB DEFAULT CHARSET=utf8mb4 COLLATE=utf8mb4_unicode_ci;

-- --------------------------------------------------------

--
-- Estructura de tabla para la tabla `core_pages`
--

CREATE TABLE `core_pages` (
  `id` bigint(20) UNSIGNED NOT NULL,
  `slug` varchar(255) CHARACTER SET utf8 NOT NULL,
  `title` varchar(255) COLLATE utf8mb4_unicode_ci DEFAULT NULL,
  `content` text COLLATE utf8mb4_unicode_ci DEFAULT NULL,
  `short_desc` text COLLATE utf8mb4_unicode_ci DEFAULT NULL,
  `status` varchar(50) COLLATE utf8mb4_unicode_ci DEFAULT NULL,
  `publish_date` datetime DEFAULT NULL,
  `image_id` int(11) DEFAULT NULL,
  `template_id` int(11) DEFAULT NULL,
  `create_user` bigint(20) DEFAULT NULL,
  `update_user` bigint(20) DEFAULT NULL,
  `deleted_at` timestamp NULL DEFAULT NULL,
  `origin_id` bigint(20) DEFAULT NULL,
  `lang` varchar(10) COLLATE utf8mb4_unicode_ci DEFAULT NULL,
  `created_at` timestamp NULL DEFAULT NULL,
  `updated_at` timestamp NULL DEFAULT NULL,
  `header_style` varchar(255) COLLATE utf8mb4_unicode_ci DEFAULT NULL,
  `custom_logo` int(11) DEFAULT NULL
) ENGINE=InnoDB DEFAULT CHARSET=utf8mb4 COLLATE=utf8mb4_unicode_ci;

--
-- Volcado de datos para la tabla `core_pages`
--

INSERT INTO `core_pages` (`id`, `slug`, `title`, `content`, `short_desc`, `status`, `publish_date`, `image_id`, `template_id`, `create_user`, `update_user`, `deleted_at`, `origin_id`, `lang`, `created_at`, `updated_at`, `header_style`, `custom_logo`) VALUES
(1, 'home-page', 'Home Page', NULL, NULL, 'publish', NULL, NULL, 1, 1, 1, NULL, NULL, NULL, '2022-07-24 01:33:39', '2022-07-26 22:59:15', 'normal', NULL),
(2, 'become-a-vendor', 'Become a vendor', NULL, NULL, 'draft', NULL, NULL, 2, 1, NULL, NULL, NULL, NULL, '2022-07-24 01:33:39', '2022-07-26 22:58:32', 'transparent', NULL),
(3, 'home-hotel', 'Home Hotel', NULL, NULL, 'publish', NULL, NULL, 3, 1, NULL, NULL, NULL, NULL, '2022-07-24 01:33:39', NULL, 'transparent', NULL),
(4, 'home-tour', 'Home Tour', NULL, NULL, 'publish', NULL, NULL, 4, 1, NULL, NULL, NULL, NULL, '2022-07-24 01:33:39', NULL, NULL, NULL),
(5, 'home-space', 'Home Space', NULL, NULL, 'draft', NULL, NULL, 5, 1, NULL, NULL, NULL, NULL, '2022-07-24 01:33:39', '2022-07-26 22:58:32', 'transparent', NULL),
(6, 'home-event', 'Home Event', NULL, NULL, 'draft', NULL, NULL, 6, 1, NULL, NULL, NULL, NULL, '2022-07-24 01:33:39', '2022-07-26 22:58:32', 'transparent', NULL),
(7, 'home-car', 'Home Car', NULL, NULL, 'draft', NULL, NULL, 7, 1, NULL, NULL, NULL, NULL, '2022-07-24 01:33:39', '2022-07-26 22:58:32', 'transparent', NULL),
(8, 'home-v2', 'Home v2', NULL, NULL, 'draft', NULL, NULL, 8, 1, NULL, NULL, NULL, NULL, '2022-07-24 01:33:39', '2022-07-26 22:58:32', 'transparent', NULL),
(9, 'privacy-policy', 'Privacy policy', '<h1>Privacy policy</h1>\n<p> This privacy policy (\"Policy\") describes how the personally identifiable information (\"Personal Information\") you may provide on the <a target=\"_blank\" href=\"http://mytravel.test\" rel=\"noreferrer noopener\">mytravel.test</a> website (\"Website\" or \"Service\") and any of its related products and services (collectively, \"Services\") is collected, protected and used. It also describes the choices available to you regarding our use of your Personal Information and how you can access and update this information. This Policy is a legally binding agreement between you (\"User\", \"you\" or \"your\") and this Website operator (\"Operator\", \"we\", \"us\" or \"our\"). By accessing and using the Website and Services, you acknowledge that you have read, understood, and agree to be bound by the terms of this Agreement. This Policy does not apply to the practices of companies that we do not own or control, or to individuals that we do not employ or manage.</p>\n<h2>Automatic collection of information</h2>\n<p>When you open the Website, our servers automatically record information that your browser sends. This data may include information such as your device\'s IP address, browser type and version, operating system type and version, language preferences or the webpage you were visiting before you came to the Website and Services, pages of the Website and Services that you visit, the time spent on those pages, information you search for on the Website, access times and dates, and other statistics.</p>\n<p>Information collected automatically is used only to identify potential cases of abuse and establish statistical information regarding the usage and traffic of the Website and Services. This statistical information is not otherwise aggregated in such a way that would identify any particular user of the system.</p>\n<h2>Collection of personal information</h2>\n<p>You can access and use the Website and Services without telling us who you are or revealing any information by which someone could identify you as a specific, identifiable individual. If, however, you wish to use some of the features on the Website, you may be asked to provide certain Personal Information (for example, your name and e-mail address). We receive and store any information you knowingly provide to us when you create an account, publish content,  or fill any online forms on the Website. When required, this information may include the following:</p>\n<ul>\n<li>Personal details such as name, country of residence, etc.</li>\n<li>Contact information such as email address, address, etc.</li>\n<li>Account details such as user name, unique user ID, password, etc.</li>\n<li>Information about other individuals such as your family members, friends, etc.</li>\n</ul>\n<p>Some of the information we collect is directly from you via the Website and Services. However, we may also collect Personal Information about you from other sources such as public databases and our joint marketing partners. You can choose not to provide us with your Personal Information, but then you may not be able to take advantage of some of the features on the Website. Users who are uncertain about what information is mandatory are welcome to contact us.</p>\n<h2>Use and processing of collected information</h2>\n<p>In order to make the Website and Services available to you, or to meet a legal obligation, we need to collect and use certain Personal Information. If you do not provide the information that we request, we may not be able to provide you with the requested products or services. Any of the information we collect from you may be used for the following purposes:</p>\n<ul>\n<li>Create and manage user accounts</li>\n<li>Send administrative information</li>\n<li>Request user feedback</li>\n<li>Improve user experience</li>\n<li>Enforce terms and conditions and policies</li>\n<li>Run and operate the Website and Services</li>\n</ul>\n<p>Processing your Personal Information depends on how you interact with the Website and Services, where you are located in the world and if one of the following applies: (i) you have given your consent for one or more specific purposes; this, however, does not apply, whenever the processing of Personal Information is subject to European data protection law; (ii) provision of information is necessary for the performance of an agreement with you and/or for any pre-contractual obligations thereof; (iii) processing is necessary for compliance with a legal obligation to which you are subject; (iv) processing is related to a task that is carried out in the public interest or in the exercise of official authority vested in us; (v) processing is necessary for the purposes of the legitimate interests pursued by us or by a third party.</p>\n<p> Note that under some legislations we may be allowed to process information until you object to such processing (by opting out), without having to rely on consent or any other of the following legal bases below. In any case, we will be happy to clarify the specific legal basis that applies to the processing, and in particular whether the provision of Personal Information is a statutory or contractual requirement, or a requirement necessary to enter into a contract.</p>\n<h2>Managing information</h2>\n<p>You are able to delete certain Personal Information we have about you. The Personal Information you can delete may change as the Website and Services change. When you delete Personal Information, however, we may maintain a copy of the unrevised Personal Information in our records for the duration necessary to comply with our obligations to our affiliates and partners, and for the purposes described below. If you would like to delete your Personal Information or permanently delete your account, you can do so by contacting us.</p>\n<h2>Disclosure of information</h2>\n<p> Depending on the requested Services or as necessary to complete any transaction or provide any service you have requested, we may share your information with your consent with our trusted third parties that work with us, any other affiliates and subsidiaries we rely upon to assist in the operation of the Website and Services available to you. We do not share Personal Information with unaffiliated third parties. These service providers are not authorized to use or disclose your information except as necessary to perform services on our behalf or comply with legal requirements. We may share your Personal Information for these purposes only with third parties whose privacy policies are consistent with ours or who agree to abide by our policies with respect to Personal Information. These third parties are given Personal Information they need only in order to perform their designated functions, and we do not authorize them to use or disclose Personal Information for their own marketing or other purposes.</p>\n<p>We will disclose any Personal Information we collect, use or receive if required or permitted by law, such as to comply with a subpoena, or similar legal process, and when we believe in good faith that disclosure is necessary to protect our rights, protect your safety or the safety of others, investigate fraud, or respond to a government request.</p>\n<h2>Retention of information</h2>\n<p>We will retain and use your Personal Information for the period necessary to comply with our legal obligations, resolve disputes, and enforce our agreements unless a longer retention period is required or permitted by law. We may use any aggregated data derived from or incorporating your Personal Information after you update or delete it, but not in a manner that would identify you personally. Once the retention period expires, Personal Information shall be deleted. Therefore, the right to access, the right to erasure, the right to rectification and the right to data portability cannot be enforced after the expiration of the retention period.</p>\n<h2>The rights of users</h2>\n<p>You may exercise certain rights regarding your information processed by us. In particular, you have the right to do the following: (i) you have the right to withdraw consent where you have previously given your consent to the processing of your information; (ii) you have the right to object to the processing of your information if the processing is carried out on a legal basis other than consent; (iii) you have the right to learn if information is being processed by us, obtain disclosure regarding certain aspects of the processing and obtain a copy of the information undergoing processing; (iv) you have the right to verify the accuracy of your information and ask for it to be updated or corrected; (v) you have the right, under certain circumstances, to restrict the processing of your information, in which case, we will not process your information for any purpose other than storing it; (vi) you have the right, under certain circumstances, to obtain the erasure of your Personal Information from us; (vii) you have the right to receive your information in a structured, commonly used and machine readable format and, if technically feasible, to have it transmitted to another controller without any hindrance. This provision is applicable provided that your information is processed by automated means and that the processing is based on your consent, on a contract which you are part of or on pre-contractual obligations thereof.</p>\n<h2>Privacy of children</h2>\n<p>We do not knowingly collect any Personal Information from children under the age of 18. If you are under the age of 18, please do not submit any Personal Information through the Website and Services. We encourage parents and legal guardians to monitor their children\'s Internet usage and to help enforce this Policy by instructing their children never to provide Personal Information through the Website and Services without their permission. If you have reason to believe that a child under the age of 18 has provided Personal Information to us through the Website and Services, please contact us. You must also be old enough to consent to the processing of your Personal Information in your country (in some countries we may allow your parent or guardian to do so on your behalf).</p>\n<h2>Cookies</h2>\n<p>The Website and Services use \"cookies\" to help personalize your online experience. A cookie is a text file that is placed on your hard disk by a web page server. Cookies cannot be used to run programs or deliver viruses to your computer. Cookies are uniquely assigned to you, and can only be read by a web server in the domain that issued the cookie to you.</p>\n<p>We may use cookies to collect, store, and track information for statistical purposes to operate the Website and Services. You have the ability to accept or decline cookies. Most web browsers automatically accept cookies, but you can usually modify your browser setting to decline cookies if you prefer. To learn more about cookies and how to manage them, visit <a target=\"_blank\" href=\"https://www.internetcookies.org\" rel=\"noreferrer noopener\">internetcookies.org</a></p>\n<h2>Do Not Track signals</h2>\n<p>Some browsers incorporate a Do Not Track feature that signals to websites you visit that you do not want to have your online activity tracked. Tracking is not the same as using or collecting information in connection with a website. For these purposes, tracking refers to collecting personally identifiable information from consumers who use or visit a website or online service as they move across different websites over time. How browsers communicate the Do Not Track signal is not yet uniform. As a result, the Website and Services are not yet set up to interpret or respond to Do Not Track signals communicated by your browser. Even so, as described in more detail throughout this Policy, we limit our use and collection of your personal information.</p>\n<h2>Email marketing</h2>\n<p>We offer electronic newsletters to which you may voluntarily subscribe at any time. We are committed to keeping your e-mail address confidential and will not disclose your email address to any third parties except as allowed in the information use and processing section or for the purposes of utilizing a third party provider to send such emails. We will maintain the information sent via e-mail in accordance with applicable laws and regulations.</p>\n<p>In compliance with the CAN-SPAM Act, all e-mails sent from us will clearly state who the e-mail is from and provide clear information on how to contact the sender. You may choose to stop receiving our newsletter or marketing emails by following the unsubscribe instructions included in these emails or by contacting us. However, you will continue to receive essential transactional emails.</p>\n<h2>Links to other resources</h2>\n<p>The Website and Services contain links to other resources that are not owned or controlled by us. Please be aware that we are not responsible for the privacy practices of such other resources or third parties. We encourage you to be aware when you leave the Website and Services and to read the privacy statements of each and every resource that may collect Personal Information.</p>\n<h2>Information security</h2>\n<p>We secure information you provide on computer servers in a controlled, secure environment, protected from unauthorized access, use, or disclosure. We maintain reasonable administrative, technical, and physical safeguards in an effort to protect against unauthorized access, use, modification, and disclosure of Personal Information in its control and custody. However, no data transmission over the Internet or wireless network can be guaranteed. Therefore, while we strive to protect your Personal Information, you acknowledge that (i) there are security and privacy limitations of the Internet which are beyond our control; (ii) the security, integrity, and privacy of any and all information and data exchanged between you and the Website and Services cannot be guaranteed; and (iii) any such information and data may be viewed or tampered with in transit by a third party, despite best efforts.</p>\n<h2>Data breach</h2>\n<p>In the event we become aware that the security of the Website and Services has been compromised or users Personal Information has been disclosed to unrelated third parties as a result of external activity, including, but not limited to, security attacks or fraud, we reserve the right to take reasonably appropriate measures, including, but not limited to, investigation and reporting, as well as notification to and cooperation with law enforcement authorities. In the event of a data breach, we will make reasonable efforts to notify affected individuals if we believe that there is a reasonable risk of harm to the user as a result of the breach or if notice is otherwise required by law. When we do, we will post a notice on the Website, send you an email.</p>\n<h2>Changes and amendments</h2>\n<p>We reserve the right to modify this Policy or its terms relating to the Website and Services from time to time in our discretion and will notify you of any material changes to the way in which we treat Personal Information. When we do, we will post a notification on the main page of the Website. We may also provide notice to you in other ways in our discretion, such as through contact information you have provided. Any updated version of this Policy will be effective immediately upon the posting of the revised Policy unless otherwise specified. Your continued use of the Website and Services after the effective date of the revised Policy (or such other act specified at that time) will constitute your consent to those changes. However, we will not, without your consent, use your Personal Information in a manner materially different than what was stated at the time your Personal Information was collected. Policy was created with <a style=\"color:inherit;\" target=\"_blank\" href=\"https://www.websitepolicies.com/privacy-policy-generator\" rel=\"noreferrer noopener\">WebsitePolicies</a>.</p>\n<h2>Acceptance of this policy</h2>\n<p>You acknowledge that you have read this Policy and agree to all its terms and conditions. By accessing and using the Website and Services you agree to be bound by this Policy. If you do not agree to abide by the terms of this Policy, you are not authorized to access or use the Website and Services.</p>\n<h2>Contacting us</h2>\n<p>If you would like to contact us to understand more about this Policy or wish to contact us concerning any matter relating to individual rights and your Personal Information, you may do so via the <a target=\"_blank\" href=\"http://mytravel.test/contact\" rel=\"noreferrer noopener\">contact form</a></p>\n<p>This document was last updated on October 6, 2020</p>', NULL, 'draft', NULL, NULL, NULL, 1, NULL, NULL, NULL, NULL, '2022-07-24 01:33:39', '2022-07-26 22:58:32', NULL, NULL),
(10, 'principal', 'Principal', '<p>Planes nuevos para Tours en Uyuni</p>', NULL, 'publish', NULL, NULL, 1, 1, 1, NULL, NULL, NULL, '2022-07-24 00:53:36', '2022-07-24 00:54:56', 'normal', NULL),
(11, 'noticias', 'Noticias', NULL, NULL, 'publish', NULL, NULL, NULL, 1, NULL, NULL, NULL, NULL, '2022-07-26 23:12:36', '2022-07-26 23:12:36', 'normal', NULL);

-- --------------------------------------------------------

--
-- Estructura de tabla para la tabla `core_page_translations`
--

CREATE TABLE `core_page_translations` (
  `id` bigint(20) UNSIGNED NOT NULL,
  `origin_id` int(10) UNSIGNED NOT NULL,
  `locale` varchar(191) COLLATE utf8mb4_unicode_ci NOT NULL,
  `title` varchar(255) COLLATE utf8mb4_unicode_ci DEFAULT NULL,
  `content` text COLLATE utf8mb4_unicode_ci DEFAULT NULL,
  `short_desc` text COLLATE utf8mb4_unicode_ci DEFAULT NULL,
  `create_user` bigint(20) DEFAULT NULL,
  `update_user` bigint(20) DEFAULT NULL,
  `created_at` timestamp NULL DEFAULT NULL,
  `updated_at` timestamp NULL DEFAULT NULL
) ENGINE=InnoDB DEFAULT CHARSET=utf8mb4 COLLATE=utf8mb4_unicode_ci;

--
-- Volcado de datos para la tabla `core_page_translations`
--

INSERT INTO `core_page_translations` (`id`, `origin_id`, `locale`, `title`, `content`, `short_desc`, `create_user`, `update_user`, `created_at`, `updated_at`) VALUES
(1, 1, 'es', 'Principal', NULL, NULL, 1, NULL, '2022-07-24 00:15:28', '2022-07-24 00:15:28');

-- --------------------------------------------------------

--
-- Estructura de tabla para la tabla `core_permissions`
--

CREATE TABLE `core_permissions` (
  `id` int(10) UNSIGNED NOT NULL,
  `name` varchar(191) COLLATE utf8mb4_unicode_ci NOT NULL,
  `guard_name` varchar(191) COLLATE utf8mb4_unicode_ci NOT NULL,
  `created_at` timestamp NULL DEFAULT NULL,
  `updated_at` timestamp NULL DEFAULT NULL
) ENGINE=InnoDB DEFAULT CHARSET=utf8mb4 COLLATE=utf8mb4_unicode_ci;

--
-- Volcado de datos para la tabla `core_permissions`
--

INSERT INTO `core_permissions` (`id`, `name`, `guard_name`, `created_at`, `updated_at`) VALUES
(1, 'report_view', 'web', '2022-07-24 01:33:35', '2022-07-24 01:33:35'),
(2, 'contact_manage', 'web', '2022-07-24 01:33:35', '2022-07-24 01:33:35'),
(3, 'newsletter_manage', 'web', '2022-07-24 01:33:35', '2022-07-24 01:33:35'),
(4, 'language_manage', 'web', '2022-07-24 01:33:35', '2022-07-24 01:33:35'),
(5, 'language_translation', 'web', '2022-07-24 01:33:35', '2022-07-24 01:33:35'),
(6, 'booking_view', 'web', '2022-07-24 01:33:35', '2022-07-24 01:33:35'),
(7, 'booking_update', 'web', '2022-07-24 01:33:35', '2022-07-24 01:33:35'),
(8, 'booking_manage_others', 'web', '2022-07-24 01:33:35', '2022-07-24 01:33:35'),
(9, 'enquiry_view', 'web', '2022-07-24 01:33:35', '2022-07-24 01:33:35'),
(10, 'enquiry_update', 'web', '2022-07-24 01:33:35', '2022-07-24 01:33:35'),
(11, 'enquiry_manage_others', 'web', '2022-07-24 01:33:35', '2022-07-24 01:33:35'),
(12, 'template_view', 'web', '2022-07-24 01:33:35', '2022-07-24 01:33:35'),
(13, 'template_create', 'web', '2022-07-24 01:33:35', '2022-07-24 01:33:35'),
(14, 'template_update', 'web', '2022-07-24 01:33:35', '2022-07-24 01:33:35'),
(15, 'template_delete', 'web', '2022-07-24 01:33:35', '2022-07-24 01:33:35'),
(16, 'news_view', 'web', '2022-07-24 01:33:35', '2022-07-24 01:33:35'),
(17, 'news_create', 'web', '2022-07-24 01:33:35', '2022-07-24 01:33:35'),
(18, 'news_update', 'web', '2022-07-24 01:33:35', '2022-07-24 01:33:35'),
(19, 'news_delete', 'web', '2022-07-24 01:33:35', '2022-07-24 01:33:35'),
(20, 'news_manage_others', 'web', '2022-07-24 01:33:35', '2022-07-24 01:33:35'),
(21, 'role_view', 'web', '2022-07-24 01:33:35', '2022-07-24 01:33:35'),
(22, 'role_create', 'web', '2022-07-24 01:33:35', '2022-07-24 01:33:35'),
(23, 'role_update', 'web', '2022-07-24 01:33:35', '2022-07-24 01:33:35'),
(24, 'role_delete', 'web', '2022-07-24 01:33:35', '2022-07-24 01:33:35'),
(25, 'permission_view', 'web', '2022-07-24 01:33:35', '2022-07-24 01:33:35'),
(26, 'permission_create', 'web', '2022-07-24 01:33:35', '2022-07-24 01:33:35'),
(27, 'permission_update', 'web', '2022-07-24 01:33:35', '2022-07-24 01:33:35'),
(28, 'permission_delete', 'web', '2022-07-24 01:33:35', '2022-07-24 01:33:35'),
(29, 'dashboard_access', 'web', '2022-07-24 01:33:36', '2022-07-24 01:33:36'),
(30, 'dashboard_vendor_access', 'web', '2022-07-24 01:33:36', '2022-07-24 01:33:36'),
(31, 'setting_update', 'web', '2022-07-24 01:33:36', '2022-07-24 01:33:36'),
(32, 'menu_view', 'web', '2022-07-24 01:33:36', '2022-07-24 01:33:36'),
(33, 'menu_create', 'web', '2022-07-24 01:33:36', '2022-07-24 01:33:36'),
(34, 'menu_update', 'web', '2022-07-24 01:33:36', '2022-07-24 01:33:36'),
(35, 'menu_delete', 'web', '2022-07-24 01:33:36', '2022-07-24 01:33:36'),
(36, 'user_view', 'web', '2022-07-24 01:33:36', '2022-07-24 01:33:36'),
(37, 'user_create', 'web', '2022-07-24 01:33:36', '2022-07-24 01:33:36'),
(38, 'user_update', 'web', '2022-07-24 01:33:36', '2022-07-24 01:33:36'),
(39, 'user_delete', 'web', '2022-07-24 01:33:36', '2022-07-24 01:33:36'),
(40, 'page_view', 'web', '2022-07-24 01:33:36', '2022-07-24 01:33:36'),
(41, 'page_create', 'web', '2022-07-24 01:33:36', '2022-07-24 01:33:36'),
(42, 'page_update', 'web', '2022-07-24 01:33:36', '2022-07-24 01:33:36'),
(43, 'page_delete', 'web', '2022-07-24 01:33:36', '2022-07-24 01:33:36'),
(44, 'page_manage_others', 'web', '2022-07-24 01:33:36', '2022-07-24 01:33:36'),
(45, 'setting_view', 'web', '2022-07-24 01:33:36', '2022-07-24 01:33:36'),
(46, 'media_upload', 'web', '2022-07-24 01:33:36', '2022-07-24 01:33:36'),
(47, 'media_manage', 'web', '2022-07-24 01:33:36', '2022-07-24 01:33:36'),
(48, 'tour_view', 'web', '2022-07-24 01:33:36', '2022-07-24 01:33:36'),
(49, 'tour_create', 'web', '2022-07-24 01:33:36', '2022-07-24 01:33:36'),
(50, 'tour_update', 'web', '2022-07-24 01:33:36', '2022-07-24 01:33:36'),
(51, 'tour_delete', 'web', '2022-07-24 01:33:36', '2022-07-24 01:33:36'),
(52, 'tour_manage_others', 'web', '2022-07-24 01:33:36', '2022-07-24 01:33:36'),
(53, 'tour_manage_attributes', 'web', '2022-07-24 01:33:36', '2022-07-24 01:33:36'),
(54, 'location_view', 'web', '2022-07-24 01:33:36', '2022-07-24 01:33:36'),
(55, 'location_create', 'web', '2022-07-24 01:33:36', '2022-07-24 01:33:36'),
(56, 'location_update', 'web', '2022-07-24 01:33:36', '2022-07-24 01:33:36'),
(57, 'location_delete', 'web', '2022-07-24 01:33:36', '2022-07-24 01:33:36'),
(58, 'location_manage_others', 'web', '2022-07-24 01:33:36', '2022-07-24 01:33:36'),
(59, 'review_manage_others', 'web', '2022-07-24 01:33:36', '2022-07-24 01:33:36'),
(60, 'system_log_view', 'web', '2022-07-24 01:33:36', '2022-07-24 01:33:36'),
(61, 'space_view', 'web', '2022-07-24 01:33:36', '2022-07-24 01:33:36'),
(62, 'space_create', 'web', '2022-07-24 01:33:36', '2022-07-24 01:33:36'),
(63, 'space_update', 'web', '2022-07-24 01:33:37', '2022-07-24 01:33:37'),
(64, 'space_delete', 'web', '2022-07-24 01:33:37', '2022-07-24 01:33:37'),
(65, 'space_manage_others', 'web', '2022-07-24 01:33:37', '2022-07-24 01:33:37'),
(66, 'space_manage_attributes', 'web', '2022-07-24 01:33:37', '2022-07-24 01:33:37'),
(67, 'hotel_view', 'web', '2022-07-24 01:33:37', '2022-07-24 01:33:37'),
(68, 'hotel_create', 'web', '2022-07-24 01:33:37', '2022-07-24 01:33:37'),
(69, 'hotel_update', 'web', '2022-07-24 01:33:37', '2022-07-24 01:33:37'),
(70, 'hotel_delete', 'web', '2022-07-24 01:33:37', '2022-07-24 01:33:37'),
(71, 'hotel_manage_others', 'web', '2022-07-24 01:33:37', '2022-07-24 01:33:37'),
(72, 'hotel_manage_attributes', 'web', '2022-07-24 01:33:37', '2022-07-24 01:33:37'),
(73, 'car_view', 'web', '2022-07-24 01:33:37', '2022-07-24 01:33:37'),
(74, 'car_create', 'web', '2022-07-24 01:33:38', '2022-07-24 01:33:38'),
(75, 'car_update', 'web', '2022-07-24 01:33:38', '2022-07-24 01:33:38'),
(76, 'car_delete', 'web', '2022-07-24 01:33:38', '2022-07-24 01:33:38'),
(77, 'car_manage_others', 'web', '2022-07-24 01:33:38', '2022-07-24 01:33:38'),
(78, 'car_manage_attributes', 'web', '2022-07-24 01:33:38', '2022-07-24 01:33:38'),
(79, 'event_view', 'web', '2022-07-24 01:33:38', '2022-07-24 01:33:38'),
(80, 'event_create', 'web', '2022-07-24 01:33:38', '2022-07-24 01:33:38'),
(81, 'event_update', 'web', '2022-07-24 01:33:38', '2022-07-24 01:33:38'),
(82, 'event_delete', 'web', '2022-07-24 01:33:38', '2022-07-24 01:33:38'),
(83, 'event_manage_others', 'web', '2022-07-24 01:33:38', '2022-07-24 01:33:38'),
(84, 'event_manage_attributes', 'web', '2022-07-24 01:33:38', '2022-07-24 01:33:38'),
(85, 'boat_view', 'web', '2022-07-24 01:33:38', '2022-07-24 01:33:38'),
(86, 'boat_create', 'web', '2022-07-24 01:33:38', '2022-07-24 01:33:38'),
(87, 'boat_update', 'web', '2022-07-24 01:33:38', '2022-07-24 01:33:38'),
(88, 'boat_delete', 'web', '2022-07-24 01:33:38', '2022-07-24 01:33:38'),
(89, 'boat_manage_others', 'web', '2022-07-24 01:33:38', '2022-07-24 01:33:38'),
(90, 'boat_manage_attributes', 'web', '2022-07-24 01:33:38', '2022-07-24 01:33:38'),
(91, 'coupon_view', 'web', '2022-07-24 01:33:38', '2022-07-24 01:33:38'),
(92, 'coupon_create', 'web', '2022-07-24 01:33:38', '2022-07-24 01:33:38'),
(93, 'coupon_update', 'web', '2022-07-24 01:33:38', '2022-07-24 01:33:38'),
(94, 'coupon_delete', 'web', '2022-07-24 01:33:38', '2022-07-24 01:33:38'),
(95, 'social_manage_forum', 'web', '2022-07-24 01:33:38', '2022-07-24 01:33:38'),
(96, 'plugin_manage', 'web', '2022-07-24 01:33:38', '2022-07-24 01:33:38'),
(97, 'vendor_payout_view', 'web', '2022-07-24 01:33:38', '2022-07-24 01:33:38'),
(98, 'vendor_payout_manage', 'web', '2022-07-24 01:33:38', '2022-07-24 01:33:38'),
(99, 'flight_manage_others', 'web', '2022-07-24 01:33:47', '2022-07-24 01:33:47'),
(100, 'flight_view', 'web', '2022-07-24 01:33:47', '2022-07-24 01:33:47'),
(101, 'flight_create', 'web', '2022-07-24 01:33:48', '2022-07-24 01:33:48'),
(102, 'flight_update', 'web', '2022-07-24 01:33:48', '2022-07-24 01:33:48'),
(103, 'flight_delete', 'web', '2022-07-24 01:33:48', '2022-07-24 01:33:48'),
(104, 'flight_manage_attributes', 'web', '2022-07-24 01:33:48', '2022-07-24 01:33:48'),
(105, 'popup_view', 'web', '2022-07-24 01:34:26', '2022-07-24 01:34:26'),
(106, 'popup_create', 'web', '2022-07-24 01:34:26', '2022-07-24 01:34:26'),
(107, 'popup_update', 'web', '2022-07-24 01:34:26', '2022-07-24 01:34:26'),
(108, 'popup_delete', 'web', '2022-07-24 01:34:26', '2022-07-24 01:34:26');

-- --------------------------------------------------------

--
-- Estructura de tabla para la tabla `core_roles`
--

CREATE TABLE `core_roles` (
  `id` int(10) UNSIGNED NOT NULL,
  `name` varchar(191) COLLATE utf8mb4_unicode_ci NOT NULL,
  `guard_name` varchar(191) COLLATE utf8mb4_unicode_ci NOT NULL,
  `origin_id` bigint(20) DEFAULT NULL,
  `lang` varchar(10) COLLATE utf8mb4_unicode_ci DEFAULT NULL,
  `created_at` timestamp NULL DEFAULT NULL,
  `updated_at` timestamp NULL DEFAULT NULL
) ENGINE=InnoDB DEFAULT CHARSET=utf8mb4 COLLATE=utf8mb4_unicode_ci;

--
-- Volcado de datos para la tabla `core_roles`
--

INSERT INTO `core_roles` (`id`, `name`, `guard_name`, `origin_id`, `lang`, `created_at`, `updated_at`) VALUES
(1, 'vendor', 'web', NULL, NULL, '2022-07-24 01:33:38', '2022-07-24 01:33:38'),
(2, 'customer', 'web', NULL, NULL, '2022-07-24 01:33:38', '2022-07-24 01:33:38'),
(3, 'administrator', 'web', NULL, NULL, '2022-07-24 01:33:38', '2022-07-24 01:33:38'),
(4, 'propietario', 'web', NULL, NULL, '2022-07-26 21:51:17', '2022-07-26 21:51:17');

-- --------------------------------------------------------

--
-- Estructura de tabla para la tabla `core_role_has_permissions`
--

CREATE TABLE `core_role_has_permissions` (
  `permission_id` int(10) UNSIGNED NOT NULL,
  `role_id` int(10) UNSIGNED NOT NULL
) ENGINE=InnoDB DEFAULT CHARSET=utf8mb4 COLLATE=utf8mb4_unicode_ci;

--
-- Volcado de datos para la tabla `core_role_has_permissions`
--

INSERT INTO `core_role_has_permissions` (`permission_id`, `role_id`) VALUES
(1, 3),
(2, 3),
(2, 4),
(3, 3),
(3, 4),
(4, 3),
(4, 4),
(5, 3),
(5, 4),
(6, 3),
(6, 4),
(7, 3),
(7, 4),
(8, 3),
(8, 4),
(9, 1),
(9, 3),
(9, 4),
(10, 1),
(10, 3),
(10, 4),
(11, 3),
(11, 4),
(12, 3),
(13, 3),
(14, 3),
(15, 3),
(16, 3),
(16, 4),
(17, 3),
(17, 4),
(18, 3),
(18, 4),
(19, 3),
(19, 4),
(20, 3),
(20, 4),
(21, 3),
(22, 3),
(23, 3),
(24, 3),
(25, 3),
(26, 3),
(27, 3),
(28, 3),
(29, 3),
(29, 4),
(30, 1),
(30, 3),
(30, 4),
(31, 3),
(32, 3),
(33, 3),
(34, 3),
(35, 3),
(36, 3),
(37, 3),
(38, 3),
(39, 3),
(40, 3),
(41, 3),
(42, 3),
(43, 3),
(44, 3),
(45, 3),
(46, 1),
(46, 3),
(47, 3),
(48, 1),
(48, 3),
(48, 4),
(49, 1),
(49, 3),
(49, 4),
(50, 1),
(50, 3),
(50, 4),
(51, 1),
(51, 3),
(52, 3),
(52, 4),
(53, 3),
(53, 4),
(54, 3),
(54, 4),
(55, 3),
(55, 4),
(56, 3),
(56, 4),
(57, 3),
(58, 3),
(58, 4),
(59, 3),
(60, 3),
(61, 1),
(61, 3),
(62, 1),
(62, 3),
(63, 1),
(63, 3),
(64, 1),
(64, 3),
(65, 3),
(66, 3),
(67, 1),
(67, 3),
(68, 1),
(68, 3),
(69, 1),
(69, 3),
(70, 1),
(70, 3),
(71, 3),
(72, 3),
(73, 1),
(73, 3),
(74, 1),
(74, 3),
(75, 1),
(75, 3),
(76, 1),
(76, 3),
(77, 3),
(78, 3),
(79, 1),
(79, 3),
(80, 1),
(80, 3),
(81, 1),
(81, 3),
(82, 1),
(82, 3),
(83, 3),
(84, 3),
(85, 1),
(85, 3),
(86, 1),
(86, 3),
(87, 1),
(87, 3),
(88, 1),
(88, 3),
(89, 3),
(90, 3),
(91, 3),
(92, 3),
(93, 3),
(94, 3),
(95, 3),
(96, 3),
(97, 3),
(97, 4),
(98, 3),
(98, 4),
(99, 3),
(100, 1),
(100, 3),
(101, 1),
(101, 3),
(102, 1),
(102, 3),
(103, 1),
(103, 3),
(104, 3),
(105, 3),
(106, 3),
(107, 3),
(108, 3);

-- --------------------------------------------------------

--
-- Estructura de tabla para la tabla `core_settings`
--

CREATE TABLE `core_settings` (
  `id` bigint(20) UNSIGNED NOT NULL,
  `name` varchar(255) COLLATE utf8mb4_unicode_ci DEFAULT NULL,
  `group` varchar(50) COLLATE utf8mb4_unicode_ci DEFAULT NULL,
  `val` text COLLATE utf8mb4_unicode_ci DEFAULT NULL,
  `autoload` tinyint(4) DEFAULT NULL,
  `create_user` int(11) DEFAULT NULL,
  `update_user` int(11) DEFAULT NULL,
  `lang` varchar(10) COLLATE utf8mb4_unicode_ci DEFAULT NULL,
  `created_at` timestamp NULL DEFAULT NULL,
  `updated_at` timestamp NULL DEFAULT NULL
) ENGINE=InnoDB DEFAULT CHARSET=utf8mb4 COLLATE=utf8mb4_unicode_ci;

--
-- Volcado de datos para la tabla `core_settings`
--

INSERT INTO `core_settings` (`id`, `name`, `group`, `val`, `autoload`, `create_user`, `update_user`, `lang`, `created_at`, `updated_at`) VALUES
(1, 'site_locale', 'general', 'es', NULL, 1, 1, NULL, NULL, '2022-07-26 19:19:13'),
(2, 'site_enable_multi_lang', 'general', '', NULL, 1, 1, NULL, NULL, '2022-07-26 19:19:13'),
(3, 'enable_rtl_egy', 'general', '1', NULL, NULL, NULL, NULL, NULL, NULL),
(4, 'menu_locations', 'general', '{\"primary\":1}', NULL, 1, 1, NULL, NULL, '2022-07-26 19:18:06'),
(5, 'admin_email', 'general', 'webmaster@saltywhiteplanetravel.com', NULL, 1, 1, NULL, NULL, '2022-07-27 04:23:09'),
(6, 'email_from_name', 'general', 'Boltravel Web', NULL, 1, 1, NULL, NULL, '2022-07-27 04:23:09'),
(7, 'email_from_address', 'general', 'webmaster@saltywhiteplanetravel.com', NULL, 1, 1, NULL, NULL, '2022-07-27 04:23:09'),
(8, 'phone_contact', 'general', '(+591) 73616321', NULL, NULL, NULL, NULL, NULL, NULL),
(9, 'logo_id', 'general', '268', NULL, 1, 1, NULL, NULL, '2022-07-26 20:51:02'),
(10, 'logo_id_2', 'general', '272', NULL, 1, 1, NULL, NULL, '2022-07-26 20:53:29'),
(11, 'logo_text', 'general', 'BOLIVIA TRAVELS', NULL, 1, 1, NULL, NULL, '2022-07-26 20:44:55'),
(12, 'site_favicon', 'general', '267', NULL, 1, 1, NULL, NULL, '2022-07-26 20:47:33'),
(13, 'topbar_left_text', 'general', '<div class=\"socials\">\r\n<a href=\"https://www.facebook.com/BolTravels-Fuentes-101988481679308/\"><i class=\"fa fa-facebook\"></i></a>\r\n<a href=\"https://www.tripadvisor.com/Attraction_Review-g317033-d21338081-Reviews-Boltravels_Fuentes-Uyuni_Potosi_Department.html\"><i class=\"fa fa-tripadvisor\"></i></a>\r\n<a href=\"https://www.instagram.com/boltravel/\"><i class=\"fa fa-instagram\"></i></a>\r\n</div>\r\n<span class=\"line\"></span>\r\n<a href=\"mailto:contact@mytravel.com\">info@saltywhiteplanetravel.com</a>', NULL, 1, 1, NULL, NULL, '2022-07-24 13:04:25'),
(14, 'footer_info_text', 'general', '<div class=\"d-md-flex d-lg-block\">\r\n    <div class=\"mb-5 mr-md-7 mr-lg-0\">\r\n        <h4 class=\"h6 mb-4 font-weight-bold\">¿Necesitas ayuda para un Tour con nosotros?</h4>\r\n        <a href=\"tel:(+84) 666-888-999\">\r\n            <div class=\"d-flex align-items-center\">\r\n                <div class=\"mr-4\">\r\n                    <i class=\"fa fa-phone font-size-50\" aria-hidden=\"true\"></i>\r\n                </div>\r\n                <div>\r\n                    <div class=\"mb-2 h6 font-weight-normal text-gray-1\">Tienes preguntas ? Llámanos 24/7</div>\r\n                    <small class=\"d-block font-size-16 font-weight-normal text-primary\">Llámenos: <span class=\"text-primary font-weight-semi-bold\">(+591) 73616321</span></small>\r\n                </div>\r\n            </div>\r\n        </a>\r\n    </div>\r\n    <div class=\"ml-md-6 ml-lg-0\">\r\n        <div class=\"mb-4\">\r\n            <h4 class=\"h6 font-weight-bold mb-2 font-size-17\">Encuéntranos en.:</h4>\r\n            <address class=\"pr-4\">\r\n                    <span class=\"mb-2 h6 font-weight-normal text-gray-1\">\r\n                        Calle 20 entre Perú y Cabrera 53820 Uyuni, Bolivia\r\n                    </span>\r\n            </address>\r\n        </div>\r\n        <ul class=\"list-inline mb-0\">\r\n            <li class=\"list-inline-item mr-2\">\r\n                <a class=\"btn btn-icon btn-social btn-bg-transparent\" href=\"https://www.facebook.com/BolTravels-Fuentes-101988481679308/\">\r\n                    <span class=\"fa fa-facebook-f btn-icon__inner\"></span>\r\n                </a>\r\n            </li>\r\n\r\n            <li class=\"list-inline-item mr-2\">\r\n                <a class=\"btn btn-icon btn-social btn-bg-transparent\" href=\"https://www.tripadvisor.com/Attraction_Review-g317033-d21338081-Reviews-Boltravels_Fuentes-Uyuni_Potosi_Department.html\">\r\n                    <span class=\"fa fa-tripadvisor btn-icon__inner\"></span>\r\n                </a>\r\n            </li>\r\n            <li class=\"list-inline-item mr-2\">\r\n                <a class=\"btn btn-icon btn-social btn-bg-transparent\" href=\"https://www.instagram.com/boltravel/\">\r\n                    <span class=\"fa fa-instagram btn-icon__inner\"></span>\r\n                </a>\r\n            </li>\r\n        </ul>\r\n    </div>\r\n</div>', NULL, 1, 1, NULL, NULL, '2022-07-27 02:18:24'),
(15, 'footer_text_left', 'general', '<p>&copy; 2022 BOLTRAVELS FUENTES COMPANY SRL. All rights reserved</p>', NULL, 1, 1, NULL, NULL, '2022-07-24 01:04:47'),
(16, 'footer_text_right', 'general', '<p>Bolivia Travel</p>', NULL, 1, 1, NULL, NULL, '2022-07-27 02:22:12'),
(17, 'list_widget_footer', 'general', '[{\"title\":\"Agencia de Turismo\",\"size\":\"4\",\"content\":\"<ul class=\\\"list-group list-group-flush list-group-borderless mb-0\\\">\\r\\n                                <li><a class=\\\"text-decoration-on-hover list-group-item list-group-item-action\\\" href=\\\"#\\\">Nosotros<\\/a><\\/li>\\r\\n                                <li><a class=\\\"text-decoration-on-hover list-group-item list-group-item-action\\\" href=\\\"#\\\">Paquetes<\\/a><\\/li>\\r\\n                               \\r\\n                            <\\/ul>\"}]', NULL, 1, 1, NULL, NULL, '2022-07-26 22:30:39'),
(18, 'page_contact_title', 'general', 'Nos encantaría saber de usted', NULL, 1, 1, NULL, NULL, '2022-07-27 02:18:24'),
(19, 'page_contact_sub_title', 'general', 'Envíanos un mensaje y te responderemos lo antes posible', NULL, 1, 1, NULL, NULL, '2022-07-27 02:18:24'),
(20, 'page_contact_desc', 'general', '<h3>Bolivia Travel</h3>\r\n<p>&nbsp;</p>\r\n<p>&nbsp;</p>\r\n<p>&nbsp;</p>\r\n<p>&nbsp;</p>\r\n<p>&nbsp;</p>\r\n<p>Tel. (+591) 73616321</p>\r\n<p>Email. info@saltywhiteplanetravel.com</p>\r\n<p>Calle 20 entre Per&uacute; y Cabrera 53820 Uyuni, Bolivia</p>', NULL, 1, 1, NULL, NULL, '2022-07-27 02:18:24'),
(21, 'page_contact_image', 'general', '261', NULL, 1, 1, NULL, NULL, '2022-07-24 04:35:49'),
(22, 'home_page_id', 'general', '1', NULL, 1, 1, NULL, NULL, '2022-07-24 01:41:18'),
(23, 'page_contact_title', 'general', 'Contact Us', NULL, NULL, NULL, NULL, NULL, NULL),
(24, 'page_contact_lists', 'general', '[{\"title\":\"Uyuni\",\"address\":\"Calle 20 entre Per\\u00fa y Cabrera 53820, <br>  Uyuni, Potos\\u00ed, BOLVIA\",\"phone\":\"+591 73616321\",\"email\":\"info@saltywhiteplanetravel.com\",\"link_map\":\"https:\\/\\/www.google.com\\/maps\\/place\\/Hotel+Kachi+de+Uyuni\\/@-20.4525483,-66.8197478,18z\\/data=!3m1!4b1!4m8!3m7!1s0x93ffbb246a983817:0x8507b6288404ca30!5m2!4m1!1i2!8m2!3d-20.4525508!4d-66.8186535\"}]', NULL, 1, 1, NULL, NULL, '2022-07-27 02:21:06'),
(25, 'page_contact_iframe_google_map', 'general', '<iframe src=\"https://www.google.com/maps/embed?pb=!1m18!1m12!1m3!1d3738.1048820157953!2d-66.82508268409322!3d-20.46088498630879!2m3!1f0!2f0!3f0!3m2!1i1024!2i768!4f13.1!3m3!1m2!1s0x0%3A0x81f1b79cbc6584e3!2zMjDCsDI3JzM5LjIiUyA2NsKwNDknMjIuNCJX!5e0!3m2!1ses!2sbo!4v1658621437750!5m2!1ses!2sbo\" width=\"100%\" height=\"500\" style=\"border:0;\" allowfullscreen=\"\" loading=\"lazy\" referrerpolicy=\"no-referrer-when-downgrade\"></iframe>', NULL, 1, 1, NULL, NULL, '2022-07-24 04:03:23'),
(26, 'page_contact_image', 'general', '9', NULL, NULL, NULL, NULL, NULL, NULL),
(27, 'currency_main', 'payment', 'usd', NULL, 1, NULL, NULL, NULL, '2022-07-24 04:16:50'),
(28, 'currency_format', 'payment', 'left', NULL, 1, NULL, NULL, NULL, '2022-07-24 04:16:50'),
(29, 'currency_decimal', 'payment', ',', NULL, 1, NULL, NULL, NULL, '2022-07-24 04:16:50'),
(30, 'currency_thousand', 'payment', '.', NULL, 1, NULL, NULL, NULL, '2022-07-24 04:16:50'),
(31, 'currency_no_decimal', 'payment', '0', NULL, 1, NULL, NULL, NULL, '2022-07-24 04:16:50'),
(32, 'extra_currency', 'payment', '', NULL, 1, NULL, NULL, NULL, '2022-07-24 04:16:50'),
(33, 'map_provider', 'advance', 'gmap', NULL, 1, 1, NULL, NULL, '2022-07-26 21:27:44'),
(34, 'map_gmap_key', 'advance', 'AIzaSyCk_FiYQRoUDynlvsnd4KxBJs2mlOdPyzk', NULL, 1, 1, NULL, NULL, '2022-07-26 21:40:07'),
(35, 'g_offline_payment_enable', 'payment', '1', NULL, 1, NULL, NULL, NULL, '2022-07-24 04:16:50'),
(36, 'g_offline_payment_name', 'payment', 'Offline Payment', NULL, 1, NULL, NULL, NULL, '2022-07-24 04:16:50'),
(37, 'date_format', 'general', 'm/d/Y', NULL, 1, 1, NULL, NULL, '2022-07-24 01:41:18'),
(38, 'site_title', 'general', 'Salty White Planet Travel', NULL, 1, 1, NULL, NULL, '2022-07-24 01:41:18'),
(39, 'site_timezone', 'general', 'America/La_Paz', NULL, 1, 1, NULL, NULL, '2022-07-24 03:44:55'),
(40, 'site_title', 'general', 'Boltravels Fuentes Company SRL', NULL, NULL, NULL, NULL, NULL, NULL),
(41, 'email_header', 'general', '<h1 class=\"site-title\" style=\"text-align: center;\">Bolivia Travel</h1>', NULL, 1, 1, NULL, NULL, '2022-07-27 04:25:03'),
(42, 'email_footer', 'general', '<p class=\"\" style=\"text-align: center;\">&copy; 2022 Bolivia Travel . All rights reserved</p>', NULL, 1, 1, NULL, NULL, '2022-07-27 04:23:56'),
(43, 'enable_mail_user_registered', 'user', '1', NULL, NULL, NULL, NULL, NULL, NULL),
(44, 'user_content_email_registered', 'user', '<h1 style=\"text-align: center\">Bienvenido!</h1>\r\n                    <h3>Hola [first_name] [last_name]</h3>\r\n                    <p>Thank you for signing up with My Travel! We hope you enjoy your time with us.</p>\r\n                    <p>Regards,</p>\r\n                    <p>My Travel</p>', NULL, NULL, NULL, NULL, NULL, NULL),
(45, 'admin_enable_mail_user_registered', 'user', '1', NULL, NULL, NULL, NULL, NULL, NULL),
(46, 'admin_content_email_user_registered', 'user', '<h3>Hello Administrator</h3>\r\n                    <p>We have new registration</p>\r\n                    <p>Full name: [first_name] [last_name]</p>\r\n                    <p>Email: [email]</p>\r\n                    <p>Regards,</p>\r\n                    <p>My Travel</p>', NULL, NULL, NULL, NULL, NULL, NULL),
(47, 'user_content_email_forget_password', 'user', '<h1>Hello!</h1>\r\n                    <p>You are receiving this email because we received a password reset request for your account.</p>\r\n                    <p style=\"text-align: center\">[button_reset_password]</p>\r\n                    <p>This password reset link expire in 60 minutes.</p>\r\n                    <p>If you did not request a password reset, no further action is required.\r\n                    </p>\r\n                    <p>Regards,</p>\r\n                    <p>My Travel</p>', NULL, NULL, NULL, NULL, NULL, NULL),
(48, 'email_driver', 'email', 'smtp', NULL, 1, 1, NULL, NULL, '2022-07-27 04:23:09'),
(49, 'email_host', 'email', 'mail.saltywhiteplanetravel.com', NULL, 1, 1, NULL, NULL, '2022-07-27 04:23:09'),
(50, 'email_port', 'email', '465', NULL, 1, 1, NULL, NULL, '2022-07-27 04:23:09'),
(51, 'email_encryption', 'email', 'ssl', NULL, 1, 1, NULL, NULL, '2022-07-27 04:23:09'),
(52, 'email_username', 'email', 'webmaster@saltywhiteplanetravel.com', NULL, 1, 1, NULL, NULL, '2022-07-27 04:23:09'),
(53, 'email_password', 'email', 'Boltravel.+-', NULL, 1, 1, NULL, NULL, '2022-07-27 04:23:09'),
(54, 'email_mailgun_domain', 'email', '', NULL, 1, 1, NULL, NULL, '2022-07-27 04:23:09'),
(55, 'email_mailgun_secret', 'email', '', NULL, 1, 1, NULL, NULL, '2022-07-27 04:23:09'),
(56, 'email_mailgun_endpoint', 'email', 'api.mailgun.net', NULL, 1, 1, NULL, NULL, '2022-07-27 04:23:09'),
(57, 'email_postmark_token', 'email', '', NULL, 1, 1, NULL, NULL, '2022-07-27 04:23:09'),
(58, 'email_ses_key', 'email', '', NULL, 1, 1, NULL, NULL, '2022-07-27 04:23:09'),
(59, 'email_ses_secret', 'email', '', NULL, 1, 1, NULL, NULL, '2022-07-27 04:23:09'),
(60, 'email_ses_region', 'email', 'us-east-1', NULL, 1, 1, NULL, NULL, '2022-07-27 04:23:09'),
(61, 'email_sparkpost_secret', 'email', '', NULL, 1, 1, NULL, NULL, '2022-07-27 04:23:09'),
(62, 'booking_enquiry_for_hotel', 'enquiry', '1', NULL, NULL, NULL, NULL, NULL, NULL),
(63, 'booking_enquiry_for_tour', 'enquiry', '1', NULL, NULL, NULL, NULL, NULL, NULL),
(64, 'booking_enquiry_for_space', 'enquiry', '1', NULL, NULL, NULL, NULL, NULL, NULL),
(65, 'booking_enquiry_for_car', 'enquiry', '1', NULL, NULL, NULL, NULL, NULL, NULL),
(66, 'booking_enquiry_for_event', 'enquiry', '1', NULL, NULL, NULL, NULL, NULL, NULL),
(67, 'booking_enquiry_for_boat', 'enquiry', '1', NULL, NULL, NULL, NULL, NULL, NULL),
(68, 'booking_enquiry_type', 'enquiry', 'booking_and_enquiry', NULL, NULL, NULL, NULL, NULL, NULL),
(69, 'booking_enquiry_enable_mail_to_vendor', 'enquiry', '1', NULL, NULL, NULL, NULL, NULL, NULL),
(70, 'booking_enquiry_mail_to_vendor_content', 'enquiry', '<h3>Hello [vendor_name]</h3>\r\n                            <p>You get new inquiry request from [email]</p>\r\n                            <p>Name :[name]</p>\r\n                            <p>Emai:[email]</p>\r\n                            <p>Phone:[phone]</p>\r\n                            <p>Content:[note]</p>\r\n                            <p>Service:[service_link]</p>\r\n                            <p>Regards,</p>\r\n                            <p>My Travel</p>\r\n                            </div>', NULL, NULL, NULL, NULL, NULL, NULL),
(71, 'booking_enquiry_enable_mail_to_admin', 'enquiry', '1', NULL, NULL, NULL, NULL, NULL, NULL),
(72, 'booking_enquiry_mail_to_admin_content', 'enquiry', '<h3>Hello Administrator</h3>\r\n                            <p>You get new inquiry request from [email]</p>\r\n                            <p>Name :[name]</p>\r\n                            <p>Emai:[email]</p>\r\n                            <p>Phone:[phone]</p>\r\n                            <p>Content:[note]</p>\r\n                            <p>Service:[service_link]</p>\r\n                            <p>Vendor:[vendor_link]</p>\r\n                            <p>Regards,</p>\r\n                            <p>My Travel</p>', NULL, NULL, NULL, NULL, NULL, NULL),
(73, 'vendor_enable', 'vendor', '1', NULL, NULL, NULL, NULL, NULL, NULL),
(74, 'vendor_commission_type', 'vendor', 'percent', NULL, NULL, NULL, NULL, NULL, NULL),
(75, 'vendor_commission_amount', 'vendor', '10', NULL, NULL, NULL, NULL, NULL, NULL),
(76, 'vendor_role', 'vendor', '1', NULL, NULL, NULL, NULL, NULL, NULL),
(77, 'role_verify_fields', 'vendor', '{\"phone\":{\"name\":\"Phone\",\"type\":\"text\",\"roles\":[\"1\",\"2\",\"3\"],\"required\":null,\"order\":null,\"icon\":\"fa fa-phone\"},\"id_card\":{\"name\":\"ID Card\",\"type\":\"file\",\"roles\":[\"1\",\"2\",\"3\"],\"required\":\"1\",\"order\":\"0\",\"icon\":\"fa fa-id-card\"},\"trade_license\":{\"name\":\"Trade License\",\"type\":\"multi_files\",\"roles\":[\"1\",\"3\"],\"required\":\"1\",\"order\":\"0\",\"icon\":\"fa fa-copyright\"}}', NULL, NULL, NULL, NULL, NULL, NULL),
(78, 'enable_mail_vendor_registered', 'vendor', '1', NULL, NULL, NULL, NULL, NULL, NULL),
(79, 'vendor_content_email_registered', 'vendor', '<h1 style=\"text-align: center;\">Welcome!</h1>\r\n                            <h3>Hello [first_name] [last_name]</h3>\r\n                            <p>Thank you for signing up with My Travel! We hope you enjoy your time with us.</p>\r\n                            <p>Regards,</p>\r\n                            <p>My Travel</p>', NULL, NULL, NULL, NULL, NULL, NULL),
(80, 'admin_enable_mail_vendor_registered', 'vendor', '1', NULL, NULL, NULL, NULL, NULL, NULL),
(81, 'admin_content_email_vendor_registered', 'vendor', '<h3>Hola Administrator</h3>\r\n                            <p>An user has been registered as Vendor. Please check the information bellow:</p>\r\n                            <p>Full name: [first_name] [last_name]</p>\r\n                            <p>Email: [email]</p>\r\n                            <p>Registration date: [created_at]</p>\r\n                            <p>You can approved the request here: [link_approved]</p>\r\n                            <p>Regards,</p>\r\n                            <p>My Travel</p>', NULL, NULL, NULL, NULL, NULL, NULL),
(82, 'cookie_agreement_enable', 'advance', '1', NULL, 1, 1, NULL, NULL, '2022-07-26 21:27:45'),
(83, 'cookie_agreement_button_text', 'advance', 'Got it', NULL, 1, 1, NULL, NULL, '2022-07-26 21:27:45'),
(84, 'cookie_agreement_content', 'advance', '<p>This website requires cookies to provide all of its features. By using our website, you agree to our use of cookies. <a href=\"#\">More info</a></p>', NULL, 1, 1, NULL, NULL, '2022-07-26 21:27:45'),
(85, 'booking_why_book_with_us', 'booking', '[{\"title\":\"No-hassle best price guarantee\",\"link\":\"#\",\"icon\":\"flaticon-star\"},{\"title\":\"Customer care available 24\\/7\",\"link\":\"#\",\"icon\":\"flaticon-support\"},{\"title\":\"Hand-picked Tours & Activities\",\"link\":\"#\",\"icon\":\"flaticon-favorites-button\"},{\"title\":\"Free Travel Insureance\",\"link\":\"#\",\"icon\":\"flaticon-airplane\"}]', NULL, NULL, NULL, NULL, NULL, NULL),
(86, 'logo_invoice_id', 'booking', '8', NULL, NULL, NULL, NULL, NULL, NULL),
(87, 'invoice_company_info', 'booking', '<p><span style=\"font-size: 14pt;\"><strong>My Travel Company</strong></span></p>\r\n                                <p>Ha Noi, Viet Nam</p>\r\n                                <p>www.mytravel.test</p>', NULL, NULL, NULL, NULL, NULL, NULL),
(88, 'news_page_list_title', 'news', 'Noticias', NULL, 1, NULL, NULL, NULL, '2022-07-26 23:07:45'),
(89, 'news_page_list_banner', 'news', '273', NULL, 1, NULL, NULL, NULL, '2022-07-26 23:07:45'),
(90, 'news_sidebar', 'news', '{\"0\":{\"title\":null,\"content\":null,\"type\":\"search_form\"},\"2\":{\"title\":\"Recent News\",\"content\":null,\"type\":\"recent_news\"},\"3\":{\"title\":\"Categories\",\"content\":null,\"type\":\"category\"}}', NULL, 1, NULL, NULL, NULL, '2022-07-26 23:07:45'),
(91, 'tour_page_search_title', 'tour', 'Search for tour', NULL, 1, NULL, NULL, NULL, '2022-07-24 01:17:47'),
(92, 'tour_page_limit_item', 'tour', '9', NULL, 1, NULL, NULL, NULL, '2022-07-24 01:17:47'),
(93, 'tour_page_search_banner', 'tour', '20', NULL, 1, NULL, NULL, NULL, '2022-07-24 01:17:47'),
(94, 'tour_layout_search', 'tour', 'normal', NULL, 1, NULL, NULL, NULL, '2022-07-24 01:17:47'),
(95, 'tour_enable_review', 'tour', '1', NULL, 1, NULL, NULL, NULL, '2022-07-24 01:17:47'),
(96, 'tour_review_approved', 'tour', '', NULL, 1, NULL, NULL, NULL, '2022-07-24 01:17:47'),
(97, 'tour_review_stats', 'tour', '[{\"title\":\"Service\"},{\"title\":\"Organization\"},{\"title\":\"Friendliness\"},{\"title\":\"Area Expert\"},{\"title\":\"Safety\"}]', NULL, 1, NULL, NULL, NULL, '2022-07-24 01:17:47'),
(98, 'tour_booking_buyer_fees', 'tour', '[{\"name\":\"Service fee\",\"desc\":\"This helps us run our platform and offer services like 24\\/7 support on your trip.\",\"name_es\":null,\"desc_es\":null,\"price\":\"100\",\"unit\":\"fixed\",\"type\":\"one_time\"}]', NULL, 1, NULL, NULL, NULL, '2022-07-24 01:17:47'),
(99, 'tour_map_search_fields', 'tour', '[{\"field\":\"location\",\"attr\":null,\"position\":\"1\"},{\"field\":\"category\",\"attr\":null,\"position\":\"2\"},{\"field\":\"date\",\"attr\":null,\"position\":\"3\"},{\"field\":\"price\",\"attr\":null,\"position\":\"4\"},{\"field\":\"advance\",\"attr\":null,\"position\":\"5\"}]', NULL, 1, NULL, NULL, NULL, '2022-07-24 01:17:47'),
(100, 'tour_search_fields', 'tour', '[{\"title\":\"Location\",\"title_es\":null,\"field\":\"location\",\"attr\":null,\"size\":\"6\",\"position\":\"1\"},{\"title\":\"From - To\",\"title_es\":null,\"field\":\"date\",\"attr\":null,\"size\":\"6\",\"position\":\"2\"}]', NULL, 1, NULL, NULL, NULL, '2022-07-24 01:17:47'),
(101, 'space_page_search_title', 'space', 'Search for space', NULL, 1, NULL, NULL, NULL, '2022-07-24 00:22:58'),
(102, 'space_page_limit_item', 'space', '9', NULL, 1, NULL, NULL, NULL, '2022-07-24 00:22:58'),
(103, 'space_page_search_banner', 'space', '62', NULL, 1, NULL, NULL, NULL, '2022-07-24 00:22:58'),
(104, 'space_layout_search', 'space', 'normal', NULL, 1, NULL, NULL, NULL, '2022-07-24 00:22:58'),
(105, 'space_enable_review', 'space', '1', NULL, 1, NULL, NULL, NULL, '2022-07-24 00:22:58'),
(106, 'space_review_approved', 'space', '', NULL, 1, NULL, NULL, NULL, '2022-07-24 00:22:58'),
(107, 'space_review_stats', 'space', '[{\"title\":\"Sleep\"},{\"title\":\"Location\"},{\"title\":\"Service\"},{\"title\":\"Clearness\"},{\"title\":\"Rooms\"}]', NULL, 1, NULL, NULL, NULL, '2022-07-24 00:22:58'),
(108, 'space_booking_buyer_fees', 'space', '[{\"name\":\"Cleaning fee\",\"desc\":\"One-time fee charged by host to cover the cost of cleaning their space.\",\"name_es\":null,\"desc_es\":null,\"price\":\"100\",\"unit\":\"fixed\",\"type\":\"one_time\"},{\"name\":\"Service fee\",\"desc\":\"This helps us run our platform and offer services like 24\\/7 support on your trip.\",\"name_es\":null,\"desc_es\":null,\"price\":\"200\",\"unit\":\"fixed\",\"type\":\"one_time\"}]', NULL, 1, NULL, NULL, NULL, '2022-07-24 00:22:58'),
(109, 'space_map_search_fields', 'space', '[{\"field\":\"location\",\"attr\":null,\"position\":\"1\"},{\"field\":\"attr\",\"attr\":\"3\",\"position\":\"2\"},{\"field\":\"date\",\"attr\":null,\"position\":\"3\"},{\"field\":\"price\",\"attr\":null,\"position\":\"4\"},{\"field\":\"advance\",\"attr\":null,\"position\":\"5\"}]', NULL, 1, NULL, NULL, NULL, '2022-07-24 00:22:58'),
(110, 'space_search_fields', 'tour', '[{\"title\":\"Location\",\"title_es\":null,\"field\":\"location\",\"attr\":null,\"size\":\"4\",\"position\":\"1\"},{\"title\":\"From - To\",\"title_es\":null,\"field\":\"date\",\"attr\":null,\"size\":\"4\",\"position\":\"2\"},{\"title\":\"Guests\",\"title_es\":null,\"field\":\"guests\",\"attr\":null,\"size\":\"4\",\"position\":\"3\"}]', NULL, 1, NULL, NULL, NULL, '2022-07-24 00:22:58'),
(111, 'hotel_page_search_title', 'hotel', 'Buscar Hotel', NULL, 1, NULL, NULL, NULL, '2022-07-26 21:06:18'),
(112, 'hotel_page_limit_item', 'hotel', '9', NULL, 1, NULL, NULL, NULL, '2022-07-26 21:06:18'),
(113, 'hotel_page_search_banner', 'hotel', '92', NULL, 1, NULL, NULL, NULL, '2022-07-26 21:06:18'),
(114, 'hotel_layout_item_search', 'hotel', 'list', NULL, 1, NULL, NULL, NULL, '2022-07-26 21:06:18'),
(115, 'hotel_attribute_show_in_listing_page', 'hotel', '6', NULL, 1, NULL, NULL, NULL, '2022-07-26 21:06:18'),
(116, 'hotel_layout_search', 'hotel', 'normal', NULL, 1, NULL, NULL, NULL, '2022-07-26 21:06:18'),
(117, 'hotel_enable_review', 'hotel', '1', NULL, 1, NULL, NULL, NULL, '2022-07-26 21:06:18'),
(118, 'hotel_review_approved', 'hotel', '', NULL, 1, NULL, NULL, NULL, '2022-07-26 21:06:18'),
(119, 'hotel_review_stats', 'hotel', '[{\"title\":\"Service\"},{\"title\":\"Organization\"},{\"title\":\"Friendliness\"},{\"title\":\"Area Expert\"},{\"title\":\"Safety\"}]', NULL, 1, NULL, NULL, NULL, '2022-07-26 21:06:18'),
(120, 'hotel_booking_buyer_fees', 'hotel', '[{\"name\":\"Service fee\",\"desc\":\"This helps us run our platform and offer services like 24\\/7 support on your trip.\",\"price\":\"100\",\"unit\":\"fixed\",\"type\":\"one_time\"}]', NULL, 1, NULL, NULL, NULL, '2022-07-26 21:06:18'),
(121, 'hotel_map_search_fields', 'hotel', '[{\"field\":\"location\",\"attr\":null,\"position\":\"1\"},{\"field\":\"attr\",\"attr\":\"7\",\"position\":\"2\"},{\"field\":\"date\",\"attr\":null,\"position\":\"3\"},{\"field\":\"price\",\"attr\":null,\"position\":\"4\"},{\"field\":\"advance\",\"attr\":null,\"position\":\"5\"}]', NULL, 1, NULL, NULL, NULL, '2022-07-26 21:06:18'),
(122, 'hotel_search_fields', 'hotel', '[{\"title\":\"Location\",\"field\":\"location\",\"attr\":null,\"size\":\"4\",\"position\":\"1\"},{\"title\":\"Check In - Out\",\"field\":\"date\",\"attr\":null,\"size\":\"4\",\"position\":\"2\"},{\"title\":\"Guests\",\"field\":\"guests\",\"attr\":null,\"size\":\"4\",\"position\":\"3\"}]', NULL, 1, NULL, NULL, NULL, '2022-07-26 21:06:18'),
(123, 'car_page_search_title', 'car', 'Search for car', NULL, 1, NULL, NULL, NULL, '2022-07-24 00:22:45'),
(124, 'car_page_limit_item', 'car', '9', NULL, 1, NULL, NULL, NULL, '2022-07-24 00:22:45'),
(125, 'car_page_search_banner', 'car', '62', NULL, 1, NULL, NULL, NULL, '2022-07-24 00:22:45'),
(126, 'car_layout_search', 'car', 'normal', NULL, 1, NULL, NULL, NULL, '2022-07-24 00:22:45'),
(127, 'car_enable_review', 'car', '1', NULL, 1, NULL, NULL, NULL, '2022-07-24 00:22:45'),
(128, 'car_review_approved', 'car', '', NULL, 1, NULL, NULL, NULL, '2022-07-24 00:22:45'),
(129, 'car_review_stats', 'car', '[{\"title\":\"Equipment\"},{\"title\":\"Comfortable\"},{\"title\":\"Climate Control\"},{\"title\":\"Facility\"},{\"title\":\"Aftercare\"}]', NULL, 1, NULL, NULL, NULL, '2022-07-24 00:22:45'),
(130, 'car_booking_buyer_fees', 'car', '[{\"name\":\"Equipment fee\",\"desc\":\"One-time fee charged by host to cover the cost of cleaning their space.\",\"name_es\":null,\"desc_es\":null,\"price\":\"100\",\"unit\":\"fixed\",\"type\":\"one_time\"},{\"name\":\"Facility fee\",\"desc\":\"This helps us run our platform and offer services like 24\\/7 support on your trip.\",\"name_es\":null,\"desc_es\":null,\"price\":\"200\",\"unit\":\"fixed\",\"type\":\"one_time\"}]', NULL, 1, NULL, NULL, NULL, '2022-07-24 00:22:45'),
(131, 'car_map_search_fields', 'car', '[{\"field\":\"location\",\"attr\":null,\"position\":\"1\"},{\"field\":\"attr\",\"attr\":\"9\",\"position\":\"2\"},{\"field\":\"date\",\"attr\":null,\"position\":\"3\"},{\"field\":\"price\",\"attr\":null,\"position\":\"4\"},{\"field\":\"advance\",\"attr\":null,\"position\":\"5\"}]', NULL, 1, NULL, NULL, NULL, '2022-07-24 00:22:45'),
(132, 'car_search_fields', 'car', '[{\"title\":\"Location\",\"title_es\":null,\"field\":\"location\",\"attr\":null,\"size\":\"6\",\"position\":\"1\"},{\"title\":\"From - To\",\"title_es\":null,\"field\":\"date\",\"attr\":null,\"size\":\"6\",\"position\":\"2\"}]', NULL, 1, NULL, NULL, NULL, '2022-07-24 00:22:45'),
(133, 'event_page_search_title', 'event', 'Search for event', NULL, 1, NULL, NULL, NULL, '2022-07-24 00:23:22'),
(134, 'event_page_limit_item', 'event', '9', NULL, 1, NULL, NULL, NULL, '2022-07-24 00:23:22'),
(135, 'event_page_search_banner', 'event', '161', NULL, 1, NULL, NULL, NULL, '2022-07-24 00:23:22'),
(136, 'event_layout_search', 'event', 'normal', NULL, 1, NULL, NULL, NULL, '2022-07-24 00:23:22'),
(137, 'event_enable_review', 'event', '1', NULL, 1, NULL, NULL, NULL, '2022-07-24 00:23:22'),
(138, 'event_review_approved', 'event', '', NULL, 1, NULL, NULL, NULL, '2022-07-24 00:23:22'),
(139, 'event_review_stats', 'event', '[{\"title\":\"Service\"},{\"title\":\"Organization\"},{\"title\":\"Friendliness\"},{\"title\":\"Area Expert\"},{\"title\":\"Safety\"}]', NULL, 1, NULL, NULL, NULL, '2022-07-24 00:23:23'),
(140, 'event_booking_buyer_fees', 'event', '[{\"name\":\"Service fee\",\"desc\":\"This helps us run our platform and offer services like 24\\/7 support on your trip.\",\"name_es\":null,\"desc_es\":null,\"price\":\"100\",\"unit\":\"fixed\",\"type\":\"one_time\"}]', NULL, 1, NULL, NULL, NULL, '2022-07-24 00:23:23'),
(141, 'event_map_search_fields', 'event', '[{\"field\":\"location\",\"attr\":null,\"position\":\"1\"},{\"field\":null,\"attr\":null,\"position\":\"2\"},{\"field\":\"date\",\"attr\":null,\"position\":\"3\"},{\"field\":\"price\",\"attr\":null,\"position\":\"4\"},{\"field\":\"advance\",\"attr\":null,\"position\":\"5\"}]', NULL, 1, NULL, NULL, NULL, '2022-07-24 00:23:23'),
(142, 'event_search_fields', 'event', '[{\"title\":\"Location\",\"title_es\":null,\"field\":\"location\",\"attr\":null,\"size\":\"6\",\"position\":\"1\"},{\"title\":\"From - To\",\"title_es\":null,\"field\":\"date\",\"attr\":null,\"size\":\"6\",\"position\":\"2\"}]', NULL, 1, NULL, NULL, NULL, '2022-07-24 00:23:23'),
(143, 'flight_page_search_title', 'flight', 'Search for flight', NULL, 1, NULL, NULL, NULL, '2022-07-24 00:23:09'),
(144, 'flight_page_limit_item', 'flight', '9', NULL, 1, NULL, NULL, NULL, '2022-07-24 00:23:09'),
(145, 'flight_page_search_banner', 'flight', '232', NULL, 1, NULL, NULL, NULL, '2022-07-24 00:23:09'),
(146, 'flight_layout_search', 'flight', '', NULL, 1, NULL, NULL, NULL, '2022-07-24 00:23:09'),
(147, 'flight_enable_review', 'flight', '', NULL, 1, NULL, NULL, NULL, '2022-07-24 00:23:09'),
(148, 'flight_review_approved', 'flight', '', NULL, 1, NULL, NULL, NULL, '2022-07-24 00:23:09'),
(149, 'flight_review_stats', 'flight', '', NULL, 1, NULL, NULL, NULL, '2022-07-24 00:23:09'),
(150, 'flight_booking_buyer_fees', 'flight', '', NULL, 1, NULL, NULL, NULL, '2022-07-24 00:23:09'),
(151, 'flight_map_search_fields', 'flight', '', NULL, 1, NULL, NULL, NULL, '2022-07-24 00:23:09'),
(152, 'flight_search_fields', 'flight', '[{\"title\":\"From where\",\"title_es\":null,\"field\":\"from_where\",\"size\":\"3\",\"position\":\"1\"},{\"title\":\"To where\",\"title_es\":null,\"field\":\"to_where\",\"size\":\"3\",\"position\":\"2\"},{\"title\":\"Depart\",\"title_es\":null,\"field\":\"date\",\"size\":\"3\",\"position\":\"3\"},{\"title\":\"Travelers\",\"title_es\":null,\"field\":\"seat_type\",\"size\":\"3\",\"position\":\"4\"}]', NULL, 1, NULL, NULL, NULL, '2022-07-24 00:23:09'),
(153, 'boat_page_search_title', 'boat', 'Search for boat', NULL, 1, NULL, NULL, NULL, '2022-07-24 00:23:32'),
(154, 'boat_page_limit_item', 'boat', '9', NULL, 1, NULL, NULL, NULL, '2022-07-24 00:23:33'),
(155, 'boat_page_search_banner', 'boat', '237', NULL, 1, NULL, NULL, NULL, '2022-07-24 00:23:32'),
(156, 'boat_layout_search', 'boat', 'normal', NULL, 1, NULL, NULL, NULL, '2022-07-24 00:23:33'),
(157, 'boat_enable_review', 'boat', '1', NULL, 1, NULL, NULL, NULL, '2022-07-24 00:23:33'),
(158, 'boat_review_approved', 'boat', '', NULL, 1, NULL, NULL, NULL, '2022-07-24 00:23:33'),
(159, 'boat_review_stats', 'boat', '[{\"title\":\"Equipment\"},{\"title\":\"Comfortable\"},{\"title\":\"Climate Control\"},{\"title\":\"Facility\"},{\"title\":\"Aftercare\"}]', NULL, 1, NULL, NULL, NULL, '2022-07-24 00:23:33'),
(160, 'boat_booking_buyer_fees', 'boat', '[{\"name\":\"Equipment fee\",\"desc\":\"One-time fee charged by host to cover the cost of cleaning their space.\",\"name_es\":null,\"desc_es\":null,\"price\":\"100\",\"unit\":\"fixed\",\"type\":\"one_time\"},{\"name\":\"Facility fee\",\"desc\":\"This helps us run our platform and offer services like 24\\/7 support on your trip.\",\"name_es\":null,\"desc_es\":null,\"price\":\"200\",\"unit\":\"fixed\",\"type\":\"one_time\"}]', NULL, 1, NULL, NULL, NULL, '2022-07-24 00:23:33'),
(161, 'boat_map_search_fields', 'boat', '[{\"field\":\"location\",\"attr\":null,\"position\":\"1\"},{\"field\":\"attr\",\"attr\":\"14\",\"position\":\"2\"},{\"field\":\"date\",\"attr\":null,\"position\":\"3\"},{\"field\":\"price\",\"attr\":null,\"position\":\"4\"},{\"field\":\"advance\",\"attr\":null,\"position\":\"5\"}]', NULL, 1, NULL, NULL, NULL, '2022-07-24 00:23:33'),
(162, 'boat_search_fields', 'boat', '[{\"title\":\"Location\",\"title_es\":null,\"field\":\"location\",\"attr\":null,\"size\":\"6\",\"position\":\"1\"},{\"title\":\"Start Date\",\"title_es\":null,\"field\":\"date\",\"attr\":null,\"size\":\"6\",\"position\":\"2\"}]', NULL, 1, NULL, NULL, NULL, '2022-07-24 00:23:33'),
(163, 'MT_update_to_130', NULL, '1.3.0', NULL, NULL, NULL, NULL, '2022-07-24 01:34:27', '2022-07-24 01:34:27'),
(164, 'update_to_110', NULL, '1', NULL, NULL, NULL, NULL, '2022-07-24 01:34:27', '2022-07-24 01:34:27'),
(165, 'update_to_120', NULL, '1', NULL, NULL, NULL, NULL, '2022-07-24 01:34:28', '2022-07-24 01:34:28'),
(166, 'update_to_130', NULL, '1', NULL, NULL, NULL, NULL, '2022-07-24 01:34:28', '2022-07-24 01:34:28'),
(167, 'update_to_140', NULL, '1', NULL, NULL, NULL, NULL, '2022-07-24 01:34:29', '2022-07-24 01:34:29'),
(168, 'update_to_150', NULL, '1', NULL, NULL, NULL, NULL, '2022-07-24 01:34:30', '2022-07-24 01:34:30'),
(169, 'update_to_151', NULL, '1', NULL, NULL, NULL, NULL, '2022-07-24 01:34:30', '2022-07-24 01:34:30'),
(170, 'update_to_160', NULL, '1', NULL, NULL, NULL, NULL, '2022-07-24 01:34:30', '2022-07-24 01:34:30'),
(171, 'booking_enquiry_enable_mail_to_vendor_content', 'enquiry', '<h3>Hello [vendor_name]</h3>\n                            <p>You get new inquiry request from [email]</p>\n                            <p>Name :[name]</p>\n                            <p>Emai:[email]</p>\n                            <p>Phone:[phone]</p>\n                            <p>Content:[note]</p>\n                            <p>Service:[service_link]</p>\n                            <p>Regards,</p>\n                            <p>Booking Core</p>\n                            </div>', NULL, NULL, NULL, NULL, NULL, NULL),
(172, 'booking_enquiry_enable_mail_to_admin_content', 'enquiry', '<h3>Hello Administrator</h3>\n                            <p>You get new inquiry request from [email]</p>\n                            <p>Name :[name]</p>\n                            <p>Emai:[email]</p>\n                            <p>Phone:[phone]</p>\n                            <p>Content:[note]</p>\n                            <p>Service:[service_link]</p>\n                            <p>Vendor:[vendor_link]</p>\n                            <p>Regards,</p>\n                            <p>Booking Core</p>', NULL, NULL, NULL, NULL, NULL, NULL),
(173, 'update_to_170', NULL, '1', NULL, NULL, NULL, NULL, '2022-07-24 01:34:32', '2022-07-24 01:34:32'),
(174, 'check_db_engine', NULL, '1', NULL, NULL, NULL, NULL, '2022-07-24 01:34:32', '2022-07-24 01:34:32'),
(175, 'wallet_credit_exchange_rate', NULL, '1', NULL, 1, NULL, NULL, '2022-07-24 01:34:32', '2022-07-24 04:17:16'),
(176, 'wallet_deposit_rate', NULL, '1', NULL, 1, NULL, NULL, '2022-07-24 01:34:32', '2022-07-24 04:17:16'),
(177, 'wallet_deposit_type', NULL, 'list', NULL, 1, NULL, NULL, '2022-07-24 01:34:32', '2022-07-24 04:17:16'),
(178, 'wallet_deposit_lists', NULL, '[{\"name\":\"100$\",\"amount\":\"100\",\"credit\":\"100\"}]', NULL, 1, NULL, NULL, '2022-07-24 01:34:32', '2022-07-24 04:17:16'),
(179, 'wallet_new_deposit_admin_subject', NULL, 'New credit purchase', NULL, 1, NULL, NULL, '2022-07-24 01:34:32', '2022-07-24 04:17:16'),
(180, 'wallet_new_deposit_admin_content', NULL, '<h1>Hello [first_name]!</h1>\r\n<p>New order has been made:</p>\r\n<p>User ID: [create_user]</p>\r\n<p>Amount: [amount]</p>\r\n<p>Credit: [credit]</p>\r\n<p>Gateway: [payment_gateway]</p>\r\n<p>Regards,<br />My Travel</p>', NULL, 1, NULL, NULL, '2022-07-24 01:34:32', '2022-07-24 04:17:16'),
(181, 'wallet_new_deposit_customer_subject', NULL, 'Thank you for your purchasing', NULL, 1, NULL, NULL, '2022-07-24 01:34:32', '2022-07-24 04:17:16'),
(182, 'wallet_new_deposit_customer_content', NULL, '<h1>Hello [first_name]!</h1>\r\n<p>New order has been made:</p>\r\n<p>User ID: [create_user]</p>\r\n<p>Amount: [amount]</p>\r\n<p>Credit: [credit]</p>\r\n<p>Gateway: [payment_gateway]</p>\r\n<p>Regards,<br />My Travel</p>', NULL, 1, NULL, NULL, '2022-07-24 01:34:32', '2022-07-24 04:17:16'),
(183, 'wallet_update_deposit_admin_subject', NULL, 'Credit purchase updated', NULL, 1, NULL, NULL, '2022-07-24 01:34:32', '2022-07-24 04:17:16'),
(184, 'wallet_update_deposit_admin_content', NULL, '<h1>Hello [first_name]!</h1>\r\n<p>Order has been updated:</p>\r\n<p>Order Status: <strong>[status_name]</strong></p>\r\n<p>User ID: [create_user]</p>\r\n<p>Amount: [amount]</p>\r\n<p>Credit: [credit]</p>\r\n<p>Gateway: [payment_gateway]</p>\r\n<p>Regards,<br />My Travel</p>', NULL, 1, NULL, NULL, '2022-07-24 01:34:32', '2022-07-24 04:17:16'),
(185, 'wallet_update_deposit_customer_subject', NULL, 'Your credit purchase updated', NULL, 1, NULL, NULL, '2022-07-24 01:34:32', '2022-07-24 04:17:16'),
(186, 'wallet_update_deposit_customer_content', NULL, '<h1>Hello [first_name]!</h1>\r\n<p>Order has been updated:</p>\r\n<p>Order Status: <strong>[status_name]</strong></p>\r\n<p>User ID: [create_user]</p>\r\n<p>Amount: [amount]</p>\r\n<p>Credit: [credit]</p>\r\n<p>Gateway: [payment_gateway]</p>\r\n<p>Regards,<br />My Travel</p>', NULL, 1, NULL, NULL, '2022-07-24 01:34:32', '2022-07-24 04:17:16'),
(187, 'update_to_181', NULL, '1', NULL, NULL, NULL, NULL, '2022-07-24 01:34:32', '2022-07-24 01:34:32'),
(188, 'update_to_182', NULL, '1', NULL, NULL, NULL, NULL, '2022-07-24 01:34:32', '2022-07-24 01:34:32'),
(189, 'update_to_190', NULL, '1', NULL, NULL, NULL, NULL, '2022-07-24 01:34:33', '2022-07-24 01:34:33'),
(190, 'update_to_200', NULL, '2.0.9', NULL, NULL, NULL, NULL, '2022-07-24 01:34:33', '2022-07-24 01:34:33'),
(191, 'update_to_210', NULL, '2.1.0', NULL, NULL, NULL, NULL, '2022-07-24 01:34:33', '2022-07-24 01:34:33'),
(192, 'search_open_tab', NULL, 'current_tab', NULL, 1, 1, NULL, '2022-07-24 01:34:35', '2022-07-26 21:27:45'),
(193, 'map_clustering', NULL, 'on', NULL, 1, 1, NULL, '2022-07-24 01:34:35', '2022-07-26 21:27:45'),
(194, 'map_fit_bounds', NULL, 'on', NULL, 1, 1, NULL, '2022-07-24 01:34:35', '2022-07-26 21:27:45'),
(195, 'update_to_220', NULL, '2.2.0.1', NULL, NULL, NULL, NULL, '2022-07-24 01:34:35', '2022-07-24 01:34:35'),
(196, 'update_to_230', NULL, '2.3.0', NULL, NULL, NULL, NULL, '2022-07-24 01:34:35', '2022-07-24 01:34:35'),
(197, 'update_to_240', NULL, '1.0.5', NULL, NULL, NULL, NULL, '2022-07-24 01:34:36', '2022-07-24 01:34:36'),
(198, 'site_desc', NULL, 'Es una empresa que desarrolla sus actividades en el majestuoso salar de Uyuni', NULL, 1, 1, NULL, '2022-07-24 01:40:39', '2022-07-24 01:32:43'),
(199, 'site_first_day_of_the_weekin_calendar', NULL, '1', NULL, 1, 1, NULL, '2022-07-24 01:40:39', '2022-07-24 01:41:18'),
(200, 'enable_rtl', NULL, '', NULL, 1, 1, NULL, '2022-07-24 01:40:39', '2022-07-24 01:41:18'),
(201, 'home_hotel_id', NULL, '', NULL, 1, 1, NULL, '2022-07-24 01:40:39', '2022-07-24 01:41:18'),
(202, 'site_title_es', NULL, 'Salty White Planet Travel', NULL, 1, 1, NULL, '2022-07-24 03:42:33', '2022-07-24 03:44:10'),
(203, 'site_desc_es', NULL, 'Es una empresa que desarrolla sus actividades en el majestuoso salar de Uyuni', NULL, 1, 1, NULL, '2022-07-24 03:42:33', '2022-07-24 03:59:21'),
(204, 'site_favicon_es', NULL, '', NULL, 1, 1, NULL, '2022-07-24 03:42:33', '2022-07-24 03:44:10'),
(205, 'home_page_id_es', NULL, '', NULL, 1, 1, NULL, '2022-07-24 03:42:33', '2022-07-24 03:44:10'),
(206, 'topbar_left_text_es', NULL, '<div class=\"socials\">\r\n<a href=\"#\"><i class=\"fa fa-facebook\"></i></a>\r\n<a href=\"#\"><i class=\"fa fa-tripadvisor\"></i></a>\r\n<a href=\"#\"><i class=\"fa fa-google-plus\"></i></a>\r\n</div>\r\n<span class=\"line\"></span>\r\n<a href=\"mailto:contact@mytravel.com\">info@saltywhiteplanetravel.com</a>', NULL, 1, 1, NULL, '2022-07-24 03:42:33', '2022-07-24 04:01:14'),
(207, 'logo_id_es', NULL, '', NULL, 1, 1, NULL, '2022-07-24 03:42:33', '2022-07-24 03:44:10'),
(208, 'footer_text_left_es', NULL, '<p>&copy; 2022 BOLTRAVELS FUENTES COMPANY SRL . All rights reserved</p>', NULL, 1, 1, NULL, '2022-07-24 03:42:33', '2022-07-24 03:44:10'),
(209, 'footer_text_right_es', NULL, '<p>BOLTRAVELS FUENTES COMPANY</p>', NULL, 1, 1, NULL, '2022-07-24 03:42:33', '2022-07-24 00:08:27'),
(210, 'list_widget_footer_es', NULL, '[{\"title\":\"Compa\\u00f1ia\",\"size\":\"4\",\"content\":\"<ul class=\\\"list-group list-group-flush list-group-borderless mb-0\\\">\\r\\n                                <li><a class=\\\"text-decoration-on-hover list-group-item list-group-item-action\\\" href=\\\"#\\\">About us<\\/a><\\/li>\\r\\n                                <li><a class=\\\"text-decoration-on-hover list-group-item list-group-item-action\\\" href=\\\"#\\\">Careers<\\/a><\\/li>\\r\\n                                <li><a class=\\\"list-group-item list-group-item-action text-decoration-on-hover\\\" href=\\\"#\\\">Terms of Use<\\/a><\\/li>\\r\\n                                <li><a class=\\\"list-group-item list-group-item-action text-decoration-on-hover\\\" href=\\\"#\\\">Privacy Statement<\\/a><\\/li>\\r\\n                                <li><a class=\\\"list-group-item list-group-item-action text-decoration-on-hover\\\" href=\\\"#\\\">Give Us Feedbacks<\\/a><\\/li>\\r\\n                            <\\/ul>\"},{\"title\":\"Otros Servicios\",\"size\":\"4\",\"content\":\"<ul class=\\\"list-group list-group-flush list-group-borderless mb-0\\\">\\r\\n                                <li><a class=\\\"list-group-item list-group-item-action text-decoration-on-hover\\\" href=\\\"#\\\">Investor Relations<\\/a><\\/li>\\r\\n                                <li><a class=\\\"list-group-item list-group-item-action text-decoration-on-hover\\\" href=\\\"#\\\">Rewards Program<\\/a><\\/li>\\r\\n                                <li><a class=\\\"list-group-item list-group-item-action text-decoration-on-hover\\\" href=\\\"#\\\">PointsPLUS<\\/a><\\/li>\\r\\n                                <li><a class=\\\"list-group-item list-group-item-action text-decoration-on-hover\\\" href=\\\"#\\\">Partners<\\/a><\\/li>\\r\\n                                <li><a class=\\\"list-group-item list-group-item-action text-decoration-on-hover\\\" href=\\\"#\\\">List My Hotel<\\/a><\\/li>\\r\\n                            <\\/ul>\"},{\"title\":\"Soporte\",\"size\":\"4\",\"content\":\"<ul class=\\\"list-group list-group-flush list-group-borderless mb-0\\\">\\r\\n                                <li>\\r\\n                                    <a class=\\\"list-group-item list-group-item-action text-decoration-on-hover\\\" href=\\\"#\\\">Account<\\/a>\\r\\n                                <\\/li>\\r\\n                                <li>\\r\\n                                    <a class=\\\"list-group-item list-group-item-action text-decoration-on-hover\\\" href=\\\"#\\\">Legal<\\/a>\\r\\n                                <\\/li>\\r\\n                                <li>\\r\\n                                    <a class=\\\"list-group-item list-group-item-action text-decoration-on-hover\\\" href=\\\"#\\\">Contact<\\/a>\\r\\n                                <\\/li>\\r\\n                                <li>\\r\\n                                    <a class=\\\"list-group-item list-group-item-action text-decoration-on-hover\\\" href=\\\"#\\\">Affiliate Program<\\/a>\\r\\n                                <\\/li>\\r\\n                                <li>\\r\\n                                    <a class=\\\"list-group-item list-group-item-action text-decoration-on-hover\\\" href=\\\"#\\\">Privacy Policy<\\/a>\\r\\n                                <\\/li>\\r\\n                            <\\/ul>\"}]', NULL, 1, 1, NULL, '2022-07-24 03:42:33', '2022-07-24 03:44:10'),
(211, 'date_format_es', NULL, '', NULL, 1, 1, NULL, '2022-07-24 03:42:33', '2022-07-24 03:44:10'),
(212, 'site_timezone_es', NULL, '', NULL, 1, 1, NULL, '2022-07-24 03:42:33', '2022-07-24 03:44:10'),
(213, 'site_locale_es', NULL, '', NULL, 1, 1, NULL, '2022-07-24 03:42:33', '2022-07-24 03:44:10'),
(214, 'site_first_day_of_the_weekin_calendar_es', NULL, '', NULL, 1, 1, NULL, '2022-07-24 03:42:33', '2022-07-24 03:44:10'),
(215, 'site_enable_multi_lang_es', NULL, '', NULL, 1, 1, NULL, '2022-07-24 03:42:33', '2022-07-24 03:44:10'),
(216, 'enable_rtl_es', NULL, '', NULL, 1, 1, NULL, '2022-07-24 03:42:33', '2022-07-24 03:44:10'),
(217, 'page_contact_title_es', NULL, 'We\'d love to hear from you', NULL, 1, 1, NULL, '2022-07-24 03:42:33', '2022-07-24 03:44:10'),
(218, 'page_contact_sub_title_es', NULL, 'Send us a message and we\'ll respond as soon as possible', NULL, 1, 1, NULL, '2022-07-24 03:42:33', '2022-07-24 03:44:10'),
(219, 'page_contact_desc_es', NULL, '<h3>Salty White Planet Travel</h3>\r\n<p>&nbsp;</p>\r\n<p>&nbsp;</p>\r\n<p>&nbsp;</p>\r\n<p>&nbsp;</p>\r\n<p>&nbsp;</p>\r\n<p>Tell. + 00 222 444 33</p>\r\n<p>Email. hello@yoursite.com</p>\r\n<p>1355 Market St, Suite 900San, Francisco, CA 94103 United States</p>', NULL, 1, 1, NULL, '2022-07-24 03:42:33', '2022-07-24 03:44:10'),
(220, 'page_contact_image_es', NULL, '', NULL, 1, 1, NULL, '2022-07-24 03:42:33', '2022-07-24 03:44:10'),
(221, 'home_hotel_id_es', NULL, '', NULL, 1, 1, NULL, '2022-07-24 03:42:33', '2022-07-24 03:44:10'),
(222, 'logo_id_2_es', NULL, '', NULL, 1, 1, NULL, '2022-07-24 03:42:33', '2022-07-24 03:44:10'),
(223, 'logo_text_es', NULL, 'Salty White', NULL, 1, 1, NULL, '2022-07-24 03:42:33', '2022-07-24 03:59:21'),
(224, 'footer_info_text_es', NULL, '<div class=\"d-md-flex d-lg-block\">\r\n    <div class=\"mb-5 mr-md-7 mr-lg-0\">\r\n        <h4 class=\"h6 mb-4 font-weight-bold\">Need Salty White Planet Travel Help?</h4>\r\n        <a href=\"tel:(+84) 666-888-999\">\r\n            <div class=\"d-flex align-items-center\">\r\n                <div class=\"mr-4\">\r\n                    <i class=\"fa fa-phone font-size-50\" aria-hidden=\"true\"></i>\r\n                </div>\r\n                <div>\r\n                    <div class=\"mb-2 h6 font-weight-normal text-gray-1\">Got Questions ? Call us 24/7</div>\r\n                    <small class=\"d-block font-size-16 font-weight-normal text-primary\">Call Us: <span class=\"text-primary font-weight-semi-bold\">(+591) 73616321</span></small>\r\n                </div>\r\n            </div>\r\n        </a>\r\n    </div>\r\n    <div class=\"ml-md-6 ml-lg-0\">\r\n        <div class=\"mb-4\">\r\n            <h4 class=\"h6 font-weight-bold mb-2 font-size-17\">Contact Info</h4>\r\n            <address class=\"pr-4\">\r\n                    <span class=\"mb-2 h6 font-weight-normal text-gray-1\">\r\n                        Calle 20 entre Perú y Cabrera 53820 Uyuni, Bolivia\r\n                    </span>\r\n            </address>\r\n        </div>\r\n        <ul class=\"list-inline mb-0\">\r\n            <li class=\"list-inline-item mr-2\">\r\n                <a class=\"btn btn-icon btn-social btn-bg-transparent\" href=\"#\">\r\n                    <span class=\"fa fa-facebook-f btn-icon__inner\"></span>\r\n                </a>\r\n            </li>\r\n            <li class=\"list-inline-item mr-2\">\r\n                <a class=\"btn btn-icon btn-social btn-bg-transparent\" href=\"#\">\r\n                    <span class=\"fa fa-twitter  btn-icon__inner\"></span>\r\n                </a>\r\n            </li>\r\n            <li class=\"list-inline-item mr-2\">\r\n                <a class=\"btn btn-icon btn-social btn-bg-transparent\" href=\"#\">\r\n                    <span class=\"fa fa-instagram btn-icon__inner\"></span>\r\n                </a>\r\n            </li>\r\n            <li class=\"list-inline-item mr-2\">\r\n                <a class=\"btn btn-icon btn-social btn-bg-transparent\" href=\"#\">\r\n                    <span class=\"fa fa-linkedin btn-icon__inner\"></span>\r\n                </a>\r\n            </li>\r\n        </ul>\r\n    </div>\r\n</div>', NULL, 1, 1, NULL, '2022-07-24 03:42:33', '2022-07-24 03:59:21'),
(225, 'page_contact_lists_es', NULL, '[{\"title\":\"Uyuni\",\"address\":\"Calle 20 entre Per\\u00fa y Cabrera 53820, <br>  Uyuni, Bolivia\",\"phone\":\"+591 73616321\",\"email\":\"info@saltywhiteplanetravel.com\",\"link_map\":\"#\"}]', NULL, 1, 1, NULL, '2022-07-24 03:42:33', '2022-07-24 03:59:21'),
(226, 'page_contact_iframe_google_map_es', NULL, '<iframe src=\"https://www.google.com/maps/embed?pb=!1m18!1m12!1m3!1d3738.1048820157953!2d-66.82508268409322!3d-20.46088498630879!2m3!1f0!2f0!3f0!3m2!1i1024!2i768!4f13.1!3m3!1m2!1s0x0%3A0x81f1b79cbc6584e3!2zMjDCsDI3JzM5LjIiUyA2NsKwNDknMjIuNCJX!5e0!3m2!1ses!2sbo!4v1658621437750!5m2!1ses!2sbo\" width=\"100%\" height=\"500\" style=\"border:0;\" allowfullscreen=\"\" loading=\"lazy\" referrerpolicy=\"no-referrer-when-downgrade\"></iframe>', NULL, 1, 1, NULL, '2022-07-24 03:42:33', '2022-07-24 04:01:14'),
(227, 'car_disable', NULL, '1', NULL, 1, NULL, NULL, '2022-07-24 00:22:45', '2022-07-24 00:22:45'),
(228, 'car_location_search_style', NULL, 'normal', NULL, 1, NULL, NULL, '2022-07-24 00:22:45', '2022-07-24 00:22:45'),
(229, 'car_enable_review_after_booking', NULL, '', NULL, 1, NULL, NULL, '2022-07-24 00:22:45', '2022-07-24 00:22:45'),
(230, 'car_review_number_per_page', NULL, '5', NULL, 1, NULL, NULL, '2022-07-24 00:22:45', '2022-07-24 00:22:45'),
(231, 'car_page_list_seo_title', NULL, '', NULL, 1, NULL, NULL, '2022-07-24 00:22:45', '2022-07-24 00:22:45'),
(232, 'car_page_list_seo_desc', NULL, '', NULL, 1, NULL, NULL, '2022-07-24 00:22:45', '2022-07-24 00:22:45'),
(233, 'car_page_list_seo_image', NULL, '', NULL, 1, NULL, NULL, '2022-07-24 00:22:45', '2022-07-24 00:22:45'),
(234, 'car_page_list_seo_share', NULL, '{\"facebook\":{\"title\":null,\"desc\":null,\"image\":null},\"twitter\":{\"title\":null,\"desc\":null,\"image\":null}}', NULL, 1, NULL, NULL, '2022-07-24 00:22:45', '2022-07-24 00:22:45'),
(235, 'car_vendor_create_service_must_approved_by_admin', NULL, '', NULL, 1, NULL, NULL, '2022-07-24 00:22:45', '2022-07-24 00:22:45'),
(236, 'car_allow_vendor_can_change_their_booking_status', NULL, '', NULL, 1, NULL, NULL, '2022-07-24 00:22:45', '2022-07-24 00:22:45'),
(237, 'car_allow_vendor_can_change_paid_amount', NULL, '', NULL, 1, NULL, NULL, '2022-07-24 00:22:45', '2022-07-24 00:22:45'),
(238, 'car_allow_vendor_can_add_service_fee', NULL, '', NULL, 1, NULL, NULL, '2022-07-24 00:22:45', '2022-07-24 00:22:45'),
(239, 'car_allow_review_after_making_completed_booking', NULL, '', NULL, 1, NULL, NULL, '2022-07-24 00:22:45', '2022-07-24 00:22:45'),
(240, 'car_deposit_enable', NULL, '', NULL, 1, NULL, NULL, '2022-07-24 00:22:45', '2022-07-24 00:22:45'),
(241, 'car_deposit_type', NULL, 'fixed', NULL, 1, NULL, NULL, '2022-07-24 00:22:45', '2022-07-24 00:22:45'),
(242, 'car_deposit_amount', NULL, '', NULL, 1, NULL, NULL, '2022-07-24 00:22:45', '2022-07-24 00:22:45'),
(243, 'car_deposit_fomular', NULL, 'default', NULL, 1, NULL, NULL, '2022-07-24 00:22:45', '2022-07-24 00:22:45'),
(244, 'car_layout_map_option', NULL, 'map_left', NULL, 1, NULL, NULL, '2022-07-24 00:22:45', '2022-07-24 00:22:45'),
(245, 'car_icon_marker_map', NULL, '', NULL, 1, NULL, NULL, '2022-07-24 00:22:45', '2022-07-24 00:22:45'),
(246, 'car_map_lat_default', NULL, '', NULL, 1, NULL, NULL, '2022-07-24 00:22:45', '2022-07-24 00:22:45'),
(247, 'car_map_lng_default', NULL, '', NULL, 1, NULL, NULL, '2022-07-24 00:22:45', '2022-07-24 00:22:45'),
(248, 'car_map_zoom_default', NULL, '', NULL, 1, NULL, NULL, '2022-07-24 00:22:45', '2022-07-24 00:22:45'),
(249, 'car_location_radius_value', NULL, '1', NULL, 1, NULL, NULL, '2022-07-24 00:22:45', '2022-07-24 00:22:45'),
(250, 'car_location_radius_type', NULL, '3959', NULL, 1, NULL, NULL, '2022-07-24 00:22:45', '2022-07-24 00:22:45'),
(251, 'space_disable', NULL, '1', NULL, 1, NULL, NULL, '2022-07-24 00:22:58', '2022-07-24 00:22:58'),
(252, 'space_location_search_style', NULL, 'normal', NULL, 1, NULL, NULL, '2022-07-24 00:22:58', '2022-07-24 00:22:58');
INSERT INTO `core_settings` (`id`, `name`, `group`, `val`, `autoload`, `create_user`, `update_user`, `lang`, `created_at`, `updated_at`) VALUES
(253, 'space_enable_review_after_booking', NULL, '', NULL, 1, NULL, NULL, '2022-07-24 00:22:58', '2022-07-24 00:22:58'),
(254, 'space_review_number_per_page', NULL, '5', NULL, 1, NULL, NULL, '2022-07-24 00:22:58', '2022-07-24 00:22:58'),
(255, 'space_page_list_seo_title', NULL, '', NULL, 1, NULL, NULL, '2022-07-24 00:22:58', '2022-07-24 00:22:58'),
(256, 'space_page_list_seo_desc', NULL, '', NULL, 1, NULL, NULL, '2022-07-24 00:22:58', '2022-07-24 00:22:58'),
(257, 'space_page_list_seo_image', NULL, '', NULL, 1, NULL, NULL, '2022-07-24 00:22:58', '2022-07-24 00:22:58'),
(258, 'space_page_list_seo_share', NULL, '{\"facebook\":{\"title\":null,\"desc\":null,\"image\":null},\"twitter\":{\"title\":null,\"desc\":null,\"image\":null}}', NULL, 1, NULL, NULL, '2022-07-24 00:22:58', '2022-07-24 00:22:58'),
(259, 'space_vendor_create_service_must_approved_by_admin', NULL, '', NULL, 1, NULL, NULL, '2022-07-24 00:22:58', '2022-07-24 00:22:58'),
(260, 'space_allow_vendor_can_change_their_booking_status', NULL, '', NULL, 1, NULL, NULL, '2022-07-24 00:22:58', '2022-07-24 00:22:58'),
(261, 'space_allow_vendor_can_change_paid_amount', NULL, '', NULL, 1, NULL, NULL, '2022-07-24 00:22:58', '2022-07-24 00:22:58'),
(262, 'space_allow_vendor_can_add_service_fee', NULL, '', NULL, 1, NULL, NULL, '2022-07-24 00:22:58', '2022-07-24 00:22:58'),
(263, 'space_allow_review_after_making_completed_booking', NULL, '', NULL, 1, NULL, NULL, '2022-07-24 00:22:58', '2022-07-24 00:22:58'),
(264, 'space_deposit_enable', NULL, '', NULL, 1, NULL, NULL, '2022-07-24 00:22:58', '2022-07-24 00:22:58'),
(265, 'space_deposit_type', NULL, 'fixed', NULL, 1, NULL, NULL, '2022-07-24 00:22:58', '2022-07-24 00:22:58'),
(266, 'space_deposit_amount', NULL, '', NULL, 1, NULL, NULL, '2022-07-24 00:22:58', '2022-07-24 00:22:58'),
(267, 'space_deposit_fomular', NULL, 'default', NULL, 1, NULL, NULL, '2022-07-24 00:22:58', '2022-07-24 00:22:58'),
(268, 'space_layout_map_option', NULL, 'map_left', NULL, 1, NULL, NULL, '2022-07-24 00:22:58', '2022-07-24 00:22:58'),
(269, 'space_icon_marker_map', NULL, '', NULL, 1, NULL, NULL, '2022-07-24 00:22:58', '2022-07-24 00:22:58'),
(270, 'space_booking_type', NULL, 'by_day', NULL, 1, NULL, NULL, '2022-07-24 00:22:58', '2022-07-24 00:22:58'),
(271, 'space_map_lat_default', NULL, '', NULL, 1, NULL, NULL, '2022-07-24 00:22:58', '2022-07-24 00:22:58'),
(272, 'space_map_lng_default', NULL, '', NULL, 1, NULL, NULL, '2022-07-24 00:22:58', '2022-07-24 00:22:58'),
(273, 'space_map_zoom_default', NULL, '', NULL, 1, NULL, NULL, '2022-07-24 00:22:58', '2022-07-24 00:22:58'),
(274, 'space_location_radius_value', NULL, '1', NULL, 1, NULL, NULL, '2022-07-24 00:22:58', '2022-07-24 00:22:58'),
(275, 'space_location_radius_type', NULL, '3959', NULL, 1, NULL, NULL, '2022-07-24 00:22:58', '2022-07-24 00:22:58'),
(276, 'flight_disable', NULL, '1', NULL, 1, NULL, NULL, '2022-07-24 00:23:09', '2022-07-24 00:23:09'),
(277, 'flight_location_search_style', NULL, '', NULL, 1, NULL, NULL, '2022-07-24 00:23:09', '2022-07-24 00:23:09'),
(278, 'flight_enable_review_after_booking', NULL, '', NULL, 1, NULL, NULL, '2022-07-24 00:23:09', '2022-07-24 00:23:09'),
(279, 'flight_review_number_per_page', NULL, '5', NULL, 1, NULL, NULL, '2022-07-24 00:23:09', '2022-07-24 00:23:09'),
(280, 'flight_page_list_seo_title', NULL, '', NULL, 1, NULL, NULL, '2022-07-24 00:23:09', '2022-07-24 00:23:09'),
(281, 'flight_page_list_seo_desc', NULL, '', NULL, 1, NULL, NULL, '2022-07-24 00:23:09', '2022-07-24 00:23:09'),
(282, 'flight_page_list_seo_image', NULL, '', NULL, 1, NULL, NULL, '2022-07-24 00:23:09', '2022-07-24 00:23:09'),
(283, 'flight_page_list_seo_share', NULL, '{\"facebook\":{\"title\":null,\"desc\":null,\"image\":null},\"twitter\":{\"title\":null,\"desc\":null,\"image\":null}}', NULL, 1, NULL, NULL, '2022-07-24 00:23:09', '2022-07-24 00:23:09'),
(284, 'flight_vendor_create_service_must_approved_by_admin', NULL, '', NULL, 1, NULL, NULL, '2022-07-24 00:23:09', '2022-07-24 00:23:09'),
(285, 'flight_allow_vendor_can_change_their_booking_status', NULL, '', NULL, 1, NULL, NULL, '2022-07-24 00:23:09', '2022-07-24 00:23:09'),
(286, 'flight_allow_vendor_can_change_paid_amount', NULL, '', NULL, 1, NULL, NULL, '2022-07-24 00:23:09', '2022-07-24 00:23:09'),
(287, 'flight_allow_vendor_can_add_service_fee', NULL, '', NULL, 1, NULL, NULL, '2022-07-24 00:23:09', '2022-07-24 00:23:09'),
(288, 'flight_allow_review_after_making_completed_booking', NULL, '', NULL, 1, NULL, NULL, '2022-07-24 00:23:09', '2022-07-24 00:23:09'),
(289, 'flight_deposit_enable', NULL, '', NULL, 1, NULL, NULL, '2022-07-24 00:23:09', '2022-07-24 00:23:09'),
(290, 'flight_deposit_type', NULL, 'fixed', NULL, 1, NULL, NULL, '2022-07-24 00:23:09', '2022-07-24 00:23:09'),
(291, 'flight_deposit_amount', NULL, '', NULL, 1, NULL, NULL, '2022-07-24 00:23:09', '2022-07-24 00:23:09'),
(292, 'flight_deposit_fomular', NULL, 'default', NULL, 1, NULL, NULL, '2022-07-24 00:23:09', '2022-07-24 00:23:09'),
(293, 'flight_layout_map_option', NULL, '', NULL, 1, NULL, NULL, '2022-07-24 00:23:09', '2022-07-24 00:23:09'),
(294, 'flight_icon_marker_map', NULL, '', NULL, 1, NULL, NULL, '2022-07-24 00:23:09', '2022-07-24 00:23:09'),
(295, 'flight_booking_type', NULL, 'by_day', NULL, 1, NULL, NULL, '2022-07-24 00:23:09', '2022-07-24 00:23:09'),
(296, 'event_disable', NULL, '1', NULL, 1, NULL, NULL, '2022-07-24 00:23:22', '2022-07-24 00:23:22'),
(297, 'event_location_search_style', NULL, 'normal', NULL, 1, 1, NULL, '2022-07-24 00:23:22', '2022-07-24 00:23:23'),
(298, 'event_enable_review_after_booking', NULL, '', NULL, 1, NULL, NULL, '2022-07-24 00:23:23', '2022-07-24 00:23:23'),
(299, 'event_review_number_per_page', NULL, '5', NULL, 1, NULL, NULL, '2022-07-24 00:23:23', '2022-07-24 00:23:23'),
(300, 'event_page_list_seo_title', NULL, '', NULL, 1, NULL, NULL, '2022-07-24 00:23:23', '2022-07-24 00:23:23'),
(301, 'event_page_list_seo_desc', NULL, '', NULL, 1, NULL, NULL, '2022-07-24 00:23:23', '2022-07-24 00:23:23'),
(302, 'event_page_list_seo_image', NULL, '', NULL, 1, NULL, NULL, '2022-07-24 00:23:23', '2022-07-24 00:23:23'),
(303, 'event_page_list_seo_share', NULL, '{\"facebook\":{\"title\":null,\"desc\":null,\"image\":null},\"twitter\":{\"title\":null,\"desc\":null,\"image\":null}}', NULL, 1, NULL, NULL, '2022-07-24 00:23:23', '2022-07-24 00:23:23'),
(304, 'event_vendor_create_service_must_approved_by_admin', NULL, '', NULL, 1, NULL, NULL, '2022-07-24 00:23:23', '2022-07-24 00:23:23'),
(305, 'event_allow_vendor_can_change_their_booking_status', NULL, '', NULL, 1, NULL, NULL, '2022-07-24 00:23:23', '2022-07-24 00:23:23'),
(306, 'event_allow_vendor_can_change_paid_amount', NULL, '', NULL, 1, NULL, NULL, '2022-07-24 00:23:23', '2022-07-24 00:23:23'),
(307, 'event_allow_vendor_can_add_service_fee', NULL, '', NULL, 1, NULL, NULL, '2022-07-24 00:23:23', '2022-07-24 00:23:23'),
(308, 'event_allow_review_after_making_completed_booking', NULL, '', NULL, 1, NULL, NULL, '2022-07-24 00:23:23', '2022-07-24 00:23:23'),
(309, 'event_deposit_enable', NULL, '', NULL, 1, NULL, NULL, '2022-07-24 00:23:23', '2022-07-24 00:23:23'),
(310, 'event_deposit_type', NULL, 'fixed', NULL, 1, NULL, NULL, '2022-07-24 00:23:23', '2022-07-24 00:23:23'),
(311, 'event_deposit_amount', NULL, '0', NULL, 1, NULL, NULL, '2022-07-24 00:23:23', '2022-07-24 00:23:23'),
(312, 'event_deposit_fomular', NULL, 'default', NULL, 1, NULL, NULL, '2022-07-24 00:23:23', '2022-07-24 00:23:23'),
(313, 'event_layout_map_option', NULL, 'map_left', NULL, 1, NULL, NULL, '2022-07-24 00:23:23', '2022-07-24 00:23:23'),
(314, 'event_booking_type', NULL, 'ticket', NULL, 1, NULL, NULL, '2022-07-24 00:23:23', '2022-07-24 00:23:23'),
(315, 'event_icon_marker_map', NULL, '', NULL, 1, NULL, NULL, '2022-07-24 00:23:23', '2022-07-24 00:23:23'),
(316, 'event_map_lat_default', NULL, '', NULL, 1, NULL, NULL, '2022-07-24 00:23:23', '2022-07-24 00:23:23'),
(317, 'event_map_lng_default', NULL, '', NULL, 1, NULL, NULL, '2022-07-24 00:23:23', '2022-07-24 00:23:23'),
(318, 'event_map_zoom_default', NULL, '', NULL, 1, NULL, NULL, '2022-07-24 00:23:23', '2022-07-24 00:23:23'),
(319, 'event_location_search_value', NULL, '', NULL, 1, NULL, NULL, '2022-07-24 00:23:23', '2022-07-24 00:23:23'),
(320, 'boat_disable', NULL, '1', NULL, 1, NULL, NULL, '2022-07-24 00:23:32', '2022-07-24 00:23:32'),
(321, 'boat_location_search_style', NULL, 'normal', NULL, 1, NULL, NULL, '2022-07-24 00:23:33', '2022-07-24 00:23:33'),
(322, 'boat_enable_review_after_booking', NULL, '', NULL, 1, NULL, NULL, '2022-07-24 00:23:33', '2022-07-24 00:23:33'),
(323, 'boat_review_number_per_page', NULL, '5', NULL, 1, NULL, NULL, '2022-07-24 00:23:33', '2022-07-24 00:23:33'),
(324, 'boat_page_list_seo_title', NULL, '', NULL, 1, NULL, NULL, '2022-07-24 00:23:33', '2022-07-24 00:23:33'),
(325, 'boat_page_list_seo_desc', NULL, '', NULL, 1, NULL, NULL, '2022-07-24 00:23:33', '2022-07-24 00:23:33'),
(326, 'boat_page_list_seo_image', NULL, '', NULL, 1, NULL, NULL, '2022-07-24 00:23:33', '2022-07-24 00:23:33'),
(327, 'boat_page_list_seo_share', NULL, '{\"facebook\":{\"title\":null,\"desc\":null,\"image\":null},\"twitter\":{\"title\":null,\"desc\":null,\"image\":null}}', NULL, 1, NULL, NULL, '2022-07-24 00:23:33', '2022-07-24 00:23:33'),
(328, 'boat_vendor_create_service_must_approved_by_admin', NULL, '', NULL, 1, NULL, NULL, '2022-07-24 00:23:33', '2022-07-24 00:23:33'),
(329, 'boat_allow_vendor_can_change_their_booking_status', NULL, '', NULL, 1, NULL, NULL, '2022-07-24 00:23:33', '2022-07-24 00:23:33'),
(330, 'boat_allow_vendor_can_change_paid_amount', NULL, '', NULL, 1, NULL, NULL, '2022-07-24 00:23:33', '2022-07-24 00:23:33'),
(331, 'boat_allow_vendor_can_add_service_fee', NULL, '', NULL, 1, NULL, NULL, '2022-07-24 00:23:33', '2022-07-24 00:23:33'),
(332, 'boat_allow_review_after_making_completed_booking', NULL, '', NULL, 1, NULL, NULL, '2022-07-24 00:23:33', '2022-07-24 00:23:33'),
(333, 'boat_deposit_enable', NULL, '', NULL, 1, NULL, NULL, '2022-07-24 00:23:33', '2022-07-24 00:23:33'),
(334, 'boat_deposit_type', NULL, 'fixed', NULL, 1, NULL, NULL, '2022-07-24 00:23:33', '2022-07-24 00:23:33'),
(335, 'boat_deposit_amount', NULL, '', NULL, 1, NULL, NULL, '2022-07-24 00:23:33', '2022-07-24 00:23:33'),
(336, 'boat_deposit_fomular', NULL, 'default', NULL, 1, NULL, NULL, '2022-07-24 00:23:33', '2022-07-24 00:23:33'),
(337, 'boat_layout_map_option', NULL, 'map_left', NULL, 1, NULL, NULL, '2022-07-24 00:23:33', '2022-07-24 00:23:33'),
(338, 'boat_icon_marker_map', NULL, '', NULL, 1, NULL, NULL, '2022-07-24 00:23:33', '2022-07-24 00:23:33'),
(339, 'boat_map_lat_default', NULL, '', NULL, 1, NULL, NULL, '2022-07-24 00:23:33', '2022-07-24 00:23:33'),
(340, 'boat_map_lng_default', NULL, '', NULL, 1, NULL, NULL, '2022-07-24 00:23:33', '2022-07-24 00:23:33'),
(341, 'boat_map_zoom_default', NULL, '', NULL, 1, NULL, NULL, '2022-07-24 00:23:33', '2022-07-24 00:23:33'),
(342, 'boat_location_radius_value', NULL, '1', NULL, 1, NULL, NULL, '2022-07-24 00:23:33', '2022-07-24 00:23:33'),
(343, 'boat_location_radius_type', NULL, '3959', NULL, 1, NULL, NULL, '2022-07-24 00:23:33', '2022-07-24 00:23:33'),
(344, 'tour_disable', NULL, '', NULL, 1, NULL, NULL, '2022-07-24 01:17:47', '2022-07-24 01:17:47'),
(345, 'tour_location_search_style', NULL, 'normal', NULL, 1, NULL, NULL, '2022-07-24 01:17:47', '2022-07-24 01:17:47'),
(346, 'tour_enable_review_after_booking', NULL, '', NULL, 1, NULL, NULL, '2022-07-24 01:17:47', '2022-07-24 01:17:47'),
(347, 'tour_review_number_per_page', NULL, '5', NULL, 1, NULL, NULL, '2022-07-24 01:17:47', '2022-07-24 01:17:47'),
(348, 'tour_page_list_seo_title', NULL, '', NULL, 1, NULL, NULL, '2022-07-24 01:17:47', '2022-07-24 01:17:47'),
(349, 'tour_page_list_seo_desc', NULL, '', NULL, 1, NULL, NULL, '2022-07-24 01:17:47', '2022-07-24 01:17:47'),
(350, 'tour_page_list_seo_image', NULL, '', NULL, 1, NULL, NULL, '2022-07-24 01:17:47', '2022-07-24 01:17:47'),
(351, 'tour_page_list_seo_share', NULL, '{\"facebook\":{\"title\":null,\"desc\":null,\"image\":null},\"twitter\":{\"title\":null,\"desc\":null,\"image\":null}}', NULL, 1, NULL, NULL, '2022-07-24 01:17:47', '2022-07-24 01:17:47'),
(352, 'tour_vendor_create_service_must_approved_by_admin', NULL, '', NULL, 1, NULL, NULL, '2022-07-24 01:17:47', '2022-07-24 01:17:47'),
(353, 'tour_allow_vendor_can_change_their_booking_status', NULL, '', NULL, 1, NULL, NULL, '2022-07-24 01:17:47', '2022-07-24 01:17:47'),
(354, 'tour_allow_vendor_can_change_paid_amount', NULL, '', NULL, 1, NULL, NULL, '2022-07-24 01:17:47', '2022-07-24 01:17:47'),
(355, 'tour_allow_vendor_can_add_service_fee', NULL, '', NULL, 1, NULL, NULL, '2022-07-24 01:17:47', '2022-07-24 01:17:47'),
(356, 'tour_allow_review_after_making_completed_booking', NULL, '', NULL, 1, NULL, NULL, '2022-07-24 01:17:47', '2022-07-24 01:17:47'),
(357, 'tour_deposit_enable', NULL, '', NULL, 1, NULL, NULL, '2022-07-24 01:17:47', '2022-07-24 01:17:47'),
(358, 'tour_deposit_type', NULL, 'fixed', NULL, 1, NULL, NULL, '2022-07-24 01:17:47', '2022-07-24 01:17:47'),
(359, 'tour_deposit_amount', NULL, '', NULL, 1, NULL, NULL, '2022-07-24 01:17:47', '2022-07-24 01:17:47'),
(360, 'tour_deposit_fomular', NULL, 'default', NULL, 1, NULL, NULL, '2022-07-24 01:17:47', '2022-07-24 01:17:47'),
(361, 'tour_layout_map_option', NULL, 'map_left', NULL, 1, NULL, NULL, '2022-07-24 01:17:47', '2022-07-24 01:17:47'),
(362, 'tour_icon_marker_map', NULL, '', NULL, 1, NULL, NULL, '2022-07-24 01:17:47', '2022-07-24 01:17:47'),
(363, 'tour_map_lat_default', NULL, '-20.4592906', NULL, 1, NULL, NULL, '2022-07-24 01:17:47', '2022-07-24 01:17:47'),
(364, 'tour_map_lng_default', NULL, '-66.8237813', NULL, 1, NULL, NULL, '2022-07-24 01:17:47', '2022-07-24 01:17:47'),
(365, 'tour_map_zoom_default', NULL, '16', NULL, 1, NULL, NULL, '2022-07-24 01:17:47', '2022-07-24 01:17:47'),
(366, 'tour_location_radius_value', NULL, '1', NULL, 1, NULL, NULL, '2022-07-24 01:17:47', '2022-07-24 01:17:47'),
(367, 'tour_location_radius_type', NULL, '3959', NULL, 1, NULL, NULL, '2022-07-24 01:17:47', '2022-07-24 01:17:47'),
(368, 'google_client_secret', NULL, '', NULL, 1, 1, NULL, '2022-07-24 01:22:30', '2022-07-26 21:27:45'),
(369, 'google_client_id', NULL, '', NULL, 1, 1, NULL, '2022-07-24 01:22:30', '2022-07-26 21:27:45'),
(370, 'google_enable', NULL, '', NULL, 1, 1, NULL, '2022-07-24 01:22:30', '2022-07-26 21:27:45'),
(371, 'facebook_client_secret', NULL, '', NULL, 1, 1, NULL, '2022-07-24 01:22:30', '2022-07-26 21:27:45'),
(372, 'facebook_client_id', NULL, '', NULL, 1, 1, NULL, '2022-07-24 01:22:30', '2022-07-26 21:27:45'),
(373, 'facebook_enable', NULL, '', NULL, 1, 1, NULL, '2022-07-24 01:22:30', '2022-07-26 21:27:45'),
(374, 'twitter_enable', NULL, '', NULL, 1, 1, NULL, '2022-07-24 01:22:30', '2022-07-26 21:27:45'),
(375, 'twitter_client_id', NULL, '', NULL, 1, 1, NULL, '2022-07-24 01:22:30', '2022-07-26 21:27:45'),
(376, 'twitter_client_secret', NULL, '', NULL, 1, 1, NULL, '2022-07-24 01:22:30', '2022-07-26 21:27:45'),
(377, 'recaptcha_enable', NULL, '', NULL, 1, 1, NULL, '2022-07-24 01:22:30', '2022-07-26 21:27:45'),
(378, 'recaptcha_api_key', NULL, '', NULL, 1, 1, NULL, '2022-07-24 01:22:30', '2022-07-26 21:27:45'),
(379, 'recaptcha_api_secret', NULL, '', NULL, 1, 1, NULL, '2022-07-24 01:22:30', '2022-07-26 21:27:45'),
(380, 'head_scripts', NULL, '', NULL, 1, 1, NULL, '2022-07-24 01:22:30', '2022-07-26 21:27:45'),
(381, 'body_scripts', NULL, '', NULL, 1, 1, NULL, '2022-07-24 01:22:30', '2022-07-26 21:27:45'),
(382, 'footer_scripts', NULL, '', NULL, 1, 1, NULL, '2022-07-24 01:22:30', '2022-07-26 21:27:45'),
(383, 'size_unit', NULL, 'm2', NULL, 1, 1, NULL, '2022-07-24 01:22:30', '2022-07-26 21:27:45'),
(384, 'broadcast_driver', NULL, 'null', NULL, 1, 1, NULL, '2022-07-24 01:22:30', '2022-07-26 21:27:45'),
(385, 'pusher_api_key', NULL, '', NULL, 1, 1, NULL, '2022-07-24 01:22:30', '2022-07-26 21:27:45'),
(386, 'pusher_api_secret', NULL, '', NULL, 1, 1, NULL, '2022-07-24 01:22:30', '2022-07-26 21:27:45'),
(387, 'pusher_app_id', NULL, '', NULL, 1, 1, NULL, '2022-07-24 01:22:30', '2022-07-26 21:27:45'),
(388, 'pusher_cluster', NULL, '', NULL, 1, 1, NULL, '2022-07-24 01:22:30', '2022-07-26 21:27:45'),
(389, 'map_lat_default', NULL, '-20.4588121', NULL, 1, 1, NULL, '2022-07-24 01:22:30', '2022-07-26 21:27:45'),
(390, 'map_lng_default', NULL, '-66.8260152', NULL, 1, 1, NULL, '2022-07-24 01:22:30', '2022-07-26 21:27:45'),
(391, 'g_offline_payment_name_es', NULL, '', NULL, 1, NULL, NULL, '2022-07-24 04:16:50', '2022-07-24 04:16:50'),
(392, 'g_offline_payment_logo_id', NULL, '', NULL, 1, NULL, NULL, '2022-07-24 04:16:50', '2022-07-24 04:16:50'),
(393, 'g_offline_payment_payment_note', NULL, '', NULL, 1, NULL, NULL, '2022-07-24 04:16:50', '2022-07-24 04:16:50'),
(394, 'g_offline_payment_payment_note_es', NULL, '', NULL, 1, NULL, NULL, '2022-07-24 04:16:50', '2022-07-24 04:16:50'),
(395, 'g_offline_payment_html', NULL, '', NULL, 1, NULL, NULL, '2022-07-24 04:16:50', '2022-07-24 04:16:50'),
(396, 'g_offline_payment_html_es', NULL, '', NULL, 1, NULL, NULL, '2022-07-24 04:16:50', '2022-07-24 04:16:50'),
(397, 'g_paypal_enable', NULL, '', NULL, 1, NULL, NULL, '2022-07-24 04:16:50', '2022-07-24 04:16:50'),
(398, 'g_paypal_name', NULL, 'Paypal', NULL, 1, NULL, NULL, '2022-07-24 04:16:50', '2022-07-24 04:16:50'),
(399, 'g_paypal_name_es', NULL, '', NULL, 1, NULL, NULL, '2022-07-24 04:16:50', '2022-07-24 04:16:50'),
(400, 'g_paypal_logo_id', NULL, '', NULL, 1, NULL, NULL, '2022-07-24 04:16:50', '2022-07-24 04:16:50'),
(401, 'g_paypal_html', NULL, '', NULL, 1, NULL, NULL, '2022-07-24 04:16:50', '2022-07-24 04:16:50'),
(402, 'g_paypal_html_es', NULL, '', NULL, 1, NULL, NULL, '2022-07-24 04:16:50', '2022-07-24 04:16:50'),
(403, 'g_paypal_test', NULL, '', NULL, 1, NULL, NULL, '2022-07-24 04:16:50', '2022-07-24 04:16:50'),
(404, 'g_paypal_convert_to', NULL, '', NULL, 1, NULL, NULL, '2022-07-24 04:16:50', '2022-07-24 04:16:50'),
(405, 'g_paypal_exchange_rate', NULL, '', NULL, 1, NULL, NULL, '2022-07-24 04:16:50', '2022-07-24 04:16:50'),
(406, 'g_paypal_test_account', NULL, '', NULL, 1, NULL, NULL, '2022-07-24 04:16:50', '2022-07-24 04:16:50'),
(407, 'g_paypal_test_client_id', NULL, '', NULL, 1, NULL, NULL, '2022-07-24 04:16:50', '2022-07-24 04:16:50'),
(408, 'g_paypal_test_client_secret', NULL, '', NULL, 1, NULL, NULL, '2022-07-24 04:16:50', '2022-07-24 04:16:50'),
(409, 'g_paypal_account', NULL, '', NULL, 1, NULL, NULL, '2022-07-24 04:16:50', '2022-07-24 04:16:50'),
(410, 'g_paypal_client_id', NULL, '', NULL, 1, NULL, NULL, '2022-07-24 04:16:50', '2022-07-24 04:16:50'),
(411, 'g_paypal_client_secret', NULL, '', NULL, 1, NULL, NULL, '2022-07-24 04:16:50', '2022-07-24 04:16:50'),
(412, 'g_stripe_enable', NULL, '', NULL, 1, NULL, NULL, '2022-07-24 04:16:50', '2022-07-24 04:16:50'),
(413, 'g_stripe_name', NULL, 'Stripe', NULL, 1, NULL, NULL, '2022-07-24 04:16:50', '2022-07-24 04:16:50'),
(414, 'g_stripe_name_es', NULL, '', NULL, 1, NULL, NULL, '2022-07-24 04:16:50', '2022-07-24 04:16:50'),
(415, 'g_stripe_logo_id', NULL, '', NULL, 1, NULL, NULL, '2022-07-24 04:16:50', '2022-07-24 04:16:50'),
(416, 'g_stripe_html', NULL, '', NULL, 1, NULL, NULL, '2022-07-24 04:16:50', '2022-07-24 04:16:50'),
(417, 'g_stripe_html_es', NULL, '', NULL, 1, NULL, NULL, '2022-07-24 04:16:50', '2022-07-24 04:16:50'),
(418, 'g_stripe_stripe_secret_key', NULL, '', NULL, 1, NULL, NULL, '2022-07-24 04:16:50', '2022-07-24 04:16:50'),
(419, 'g_stripe_stripe_publishable_key', NULL, '', NULL, 1, NULL, NULL, '2022-07-24 04:16:50', '2022-07-24 04:16:50'),
(420, 'g_stripe_stripe_enable_sandbox', NULL, '', NULL, 1, NULL, NULL, '2022-07-24 04:16:50', '2022-07-24 04:16:50'),
(421, 'g_stripe_stripe_test_secret_key', NULL, '', NULL, 1, NULL, NULL, '2022-07-24 04:16:50', '2022-07-24 04:16:50'),
(422, 'g_stripe_stripe_test_publishable_key', NULL, '', NULL, 1, NULL, NULL, '2022-07-24 04:16:50', '2022-07-24 04:16:50'),
(423, 'g_stripe_endpoint_secret', NULL, '', NULL, 1, NULL, NULL, '2022-07-24 04:16:50', '2022-07-24 04:16:50'),
(424, 'g_two_checkout_gateway_enable', NULL, '', NULL, 1, NULL, NULL, '2022-07-24 04:16:50', '2022-07-24 04:16:50'),
(425, 'g_two_checkout_gateway_name', NULL, 'Two Checkout', NULL, 1, NULL, NULL, '2022-07-24 04:16:50', '2022-07-24 04:16:50'),
(426, 'g_two_checkout_gateway_name_es', NULL, '', NULL, 1, NULL, NULL, '2022-07-24 04:16:50', '2022-07-24 04:16:50'),
(427, 'g_two_checkout_gateway_logo_id', NULL, '', NULL, 1, NULL, NULL, '2022-07-24 04:16:50', '2022-07-24 04:16:50'),
(428, 'g_two_checkout_gateway_html', NULL, '', NULL, 1, NULL, NULL, '2022-07-24 04:16:50', '2022-07-24 04:16:50'),
(429, 'g_two_checkout_gateway_html_es', NULL, '', NULL, 1, NULL, NULL, '2022-07-24 04:16:50', '2022-07-24 04:16:50'),
(430, 'g_two_checkout_gateway_twocheckout_account_number', NULL, '', NULL, 1, NULL, NULL, '2022-07-24 04:16:50', '2022-07-24 04:16:50'),
(431, 'g_two_checkout_gateway_twocheckout_secret_word', NULL, '', NULL, 1, NULL, NULL, '2022-07-24 04:16:50', '2022-07-24 04:16:50'),
(432, 'g_two_checkout_gateway_twocheckout_enable_sandbox', NULL, '', NULL, 1, NULL, NULL, '2022-07-24 04:16:50', '2022-07-24 04:16:50'),
(433, 'wallet_module_disable', NULL, '', NULL, 1, NULL, NULL, '2022-07-24 04:17:16', '2022-07-24 04:17:16'),
(434, 'api_app_layout', NULL, '1', NULL, 1, NULL, NULL, '2022-07-26 14:58:43', '2022-07-26 14:58:43'),
(435, 'hotel_disable', NULL, '1', NULL, 1, NULL, NULL, '2022-07-26 21:06:17', '2022-07-26 21:06:17'),
(436, 'hotel_location_search_style', NULL, 'normal', NULL, 1, NULL, NULL, '2022-07-26 21:06:18', '2022-07-26 21:06:18'),
(437, 'hotel_enable_review_after_booking', NULL, '', NULL, 1, NULL, NULL, '2022-07-26 21:06:18', '2022-07-26 21:06:18'),
(438, 'hotel_review_number_per_page', NULL, '5', NULL, 1, NULL, NULL, '2022-07-26 21:06:18', '2022-07-26 21:06:18'),
(439, 'hotel_page_list_seo_title', NULL, '', NULL, 1, NULL, NULL, '2022-07-26 21:06:18', '2022-07-26 21:06:18'),
(440, 'hotel_page_list_seo_desc', NULL, '', NULL, 1, NULL, NULL, '2022-07-26 21:06:18', '2022-07-26 21:06:18'),
(441, 'hotel_page_list_seo_image', NULL, '', NULL, 1, NULL, NULL, '2022-07-26 21:06:18', '2022-07-26 21:06:18'),
(442, 'hotel_page_list_seo_share', NULL, '{\"facebook\":{\"title\":null,\"desc\":null,\"image\":null},\"twitter\":{\"title\":null,\"desc\":null,\"image\":null}}', NULL, 1, NULL, NULL, '2022-07-26 21:06:18', '2022-07-26 21:06:18'),
(443, 'hotel_vendor_create_service_must_approved_by_admin', NULL, '', NULL, 1, NULL, NULL, '2022-07-26 21:06:18', '2022-07-26 21:06:18'),
(444, 'hotel_allow_vendor_can_change_their_booking_status', NULL, '', NULL, 1, NULL, NULL, '2022-07-26 21:06:18', '2022-07-26 21:06:18'),
(445, 'hotel_allow_vendor_can_change_paid_amount', NULL, '', NULL, 1, NULL, NULL, '2022-07-26 21:06:18', '2022-07-26 21:06:18'),
(446, 'hotel_allow_vendor_can_add_service_fee', NULL, '', NULL, 1, NULL, NULL, '2022-07-26 21:06:18', '2022-07-26 21:06:18'),
(447, 'hotel_allow_review_after_making_completed_booking', NULL, '', NULL, 1, NULL, NULL, '2022-07-26 21:06:18', '2022-07-26 21:06:18'),
(448, 'hotel_deposit_enable', NULL, '', NULL, 1, NULL, NULL, '2022-07-26 21:06:18', '2022-07-26 21:06:18'),
(449, 'hotel_deposit_type', NULL, 'fixed', NULL, 1, NULL, NULL, '2022-07-26 21:06:18', '2022-07-26 21:06:18'),
(450, 'hotel_deposit_amount', NULL, '', NULL, 1, NULL, NULL, '2022-07-26 21:06:18', '2022-07-26 21:06:18'),
(451, 'hotel_deposit_fomular', NULL, 'default', NULL, 1, NULL, NULL, '2022-07-26 21:06:18', '2022-07-26 21:06:18'),
(452, 'hotel_layout_map_option', NULL, 'map_left', NULL, 1, NULL, NULL, '2022-07-26 21:06:18', '2022-07-26 21:06:18'),
(453, 'hotel_icon_marker_map', NULL, '', NULL, 1, NULL, NULL, '2022-07-26 21:06:18', '2022-07-26 21:06:18'),
(454, 'hotel_map_lat_default', NULL, '', NULL, 1, NULL, NULL, '2022-07-26 21:06:18', '2022-07-26 21:06:18'),
(455, 'hotel_map_lng_default', NULL, '', NULL, 1, NULL, NULL, '2022-07-26 21:06:18', '2022-07-26 21:06:18'),
(456, 'hotel_map_zoom_default', NULL, '', NULL, 1, NULL, NULL, '2022-07-26 21:06:18', '2022-07-26 21:06:18'),
(457, 'hotel_location_radius_value', NULL, '1', NULL, 1, NULL, NULL, '2022-07-26 21:06:18', '2022-07-26 21:06:18'),
(458, 'hotel_location_radius_type', NULL, '3959', NULL, 1, NULL, NULL, '2022-07-26 21:06:18', '2022-07-26 21:06:18'),
(459, 'news_page_list_seo_title', NULL, '', NULL, 1, NULL, NULL, '2022-07-26 23:07:45', '2022-07-26 23:07:45'),
(460, 'news_page_list_seo_desc', NULL, '', NULL, 1, NULL, NULL, '2022-07-26 23:07:45', '2022-07-26 23:07:45'),
(461, 'news_page_list_seo_image', NULL, '', NULL, 1, NULL, NULL, '2022-07-26 23:07:45', '2022-07-26 23:07:45'),
(462, 'news_page_list_seo_share', NULL, '{\"facebook\":{\"title\":null,\"desc\":null,\"image\":null},\"twitter\":{\"title\":null,\"desc\":null,\"image\":null}}', NULL, 1, NULL, NULL, '2022-07-26 23:07:45', '2022-07-26 23:07:45');

-- --------------------------------------------------------

--
-- Estructura de tabla para la tabla `core_subscribers`
--

CREATE TABLE `core_subscribers` (
  `id` bigint(20) UNSIGNED NOT NULL,
  `email` varchar(255) COLLATE utf8mb4_unicode_ci DEFAULT NULL,
  `first_name` varchar(255) COLLATE utf8mb4_unicode_ci DEFAULT NULL,
  `last_name` varchar(255) COLLATE utf8mb4_unicode_ci DEFAULT NULL,
  `create_user` int(11) DEFAULT NULL,
  `update_user` int(11) DEFAULT NULL,
  `deleted_at` timestamp NULL DEFAULT NULL,
  `created_at` timestamp NULL DEFAULT NULL,
  `updated_at` timestamp NULL DEFAULT NULL
) ENGINE=InnoDB DEFAULT CHARSET=utf8mb4 COLLATE=utf8mb4_unicode_ci;

-- --------------------------------------------------------

--
-- Estructura de tabla para la tabla `core_tags`
--

CREATE TABLE `core_tags` (
  `id` bigint(20) UNSIGNED NOT NULL,
  `name` varchar(255) COLLATE utf8mb4_unicode_ci DEFAULT NULL,
  `slug` varchar(255) COLLATE utf8mb4_unicode_ci DEFAULT NULL,
  `content` varchar(255) COLLATE utf8mb4_unicode_ci DEFAULT NULL,
  `create_user` varchar(255) COLLATE utf8mb4_unicode_ci DEFAULT NULL,
  `update_user` varchar(255) COLLATE utf8mb4_unicode_ci DEFAULT NULL,
  `deleted_at` timestamp NULL DEFAULT NULL,
  `origin_id` bigint(20) DEFAULT NULL,
  `lang` varchar(10) COLLATE utf8mb4_unicode_ci DEFAULT NULL,
  `created_at` timestamp NULL DEFAULT NULL,
  `updated_at` timestamp NULL DEFAULT NULL
) ENGINE=InnoDB DEFAULT CHARSET=utf8mb4 COLLATE=utf8mb4_unicode_ci;

--
-- Volcado de datos para la tabla `core_tags`
--

INSERT INTO `core_tags` (`id`, `name`, `slug`, `content`, `create_user`, `update_user`, `deleted_at`, `origin_id`, `lang`, `created_at`, `updated_at`) VALUES
(1, 'park', 'park', NULL, NULL, NULL, NULL, NULL, NULL, '2022-07-24 01:33:40', '2022-07-24 01:33:40'),
(2, 'National park', 'national-park', NULL, NULL, NULL, NULL, NULL, NULL, '2022-07-24 01:33:40', '2022-07-24 01:33:40'),
(3, 'Moutain', 'moutain', NULL, NULL, NULL, NULL, NULL, NULL, '2022-07-24 01:33:40', '2022-07-24 01:33:40'),
(4, 'Travel', 'travel', NULL, NULL, NULL, NULL, NULL, NULL, '2022-07-24 01:33:40', '2022-07-24 01:33:40'),
(5, 'Summer', 'summer', NULL, NULL, NULL, NULL, NULL, NULL, '2022-07-24 01:33:40', '2022-07-24 01:33:40'),
(6, 'Walking', 'walking', NULL, NULL, NULL, NULL, NULL, NULL, '2022-07-24 01:33:40', '2022-07-24 01:33:40');

-- --------------------------------------------------------

--
-- Estructura de tabla para la tabla `core_tag_translations`
--

CREATE TABLE `core_tag_translations` (
  `id` bigint(20) UNSIGNED NOT NULL,
  `origin_id` int(10) UNSIGNED NOT NULL,
  `locale` varchar(191) COLLATE utf8mb4_unicode_ci NOT NULL,
  `name` varchar(255) COLLATE utf8mb4_unicode_ci DEFAULT NULL,
  `content` text COLLATE utf8mb4_unicode_ci DEFAULT NULL,
  `create_user` int(11) DEFAULT NULL,
  `update_user` int(11) DEFAULT NULL,
  `created_at` timestamp NULL DEFAULT NULL,
  `updated_at` timestamp NULL DEFAULT NULL
) ENGINE=InnoDB DEFAULT CHARSET=utf8mb4 COLLATE=utf8mb4_unicode_ci;

-- --------------------------------------------------------

--
-- Estructura de tabla para la tabla `core_templates`
--

CREATE TABLE `core_templates` (
  `id` bigint(20) UNSIGNED NOT NULL,
  `title` varchar(255) COLLATE utf8mb4_unicode_ci DEFAULT NULL,
  `content` longtext COLLATE utf8mb4_unicode_ci DEFAULT NULL,
  `type_id` int(11) DEFAULT NULL,
  `create_user` int(11) DEFAULT NULL,
  `update_user` int(11) DEFAULT NULL,
  `origin_id` bigint(20) DEFAULT NULL,
  `lang` varchar(10) COLLATE utf8mb4_unicode_ci DEFAULT NULL,
  `created_at` timestamp NULL DEFAULT NULL,
  `updated_at` timestamp NULL DEFAULT NULL
) ENGINE=InnoDB DEFAULT CHARSET=utf8mb4 COLLATE=utf8mb4_unicode_ci;

--
-- Volcado de datos para la tabla `core_templates`
--

INSERT INTO `core_templates` (`id`, `title`, `content`, `type_id`, `create_user`, `update_user`, `origin_id`, `lang`, `created_at`, `updated_at`) VALUES
(1, 'Home Page', '[{\"type\":\"form_search_all_service\",\"name\":\"Form Search All Service\",\"model\":{\"service_types\":[\"hotel\",\"space\",\"tour\",\"car\",\"event\",\"flight\",\"boat\"],\"title\":\"Bolivia Travels\",\"sub_title\":\"Agencia de Turismo\",\"bg_image\":273,\"style\":\"\",\"list_slider\":[],\"title_for_car\":\"\",\"title_for_event\":\"\",\"title_for_space\":\"\",\"title_for_hotel\":\"\",\"title_for_tour\":\"\",\"hide_form_search\":\"\",\"single_form_search\":\"\"},\"component\":\"RegularBlock\",\"open\":true,\"is_container\":false},{\"type\":\"list_locations\",\"name\":\"List Locations\",\"model\":{\"service_type\":[\"space\",\"hotel\",\"tour\"],\"title\":\"Nuestros Destinos\",\"desc\":\"It is a long established fact that a reader\",\"number\":6,\"layout\":\"style_1\",\"order\":\"id\",\"order_by\":\"asc\",\"to_location_detail\":\"\",\"custom_ids\":\"\"},\"component\":\"RegularBlock\",\"open\":true,\"is_container\":false},{\"type\":\"list_all_service\",\"name\":\"List All Service\",\"model\":{\"title_for_car\":\"\",\"title_for_event\":\"\",\"title_for_space\":\"\",\"title_for_hotel\":\"\",\"title_for_tour\":\"\",\"service_types\":[\"hotel\",\"space\",\"tour\",\"event\",\"car\"],\"title\":\"Trending\",\"style\":\"\",\"number\":\"\",\"order\":\"id\",\"order_by\":\"asc\"},\"component\":\"RegularBlock\",\"open\":true,\"is_container\":false},{\"type\":\"box_category_tour\",\"name\":\"Tour: Box Category\",\"model\":{\"title\":\"Nuestras Actividades\",\"desc\":\"\",\"list_item\":[{\"_active\":true,\"category_id\":\"4\",\"image_id\":263},{\"_active\":true,\"category_id\":\"3\",\"image_id\":262},{\"_active\":true,\"category_id\":\"2\",\"image_id\":264},{\"_active\":true,\"category_id\":\"1\",\"image_id\":265}]},\"component\":\"RegularBlock\",\"open\":true,\"is_container\":false},{\"type\":\"list_tours\",\"name\":\"Tour: List Items\",\"model\":{\"title\":\"Trending Tours\",\"desc\":\"Te ofrecemos la mejor alternativa en paquetes turísticos\",\"number\":4,\"style\":\"\",\"category_id\":\"\",\"location_id\":\"\",\"order\":\"id\",\"order_by\":\"asc\",\"is_featured\":\"\",\"custom_ids\":\"\"},\"component\":\"RegularBlock\",\"open\":true,\"is_container\":false},{\"type\":\"list_news\",\"name\":\"News: List Items\",\"model\":{\"title\":\"Las mejores ofertas de hoy\",\"number\":4,\"category_id\":\"\",\"order\":\"id\",\"order_by\":\"asc\",\"desc\":\"\"},\"component\":\"RegularBlock\",\"open\":true,\"is_container\":false}]', NULL, 1, 1, NULL, NULL, '2022-07-24 01:33:39', '2022-07-28 23:26:14'),
(2, 'Become a vendor', '[{\"type\":\"breadcrumb_section\",\"name\":\"Breadcrumb Section\",\"model\":{\"title\":\"Become Local Expert\",\"sub_title\":\"About\",\"bg_image\":206},\"component\":\"RegularBlock\",\"open\":true,\"is_container\":false},{\"type\":\"list_featured_item\",\"name\":\"List Featured Item\",\"model\":{\"list_item\":[{\"_active\":true,\"title\":\"Sign up\",\"sub_title\":\"Click edit button to change this text  to change this text\",\"icon_image\":207,\"order\":null},{\"_active\":true,\"title\":\" Add your services\",\"sub_title\":\" Click edit button to change this text  to change this text\",\"icon_image\":208,\"order\":null},{\"_active\":true,\"title\":\"Get bookings\",\"sub_title\":\" Click edit button to change this text  to change this text\",\"icon_image\":209,\"order\":null}],\"style\":\"\",\"title\":\"How it Works\"},\"component\":\"RegularBlock\",\"open\":true,\"is_container\":false},{\"type\":\"video_player\",\"name\":\"Video Player\",\"model\":{\"title\":\"Travelling Highlights\",\"youtube\":\"https://www.youtube.com/watch?v=hHUbLv4ThOo\",\"bg_image\":210,\"sub_title\":\"Your New Travelling Idea\"},\"component\":\"RegularBlock\",\"open\":true,\"is_container\":false},{\"type\":\"list_featured_item\",\"name\":\"List Featured Item\",\"model\":{\"list_item\":[{\"_active\":true,\"title\":\"Competitive Pricing\",\"sub_title\":\"With 500+ suppliers and the purchasing power of 300 million members, mytravel.com can save you more!\",\"icon_image\":\"\",\"order\":null,\"icon\":\"flaticon-price\",\"link\":\"\"},{\"_active\":true,\"title\":\"Award-Winning Service\",\"sub_title\":\"Travel worry-free knowing that we\'re here if you needus, 24 hours a day\",\"icon_image\":\"\",\"order\":null,\"icon\":\"flaticon-medal\"},{\"_active\":true,\"title\":\"Worldwide Coverage\",\"sub_title\":\"Over 1,200,000 hotels in more than 200 countries and regions & flights to over 5,000 cities\",\"icon_image\":\"\",\"order\":null,\"icon\":\"flaticon-global-1\"}],\"style\":\"style_2\",\"title\":\"Why be a Local Expert\"},\"component\":\"RegularBlock\",\"open\":true,\"is_container\":false},{\"type\":\"vendor_register_form\",\"name\":\"Vendor Register Form\",\"model\":{\"title\":\"Become a vendor\",\"desc\":\"Join our community to unlock your greatest asset and welcome paying guests into your home.\",\"youtube\":\"https://www.youtube.com/watch?v=AmZ0WrEaf34\",\"bg_image\":211},\"component\":\"RegularBlock\",\"open\":true,\"is_container\":false}]', NULL, 1, NULL, NULL, NULL, '2022-07-24 01:33:39', NULL),
(3, 'Home Hotel', '[{\"type\":\"form_search_all_service\",\"name\":\"Form Search All Service\",\"model\":{\"title_for_car\":\"\",\"title_for_event\":\"\",\"title_for_flight\":\"\",\"title_for_hotel\":\"\",\"title_for_space\":\"\",\"title_for_tour\":\"\",\"service_types\":[\"hotel\"],\"title\":\"Find Your Ideal Hotel and Compare Prices\",\"sub_title\":\"Check out the best deals on over 2,000,000 hotels worldwide\",\"style\":\"\",\"bg_image\":212,\"hide_form_search\":\"\",\"single_form_search\":true},\"component\":\"RegularBlock\",\"open\":true,\"is_container\":false},{\"type\":\"list_hotel\",\"name\":\"Hotel: List Items\",\"model\":{\"title\":\"Most Popular Hotels\",\"desc\":\"\",\"number\":20,\"style\":\"style_2\",\"location_id\":\"\",\"order\":\"id\",\"order_by\":\"desc\",\"is_featured\":\"\"},\"component\":\"RegularBlock\",\"open\":true,\"is_container\":false},{\"type\":\"list_locations\",\"name\":\"List Locations\",\"model\":{\"service_type\":[\"hotel\"],\"title\":\"Top Destinations\",\"number\":6,\"layout\":\"style_2\",\"order\":\"id\",\"order_by\":\"asc\",\"custom_ids\":\"\",\"to_location_detail\":\"\"},\"component\":\"RegularBlock\",\"open\":true,\"is_container\":false},{\"type\":\"call_to_action\",\"name\":\"Call To Action\",\"model\":{\"title\":\"Enjoy Summer Deals\",\"sub_title\":\"Up to 40% Discount!\",\"link_title\":\"Learn more\",\"link_more\":\"#\",\"style\":\"\",\"bg_image\":213},\"component\":\"RegularBlock\",\"open\":true,\"is_container\":false},{\"type\":\"list_services_by_location\",\"name\":\"List Services By Location\",\"model\":{\"service_types\":\"hotel\",\"title\":\"Recommended Hotels\",\"sub_title\":\"\",\"style\":\"\",\"bg_image\":\"\",\"hide_form_search\":\"\",\"location_id\":[1,2,3,4,5,6,7]},\"component\":\"RegularBlock\",\"open\":true,\"is_container\":false},{\"type\":\"list_featured_item\",\"name\":\"List Featured Item\",\"model\":{\"title\":\"Why Choose\",\"list_item\":[{\"_active\":true,\"title\":\"Competitive Pricing\",\"sub_title\":\"With 500+ suppliers and the purchasing power of 300 million members, mytravel.com can save you more!\",\"link\":\"#\",\"icon_image\":null,\"icon\":\"flaticon-price\",\"order\":null},{\"_active\":true,\"title\":\"Award-Winning Service\",\"sub_title\":\"Travel worry-free knowing that we are here if you needus, 24 hours a day\",\"link\":\"#\",\"icon_image\":null,\"icon\":\"flaticon-medal\",\"order\":null},{\"_active\":true,\"title\":\"Worldwide Coverage\",\"sub_title\":\"Over 1,200,000 hotels in more than 200 countries and regions & flights to over 5,000 cities\",\"link\":\"#\",\"icon_image\":null,\"icon\":\"flaticon-global-1\",\"order\":null}],\"style\":\"style_2\",\"border_none\":true},\"component\":\"RegularBlock\",\"open\":true,\"is_container\":false}]', NULL, 1, NULL, NULL, NULL, '2022-07-24 01:33:39', NULL),
(4, 'Home Tour', '[{\"type\":\"form_search_all_service\",\"name\":\"Form Search All Service\",\"model\":{\"title_for_car\":\"\",\"title_for_event\":\"\",\"title_for_flight\":\"\",\"title_for_hotel\":\"\",\"title_for_space\":\"\",\"title_for_tour\":\"\",\"service_types\":[\"tour\"],\"title\":\"Find Next Place To Visit\",\"sub_title\":\"Discover amzaing places at exclusive deals\",\"style\":\"\",\"bg_image\":214,\"hide_form_search\":\"\",\"single_form_search\":true},\"component\":\"RegularBlock\",\"open\":true,\"is_container\":false},{\"type\":\"list_featured_item\",\"name\":\"List Featured Item\",\"model\":{\"title\":\"\",\"list_item\":[{\"_active\":true,\"title\":\"2.000 +Destinations\",\"sub_title\":\"Our expert team handpicked all destinations in this site\",\"link\":\"#\",\"icon_image\":null,\"icon\":\"flaticon-placeholder-2\",\"order\":null},{\"_active\":true,\"title\":\" Best Price Guarantee\",\"sub_title\":\"Price match within 48 hours of order confirmation\",\"link\":\"#\",\"icon_image\":null,\"icon\":\"flaticon-price-1\",\"order\":null},{\"_active\":true,\"title\":\"Top Notch Support\",\"sub_title\":\"We are here to help, before, during, and even after your trip.\",\"link\":\"#\",\"icon_image\":null,\"icon\":\"flaticon-customer-service\",\"order\":null}],\"style\":\"style_3\",\"border_none\":\"\"},\"component\":\"RegularBlock\",\"open\":true,\"is_container\":false},{\"type\":\"list_locations\",\"name\":\"List Locations\",\"model\":{\"service_type\":[\"tour\"],\"title\":\"Popular Destination\",\"number\":7,\"layout\":\"style_3\",\"order\":\"id\",\"order_by\":\"asc\",\"custom_ids\":\"\",\"to_location_detail\":\"\"},\"component\":\"RegularBlock\",\"open\":true,\"is_container\":false},{\"type\":\"list_tours\",\"name\":\"Tour: List Items\",\"model\":{\"title\":\"Popular Tours\",\"desc\":\"\",\"number\":20,\"style\":\"style_2\",\"category_id\":\"\",\"location_id\":\"\",\"order\":\"id\",\"order_by\":\"desc\",\"is_featured\":\"\"},\"component\":\"RegularBlock\",\"open\":true,\"is_container\":false},{\"type\":\"video_player\",\"name\":\"Video Player\",\"model\":{\"title\":\"Travelling Highlights\",\"sub_title\":\"Your New Travelling Idea\",\"youtube\":\"https://www.youtube.com/watch?v=hHUbLv4ThOo\",\"bg_image\":210,\"bg_gradient\":\"gradient_overlay_half_bg_blue_light\"},\"component\":\"RegularBlock\",\"open\":true,\"is_container\":false},{\"type\":\"testimonial\",\"name\":\"List Testimonial\",\"model\":{\"title\":\"Customer Reviews\",\"list_item\":[{\"_active\":true,\"name\":\"Jessica Brown\",\"desc\":\"This is the 3rd time I’ve used Travelo website and telling you the truth their services are always realiable and it only takes few minutes to plan and finalize\",\"position\":\"client\",\"avatar\":215},{\"_active\":true,\"name\":\"Augusta Silva\",\"desc\":\"This is the 3rd time I’ve used Travelo website and telling you the truth their services are always realiable and it only takes few minutes to plan and finalize\",\"position\":\"client\",\"avatar\":216},{\"_active\":true,\"name\":\"Ali Tufan\",\"desc\":\"This is the 3rd time I’ve used Travelo website and telling you the truth their services are always realiable and it only takes few minutes to plan and finalize\",\"position\":\"client\",\"avatar\":217},{\"_active\":true,\"name\":\"Jessica Brown\",\"desc\":\"This is the 3rd time I’ve used Travelo website and telling you the truth their services are always realiable and it only takes few minutes to plan and finalize\",\"position\":\"client\",\"avatar\":215},{\"_active\":true,\"name\":\"Ali Tufan\",\"desc\":\"This is the 3rd time I’ve used Travelo website and telling you the truth their services are always realiable and it only takes few minutes to plan and finalize\",\"position\":\"client\",\"avatar\":216},{\"_active\":true,\"name\":\"Augusta Silva\",\"desc\":\"This is the 3rd time I’ve used Travelo website and telling you the truth their services are always realiable and it only takes few minutes to plan and finalize\",\"position\":\"client\",\"avatar\":217}],\"style\":\"style_2\"},\"component\":\"RegularBlock\",\"open\":true,\"is_container\":false},{\"type\":\"list_news\",\"name\":\"News: List Items\",\"model\":{\"title\":\"Recent Article\",\"number\":3,\"category_id\":\"\",\"order\":\"id\",\"order_by\":\"desc\"},\"component\":\"RegularBlock\",\"open\":true,\"is_container\":false},{\"type\":\"brands_list\",\"name\":\"Brands List\",\"model\":{\"list_item\":[{\"_active\":true,\"title\":\"Expedia\",\"image_id\":218},{\"_active\":true,\"title\":\"American Airlines\",\"image_id\":219},{\"_active\":true,\"title\":\"Trip advisor\",\"image_id\":220},{\"_active\":true,\"title\":\"Carlson\",\"image_id\":221},{\"_active\":true,\"title\":\"booking.com\",\"image_id\":222}]},\"component\":\"RegularBlock\",\"open\":true}]', NULL, 1, NULL, NULL, NULL, '2022-07-24 01:33:39', NULL),
(5, 'Home Space', '[{\"type\":\"form_search_all_service\",\"name\":\"Form Search All Service\",\"model\":{\"title_for_car\":\"\",\"title_for_event\":\"\",\"title_for_flight\":\"\",\"title_for_hotel\":\"\",\"title_for_space\":\"\",\"title_for_tour\":\"\",\"service_types\":[\"space\"],\"title\":\"Find your next rental\",\"sub_title\":\"Book experiences you’ll want to tell the world about\",\"style\":\"\",\"bg_image\":223,\"hide_form_search\":\"\",\"single_form_search\":true},\"component\":\"RegularBlock\",\"open\":true,\"is_container\":false},{\"type\":\"space_term_featured_box\",\"name\":\"Space: Term Featured Box\",\"model\":{\"title\":\"Find a Home Type\",\"term_space\":[\"15\",\"16\",\"17\",\"18\",\"35\",\"34\",\"33\",\"32\"]},\"component\":\"RegularBlock\",\"open\":true},{\"type\":\"list_space\",\"name\":\"Space: List Items\",\"model\":{\"title\":\"Trending Rental\",\"desc\":\"\",\"number\":20,\"style\":\"style_2\",\"location_id\":\"\",\"order\":\"id\",\"order_by\":\"desc\",\"is_featured\":\"\"},\"component\":\"RegularBlock\",\"open\":true,\"is_container\":false},{\"type\":\"call_to_action\",\"name\":\"Call To Action\",\"model\":{\"title\":\"Airbnb plus places to stay\",\"sub_title\":\"A selection of places to stay verified for quality and design\",\"link_title\":\"Explore Stays\",\"link_more\":\"#\",\"style\":\"\",\"bg_image\":225},\"component\":\"RegularBlock\",\"open\":true,\"is_container\":false},{\"type\":\"list_locations\",\"name\":\"List Locations\",\"model\":{\"service_type\":[\"space\"],\"title\":\"Top Destination\",\"number\":20,\"layout\":\"style_4\",\"order\":\"id\",\"order_by\":\"desc\",\"custom_ids\":\"\",\"to_location_detail\":\"\"},\"component\":\"RegularBlock\",\"open\":true,\"is_container\":false},{\"type\":\"testimonial\",\"name\":\"List Testimonial\",\"model\":{\"title\":\"Customer Reviews\",\"list_item\":[{\"_active\":true,\"name\":\"Jessica Brown\",\"desc\":\"This is the 3rd time I’ve used Travelo website and telling you the truth their services are always realiable and it only takes few minutes to plan and finalize\",\"position\":\"client\",\"avatar\":215},{\"_active\":true,\"name\":\"Augusta Silva\",\"desc\":\"This is the 3rd time I’ve used Travelo website and telling you the truth their services are always realiable and it only takes few minutes to plan and finalize\",\"position\":\"client\",\"avatar\":216},{\"_active\":true,\"name\":\"Ali Tufan\",\"desc\":\"This is the 3rd time I’ve used Travelo website and telling you the truth their services are always realiable and it only takes few minutes to plan and finalize\",\"position\":\"client\",\"avatar\":217},{\"_active\":true,\"name\":\"Jessica Brown\",\"desc\":\"This is the 3rd time I’ve used Travelo website and telling you the truth their services are always realiable and it only takes few minutes to plan and finalize\",\"position\":\"client\",\"avatar\":215},{\"_active\":true,\"name\":\"Ali Tufan\",\"desc\":\"This is the 3rd time I’ve used Travelo website and telling you the truth their services are always realiable and it only takes few minutes to plan and finalize\",\"position\":\"client\",\"avatar\":216},{\"_active\":true,\"name\":\"Augusta Silva\",\"desc\":\"This is the 3rd time I’ve used Travelo website and telling you the truth their services are always realiable and it only takes few minutes to plan and finalize\",\"position\":\"client\",\"avatar\":217}],\"style\":\"style_2\"},\"component\":\"RegularBlock\",\"open\":true,\"is_container\":false}]', NULL, 1, NULL, NULL, NULL, '2022-07-24 01:33:39', NULL),
(6, 'Home Event', '[{\"type\":\"form_search_all_service\",\"name\":\"Form Search All Service\",\"model\":{\"title_for_car\":\"\",\"title_for_event\":\"\",\"title_for_flight\":\"\",\"title_for_hotel\":\"\",\"title_for_space\":\"\",\"title_for_tour\":\"\",\"service_types\":[\"event\"],\"title\":\"Love where you are going\",\"sub_title\":\"Book experiences you’ll want to tell the world about\",\"style\":\"\",\"bg_image\":226,\"hide_form_search\":\"\",\"single_form_search\":true},\"component\":\"RegularBlock\",\"open\":true,\"is_container\":false},{\"type\":\"unmissable_destinations\",\"name\":\"Unmissable Destinations\",\"model\":{\"title\":\"Unmissable Destinations\",\"service_types\":\"event\",\"number_item\":\"\",\"location_name\":\"New York\",\"location_desc\":\"Take in the iconic skyline and visit the neighborhood hangouts that you’ve only ever seen on TV.\",\"bg_image\":227,\"location_btn\":\"Explore things to do\",\"location_link\":\"#\"},\"component\":\"RegularBlock\",\"open\":true,\"is_container\":false},{\"type\":\"call_to_action\",\"name\":\"Call To Action\",\"model\":{\"title\":\"Who is the Local Expert?\",\"sub_title\":\"Morbi semper fames lobortis ac hac penatibus\",\"link_title\":\"Become Local Expert\",\"link_more\":\"#\",\"style\":\"\",\"bg_image\":228,\"bg_gradient\":\"gradient_overlay_half_bg_orange\"},\"component\":\"RegularBlock\",\"open\":true,\"is_container\":false},{\"type\":\"list_event\",\"name\":\"Event: List Items\",\"model\":{\"title\":\"Popular Activities\",\"desc\":\"\",\"number\":\"\",\"style\":\"style_2\",\"location_id\":\"\",\"order\":\"id\",\"order_by\":\"desc\",\"is_featured\":\"\"},\"component\":\"RegularBlock\",\"open\":true,\"is_container\":false},{\"type\":\"list_locations\",\"name\":\"List Locations\",\"model\":{\"service_type\":[\"event\"],\"title\":\"Top Destination\",\"number\":10,\"layout\":\"style_5\",\"order\":\"id\",\"order_by\":\"desc\",\"custom_ids\":\"\",\"to_location_detail\":\"\"},\"component\":\"RegularBlock\",\"open\":true,\"is_container\":false},{\"type\":\"testimonial\",\"name\":\"List Testimonial\",\"model\":{\"title\":\"Our Happy\",\"list_item\":[{\"_active\":true,\"name\":\"Ali Tufan \",\"desc\":\"This is the 3rd time I’ve used Travelo website and telling you the truth their services are always realiable and it only takes few minutes to plan and finalize\",\"number_star\":null,\"avatar\":1,\"position\":\"Client\"},{\"_active\":true,\"name\":\"Augusta Silva\",\"desc\":\"This is the 3rd time I’ve used Travelo website and telling you the truth their services are always realiable and it only takes few minutes to plan and finalize\",\"position\":\"Client\",\"avatar\":2},{\"_active\":true,\"name\":\"Jessica Brown\",\"desc\":\"This is the 3rd time I’ve used Travelo website and telling you the truth their services are always realiable and it only takes few minutes to plan and finalize\",\"position\":\"Client\",\"avatar\":3}]},\"component\":\"RegularBlock\",\"open\":true,\"is_container\":false},{\"type\":\"brands_list\",\"name\":\"Brands List\",\"model\":{\"list_item\":[{\"_active\":true,\"title\":\"Expedia\",\"image_id\":218},{\"_active\":true,\"title\":\"American Airlines\",\"image_id\":219},{\"_active\":true,\"title\":\"Trip advisor\",\"image_id\":220},{\"_active\":true,\"title\":\"Carlson\",\"image_id\":221},{\"_active\":true,\"title\":\"booking.com\",\"image_id\":222}]},\"component\":\"RegularBlock\",\"open\":true}]', NULL, 1, NULL, NULL, NULL, '2022-07-24 01:33:39', NULL),
(7, 'Home Car', '[{\"type\":\"form_search_all_service\",\"name\":\"Form Search All Service\",\"model\":{\"title_for_car\":\"\",\"title_for_event\":\"\",\"title_for_flight\":\"\",\"title_for_hotel\":\"\",\"title_for_space\":\"\",\"title_for_tour\":\"\",\"service_types\":[\"car\"],\"title\":\"Discover The World With MyCars\",\"sub_title\":\"\",\"style\":\"\",\"bg_image\":229,\"hide_form_search\":\"\",\"single_form_search\":true},\"component\":\"RegularBlock\",\"open\":true,\"is_container\":false},{\"type\":\"term_car\",\"name\":\"Car: List Term Items\",\"model\":{\"title\":\"Select by Category\",\"location_id\":\"\",\"number\":\"\",\"order\":\"\",\"order_by\":\"\",\"is_featured\":\"\",\"term_car\":[\"65\",\"66\",\"67\",\"68\",\"64\",\"63\",\"62\",\"61\"]},\"component\":\"RegularBlock\",\"open\":true,\"is_container\":false},{\"type\":\"list_car\",\"name\":\"Car: List Items\",\"model\":{\"title\":\"Top Hire Cars\",\"desc\":\"\",\"number\":20,\"style\":\"style_2\",\"location_id\":\"\",\"order\":\"id\",\"order_by\":\"desc\",\"is_featured\":\"\"},\"component\":\"RegularBlock\",\"open\":true,\"is_container\":false},{\"type\":\"call_to_action\",\"name\":\"Call To Action\",\"model\":{\"title\":\"Tell us where you would like to go.\",\"sub_title\":\"3,000+ VIP Transport Options!\",\"link_title\":\"Search Options\",\"link_more\":\"#\",\"style\":\"\",\"bg_image\":230,\"bg_gradient\":\"gradient_overlay_half_bg_dark\"},\"component\":\"RegularBlock\",\"open\":true,\"is_container\":false},{\"type\":\"list_locations\",\"name\":\"List Locations\",\"model\":{\"service_type\":[\"car\"],\"title\":\"Top Destination\",\"number\":10,\"layout\":\"style_5\",\"order\":\"id\",\"order_by\":\"desc\",\"custom_ids\":\"\",\"to_location_detail\":\"\"},\"component\":\"RegularBlock\",\"open\":true,\"is_container\":false},{\"type\":\"list_news\",\"name\":\"News: List Items\",\"model\":{\"title\":\"Recent Article\",\"number\":3,\"category_id\":\"\",\"order\":\"id\",\"order_by\":\"desc\"},\"component\":\"RegularBlock\",\"open\":true,\"is_container\":false}]', NULL, 1, NULL, NULL, NULL, '2022-07-24 01:33:39', NULL),
(8, 'Home v2', '[{\"type\":\"form_search_all_service\",\"name\":\"Form Search All Service\",\"model\":{\"title_for_car\":\"\",\"title_for_event\":\"\",\"title_for_flight\":\"\",\"title_for_hotel\":\"\",\"title_for_space\":\"\",\"title_for_tour\":\"\",\"service_types\":[\"car\",\"event\",\"flight\",\"hotel\",\"space\",\"tour\"],\"title\":\"Agencia de Turismo\",\"sub_title\":\"Salar de Uyuni\",\"style\":\"style_2\",\"bg_image\":231,\"hide_form_search\":\"\",\"single_form_search\":\"\"},\"component\":\"RegularBlock\",\"open\":true,\"is_container\":false},{\"type\":\"list_locations\",\"name\":\"List Locations\",\"model\":{\"service_type\":[\"car\",\"event\"],\"title\":\"Top Destination\",\"number\":10,\"layout\":\"style_5\",\"order\":\"id\",\"order_by\":\"asc\",\"custom_ids\":\"\"},\"component\":\"RegularBlock\",\"open\":true,\"is_container\":false},{\"type\":\"list_all_service\",\"name\":\"List All Service\",\"model\":{\"title_for_car\":\"\",\"title_for_event\":\"\",\"title_for_hotel\":\"\",\"title_for_space\":\"\",\"title_for_tour\":\"\",\"service_types\":[\"car\",\"event\",\"hotel\",\"space\",\"tour\"],\"title\":\"Trending\",\"style\":\"\",\"number\":4,\"order\":\"id\",\"order_by\":\"asc\"},\"component\":\"RegularBlock\",\"open\":true,\"is_container\":false},{\"type\":\"testimonial\",\"name\":\"List Testimonial\",\"model\":{\"title\":\"Our Happy\",\"list_item\":[{\"_active\":true,\"name\":\"Ali Tufan \",\"desc\":\"This is the 3rd time I’ve used Travelo website and telling you the truth their services are always realiable and it only takes few minutes to plan and finalize\",\"position\":\"Client\",\"avatar\":1},{\"_active\":true,\"name\":\"Augusta Silva\",\"desc\":\"This is the 3rd time I’ve used Travelo website and telling you the truth their services are always realiable and it only takes few minutes to plan and finalize\",\"position\":\"Client\",\"avatar\":2},{\"_active\":true,\"name\":\"Jessica Brown\",\"desc\":\"This is the 3rd time I’ve used Travelo website and telling you the truth their services are always realiable and it only takes few minutes to plan and finalize\",\"position\":\"Client\",\"avatar\":3}],\"style\":\"index\"},\"component\":\"RegularBlock\",\"open\":true,\"is_container\":false},{\"type\":\"video_player\",\"name\":\"Video Player\",\"model\":{\"title\":\"Travel Viet Nam\",\"sub_title\":\"Hello Viet Nam | Wellcome To Paradise\",\"youtube\":\"https://www.youtube.com/watch?v=3FqtRWLlg9k\",\"bg_image\":228,\"bg_gradient\":\"gradient_overlay_half_bg_grayish_blue\"},\"component\":\"RegularBlock\",\"open\":true,\"is_container\":false}]', NULL, 1, 1, NULL, NULL, '2022-07-24 01:33:39', '2022-07-26 23:03:33');

-- --------------------------------------------------------

--
-- Estructura de tabla para la tabla `core_template_translations`
--

CREATE TABLE `core_template_translations` (
  `id` bigint(20) UNSIGNED NOT NULL,
  `origin_id` int(10) UNSIGNED NOT NULL,
  `locale` varchar(191) COLLATE utf8mb4_unicode_ci NOT NULL,
  `title` varchar(255) COLLATE utf8mb4_unicode_ci DEFAULT NULL,
  `content` longtext COLLATE utf8mb4_unicode_ci DEFAULT NULL,
  `create_user` int(11) DEFAULT NULL,
  `update_user` int(11) DEFAULT NULL,
  `created_at` timestamp NULL DEFAULT NULL,
  `updated_at` timestamp NULL DEFAULT NULL
) ENGINE=InnoDB DEFAULT CHARSET=utf8mb4 COLLATE=utf8mb4_unicode_ci;

--
-- Volcado de datos para la tabla `core_template_translations`
--

INSERT INTO `core_template_translations` (`id`, `origin_id`, `locale`, `title`, `content`, `create_user`, `update_user`, `created_at`, `updated_at`) VALUES
(1, 1, 'es', 'Home Page', '[{\"type\":\"form_search_all_service\",\"name\":\"Form Search All Service\",\"model\":{\"service_types\":[\"hotel\",\"space\",\"tour\",\"car\",\"event\",\"flight\",\"boat\"],\"title\":\"BOLTRAVELS FUENTES COMPANY SRL\",\"sub_title\":\"Agencia de Turismo\",\"bg_image\":16,\"style\":\"\",\"list_slider\":[],\"title_for_car\":\"\",\"title_for_event\":\"\",\"title_for_space\":\"\",\"title_for_hotel\":\"\",\"title_for_tour\":\"\",\"hide_form_search\":\"\",\"single_form_search\":\"\"},\"component\":\"RegularBlock\",\"open\":true,\"is_container\":false},{\"type\":\"list_locations\",\"name\":\"List Locations\",\"model\":{\"service_type\":[\"space\",\"hotel\",\"tour\"],\"title\":\"Top Destinations\",\"desc\":\"It is a long established fact that a reader\",\"number\":6,\"layout\":\"style_1\",\"order\":\"id\",\"order_by\":\"asc\",\"to_location_detail\":\"\",\"custom_ids\":\"\"},\"component\":\"RegularBlock\",\"open\":true,\"is_container\":false},{\"type\":\"list_all_service\",\"name\":\"List All Service\",\"model\":{\"title_for_car\":\"\",\"title_for_event\":\"\",\"title_for_space\":\"\",\"title_for_hotel\":\"\",\"title_for_tour\":\"\",\"service_types\":[\"hotel\",\"space\",\"tour\",\"event\",\"car\"],\"title\":\"Trending\",\"style\":\"\",\"number\":\"\",\"order\":\"id\",\"order_by\":\"asc\"},\"component\":\"RegularBlock\",\"open\":true,\"is_container\":false},{\"type\":\"box_category_tour\",\"name\":\"Tour: Box Category\",\"model\":{\"title\":\"Top activity\",\"desc\":\"One way to vertically center is to use my-auto\",\"list_item\":[{\"_active\":true,\"category_id\":\"4\",\"image_id\":189},{\"_active\":true,\"category_id\":\"3\",\"image_id\":190},{\"_active\":true,\"category_id\":\"2\",\"image_id\":191},{\"_active\":true,\"category_id\":\"1\",\"image_id\":192}]},\"component\":\"RegularBlock\",\"open\":true,\"is_container\":false},{\"type\":\"list_tours\",\"name\":\"Tour: List Items\",\"model\":{\"title\":\"Trending Tour\",\"desc\":\"One way to vertically center is to use my-auto\",\"number\":4,\"style\":\"\",\"category_id\":\"\",\"location_id\":\"\",\"order\":\"id\",\"order_by\":\"asc\",\"is_featured\":\"\",\"custom_ids\":\"\"},\"component\":\"RegularBlock\",\"open\":true,\"is_container\":false},{\"type\":\"list_hotel\",\"name\":\"Hotel: List Items\",\"model\":{\"title\":\"Recommended Hotels\",\"desc\":\"One way to vertically center is to use my-auto\",\"number\":4,\"style\":\"\",\"location_id\":\"\",\"order\":\"id\",\"order_by\":\"asc\",\"is_featured\":\"\",\"custom_ids\":\"\"},\"component\":\"RegularBlock\",\"open\":true,\"is_container\":false},{\"type\":\"testimonial\",\"name\":\"List Testimonial\",\"model\":{\"title\":\"Our Happy\",\"list_item\":[{\"_active\":true,\"name\":\"Ali Tufan \",\"desc\":\"This is the 3rd time I’ve used Travelo website and telling you the truth their services are always realiable and it only takes few minutes to plan and finalize\",\"number_star\":null,\"avatar\":1,\"position\":\"Client\"},{\"_active\":true,\"name\":\"Augusta Silva\",\"desc\":\"This is the 3rd time I’ve used Travelo website and telling you the truth their services are always realiable and it only takes few minutes to plan and finalize\",\"position\":\"Client\",\"avatar\":2},{\"_active\":true,\"name\":\"Jessica Brown\",\"desc\":\"This is the 3rd time I’ve used Travelo website and telling you the truth their services are always realiable and it only takes few minutes to plan and finalize\",\"position\":\"Client\",\"avatar\":3}],\"style\":\"\"},\"component\":\"RegularBlock\",\"open\":true,\"is_container\":false},{\"type\":\"list_event\",\"name\":\"Event: List Items\",\"model\":{\"title\":\"Popular Event\",\"number\":4,\"style\":\"\",\"location_id\":\"\",\"order\":\"id\",\"order_by\":\"asc\",\"is_featured\":\"\",\"desc\":\"One way to vertically center is to use my-auto\",\"custom_ids\":\"\"},\"component\":\"RegularBlock\",\"open\":true,\"is_container\":false},{\"type\":\"list_featured_item\",\"name\":\"List Featured Item\",\"model\":{\"title\":\"Why Choose\",\"list_item\":[{\"_active\":true,\"title\":\"Competitive Pricing\",\"link\":\"#\",\"sub_title\":\"With 500+ suppliers and the purchasing power of 300 million members, mytravel.com can save you more!\",\"icon\":\"flaticon-price \",\"icon_image\":null,\"order\":null},{\"_active\":true,\"title\":\"Award-Winning Service\",\"sub_title\":\"Travel worry-free knowing that we\'re here if you needus, 24 hours a day\",\"link\":\"#\",\"icon_image\":null,\"icon\":\"flaticon-medal\",\"order\":null},{\"_active\":true,\"title\":\"Worldwide Coverage\",\"sub_title\":\"Over 1,200,000 hotels in more than 200 countries and regions & flights to over 5,000 cities\",\"link\":\"#\",\"icon_image\":null,\"icon\":\"flaticon-global-1\",\"order\":null}],\"style\":\"style_2\",\"border_none\":\"\"},\"component\":\"RegularBlock\",\"open\":true,\"is_container\":false},{\"type\":\"list_news\",\"name\":\"News: List Items\",\"model\":{\"title\":\"Today\'s Top Deals\",\"number\":4,\"category_id\":\"\",\"order\":\"id\",\"order_by\":\"asc\",\"desc\":\"\"},\"component\":\"RegularBlock\",\"open\":true,\"is_container\":false}]', 1, 1, '2022-07-24 01:03:20', '2022-07-24 01:34:48');

-- --------------------------------------------------------

--
-- Estructura de tabla para la tabla `core_translations`
--

CREATE TABLE `core_translations` (
  `id` bigint(20) UNSIGNED NOT NULL,
  `locale` varchar(10) COLLATE utf8mb4_unicode_ci DEFAULT NULL,
  `string` text COLLATE utf8mb4_unicode_ci DEFAULT NULL,
  `parent_id` bigint(20) DEFAULT NULL,
  `create_user` int(11) DEFAULT NULL,
  `update_user` int(11) DEFAULT NULL,
  `last_build_at` timestamp NULL DEFAULT NULL,
  `deleted_at` timestamp NULL DEFAULT NULL,
  `created_at` timestamp NULL DEFAULT NULL,
  `updated_at` timestamp NULL DEFAULT NULL
) ENGINE=InnoDB DEFAULT CHARSET=utf8mb4 COLLATE=utf8mb4_unicode_ci;

-- --------------------------------------------------------

--
-- Estructura de tabla para la tabla `core_vendor_plans`
--

CREATE TABLE `core_vendor_plans` (
  `id` bigint(20) UNSIGNED NOT NULL,
  `name` varchar(191) COLLATE utf8mb4_unicode_ci NOT NULL,
  `base_commission` int(11) NOT NULL,
  `status` varchar(20) COLLATE utf8mb4_unicode_ci DEFAULT NULL,
  `publish_date` datetime DEFAULT NULL,
  `create_user` bigint(20) DEFAULT NULL,
  `update_user` bigint(20) DEFAULT NULL,
  `deleted_at` timestamp NULL DEFAULT NULL,
  `created_at` timestamp NULL DEFAULT NULL,
  `updated_at` timestamp NULL DEFAULT NULL
) ENGINE=InnoDB DEFAULT CHARSET=utf8mb4 COLLATE=utf8mb4_unicode_ci;

-- --------------------------------------------------------

--
-- Estructura de tabla para la tabla `core_vendor_plan_meta`
--

CREATE TABLE `core_vendor_plan_meta` (
  `id` bigint(20) UNSIGNED NOT NULL,
  `vendor_plan_id` int(11) NOT NULL,
  `post_type` varchar(255) COLLATE utf8mb4_unicode_ci DEFAULT NULL,
  `enable` tinyint(4) DEFAULT NULL,
  `maximum_create` int(11) DEFAULT NULL,
  `auto_publish` tinyint(4) DEFAULT NULL,
  `commission` int(11) DEFAULT NULL,
  `create_user` bigint(20) DEFAULT NULL,
  `update_user` bigint(20) DEFAULT NULL,
  `deleted_at` timestamp NULL DEFAULT NULL,
  `created_at` timestamp NULL DEFAULT NULL,
  `updated_at` timestamp NULL DEFAULT NULL
) ENGINE=InnoDB DEFAULT CHARSET=utf8mb4 COLLATE=utf8mb4_unicode_ci;

-- --------------------------------------------------------

--
-- Estructura de tabla para la tabla `jobs`
--

CREATE TABLE `jobs` (
  `id` bigint(20) UNSIGNED NOT NULL,
  `queue` varchar(191) COLLATE utf8mb4_unicode_ci NOT NULL,
  `payload` longtext COLLATE utf8mb4_unicode_ci NOT NULL,
  `attempts` tinyint(3) UNSIGNED NOT NULL,
  `reserved_at` int(10) UNSIGNED DEFAULT NULL,
  `available_at` int(10) UNSIGNED NOT NULL,
  `created_at` int(10) UNSIGNED NOT NULL
) ENGINE=InnoDB DEFAULT CHARSET=utf8mb4 COLLATE=utf8mb4_unicode_ci;

-- --------------------------------------------------------

--
-- Estructura de tabla para la tabla `location_category`
--

CREATE TABLE `location_category` (
  `id` bigint(20) UNSIGNED NOT NULL,
  `name` varchar(255) COLLATE utf8mb4_unicode_ci DEFAULT NULL,
  `icon_class` varchar(255) COLLATE utf8mb4_unicode_ci DEFAULT NULL,
  `content` text COLLATE utf8mb4_unicode_ci DEFAULT NULL,
  `slug` varchar(255) COLLATE utf8mb4_unicode_ci DEFAULT NULL,
  `status` varchar(50) COLLATE utf8mb4_unicode_ci DEFAULT NULL,
  `_lft` int(10) UNSIGNED NOT NULL DEFAULT 0,
  `_rgt` int(10) UNSIGNED NOT NULL DEFAULT 0,
  `parent_id` int(10) UNSIGNED DEFAULT NULL,
  `create_user` int(11) DEFAULT NULL,
  `update_user` int(11) DEFAULT NULL,
  `deleted_at` timestamp NULL DEFAULT NULL,
  `origin_id` bigint(20) DEFAULT NULL,
  `lang` varchar(10) COLLATE utf8mb4_unicode_ci DEFAULT NULL,
  `created_at` timestamp NULL DEFAULT NULL,
  `updated_at` timestamp NULL DEFAULT NULL
) ENGINE=InnoDB DEFAULT CHARSET=utf8mb4 COLLATE=utf8mb4_unicode_ci;

--
-- Volcado de datos para la tabla `location_category`
--

INSERT INTO `location_category` (`id`, `name`, `icon_class`, `content`, `slug`, `status`, `_lft`, `_rgt`, `parent_id`, `create_user`, `update_user`, `deleted_at`, `origin_id`, `lang`, `created_at`, `updated_at`) VALUES
(1, 'Turismo', 'icofont-ui-travel', NULL, 'turismo', 'publish', 0, 0, NULL, 4, 4, NULL, NULL, NULL, NULL, '2022-07-27 02:10:19'),
(2, 'Ciclismo', 'icofont-bicycle-alt-1', NULL, 'ciclismo', 'publish', 0, 0, NULL, 4, NULL, NULL, NULL, NULL, NULL, '2022-07-27 02:11:33'),
(3, 'Viaje Turístico', 'icofont-travelling', NULL, 'viaje-turistico', 'publish', 0, 0, NULL, 4, NULL, NULL, NULL, NULL, NULL, '2022-07-27 02:14:12');

-- --------------------------------------------------------

--
-- Estructura de tabla para la tabla `location_category_translations`
--

CREATE TABLE `location_category_translations` (
  `id` bigint(20) UNSIGNED NOT NULL,
  `origin_id` bigint(20) DEFAULT NULL,
  `locale` varchar(10) COLLATE utf8mb4_unicode_ci DEFAULT NULL,
  `name` varchar(255) COLLATE utf8mb4_unicode_ci DEFAULT NULL,
  `content` text COLLATE utf8mb4_unicode_ci DEFAULT NULL,
  `create_user` int(11) DEFAULT NULL,
  `update_user` int(11) DEFAULT NULL,
  `created_at` timestamp NULL DEFAULT NULL,
  `updated_at` timestamp NULL DEFAULT NULL
) ENGINE=InnoDB DEFAULT CHARSET=utf8mb4 COLLATE=utf8mb4_unicode_ci;

-- --------------------------------------------------------

--
-- Estructura de tabla para la tabla `media_files`
--

CREATE TABLE `media_files` (
  `id` bigint(20) UNSIGNED NOT NULL,
  `file_name` varchar(255) COLLATE utf8mb4_unicode_ci DEFAULT NULL,
  `file_path` varchar(255) COLLATE utf8mb4_unicode_ci DEFAULT NULL,
  `file_size` varchar(255) COLLATE utf8mb4_unicode_ci DEFAULT NULL,
  `file_type` varchar(255) COLLATE utf8mb4_unicode_ci DEFAULT NULL,
  `file_extension` varchar(255) COLLATE utf8mb4_unicode_ci DEFAULT NULL,
  `create_user` int(11) DEFAULT NULL,
  `update_user` int(11) DEFAULT NULL,
  `deleted_at` timestamp NULL DEFAULT NULL,
  `app_id` int(11) DEFAULT NULL,
  `app_user_id` int(11) DEFAULT NULL,
  `file_width` int(11) DEFAULT NULL,
  `file_height` int(11) DEFAULT NULL,
  `created_at` timestamp NULL DEFAULT NULL,
  `updated_at` timestamp NULL DEFAULT NULL,
  `file_edit` tinyint(4) DEFAULT 0
) ENGINE=InnoDB DEFAULT CHARSET=utf8mb4 COLLATE=utf8mb4_unicode_ci;

--
-- Volcado de datos para la tabla `media_files`
--

INSERT INTO `media_files` (`id`, `file_name`, `file_path`, `file_size`, `file_type`, `file_extension`, `create_user`, `update_user`, `deleted_at`, `app_id`, `app_user_id`, `file_width`, `file_height`, `created_at`, `updated_at`, `file_edit`) VALUES
(1, 'avatar', 'mytravel/general/avatar.jpg', NULL, 'image/jpeg', 'jpg', NULL, NULL, NULL, NULL, NULL, NULL, NULL, NULL, NULL, 0),
(2, 'avatar-2', 'mytravel/general/avatar-2.jpg', NULL, 'image/jpeg', 'jpg', NULL, NULL, NULL, NULL, NULL, NULL, NULL, NULL, NULL, 0),
(3, 'avatar-3', 'mytravel/general/avatar-3.jpg', NULL, 'image/jpeg', 'jpg', NULL, NULL, NULL, NULL, NULL, NULL, NULL, NULL, NULL, 0),
(4, 'ico_adventurous', 'mytravel/general/ico_adventurous.png', NULL, 'image/png', 'png', NULL, NULL, NULL, NULL, NULL, NULL, NULL, NULL, NULL, 0),
(5, 'ico_localguide', 'mytravel/general/ico_localguide.png', NULL, 'image/png', 'png', NULL, NULL, NULL, NULL, NULL, NULL, NULL, NULL, NULL, 0),
(6, 'ico_maps', 'mytravel/general/ico_maps.png', NULL, 'image/png', 'png', NULL, NULL, NULL, NULL, NULL, NULL, NULL, NULL, NULL, 0),
(7, 'ico_paymethod', 'mytravel/general/ico_paymethod.png', NULL, 'image/png', 'png', NULL, NULL, NULL, NULL, NULL, NULL, NULL, NULL, NULL, 0),
(8, 'logo', 'mytravel/general/logo.svg', NULL, 'image/svg+xml', 'svg', NULL, NULL, NULL, NULL, NULL, NULL, NULL, NULL, NULL, 0),
(9, 'bg_contact', 'mytravel/general/bg-contact.jpg', NULL, 'image/jpeg', 'jpg', NULL, NULL, NULL, NULL, NULL, NULL, NULL, NULL, NULL, 0),
(10, 'favicon', 'mytravel/general/favicon.png', NULL, 'image/png', 'png', NULL, NULL, NULL, NULL, NULL, NULL, NULL, NULL, NULL, 0),
(11, 'thumb-vendor-register', 'mytravel/general/thumb-vendor-register.jpg', NULL, 'image/jpeg', 'jpg', NULL, NULL, NULL, NULL, NULL, NULL, NULL, NULL, NULL, 0),
(12, 'bg-video-vendor-register1', 'mytravel/general/bg-video-vendor-register1.jpg', NULL, 'image/jpeg', 'jpg', NULL, NULL, NULL, NULL, NULL, NULL, NULL, NULL, NULL, 0),
(13, 'ico_chat_1', 'mytravel/general/ico_chat_1.svg', NULL, 'image/svg', 'svg', NULL, NULL, NULL, NULL, NULL, NULL, NULL, NULL, NULL, 0),
(14, 'ico_friendship_1', 'mytravel/general/ico_friendship_1.svg', NULL, 'image/svg', 'svg', NULL, NULL, NULL, NULL, NULL, NULL, NULL, NULL, NULL, 0),
(15, 'ico_piggy-bank_1', 'mytravel/general/ico_piggy-bank_1.svg', NULL, 'image/svg', 'svg', NULL, NULL, NULL, NULL, NULL, NULL, NULL, NULL, NULL, 0),
(16, 'home-mix', 'mytravel/general/home-mix.jpg', NULL, 'image/jpeg', 'jpg', NULL, NULL, NULL, NULL, NULL, NULL, NULL, NULL, NULL, 0),
(17, 'image_home_mix_1', 'mytravel/general/image_home_mix_1.jpg', NULL, 'image/jpeg', 'jpg', NULL, NULL, NULL, NULL, NULL, NULL, NULL, NULL, NULL, 0),
(18, 'image_home_mix_2', 'mytravel/general/image_home_mix_2.jpg', NULL, 'image/jpeg', 'jpg', NULL, NULL, NULL, NULL, NULL, NULL, NULL, NULL, NULL, 0),
(19, 'image_home_mix_3', 'mytravel/general/image_home_mix_3.jpg', NULL, 'image/jpeg', 'jpg', NULL, NULL, NULL, NULL, NULL, NULL, NULL, NULL, NULL, 0),
(20, 'banner-search', 'mytravel/tour/banner-search.jpg', NULL, 'image/jpeg', 'jpg', NULL, NULL, NULL, NULL, NULL, NULL, NULL, NULL, NULL, 0),
(21, 'tour-1', 'mytravel/tour/tour-1.jpg', NULL, 'image/jpeg', 'jpg', NULL, NULL, NULL, NULL, NULL, NULL, NULL, NULL, NULL, 0),
(22, 'tour-2', 'mytravel/tour/tour-2.jpg', NULL, 'image/jpeg', 'jpg', NULL, NULL, NULL, NULL, NULL, NULL, NULL, NULL, NULL, 0),
(23, 'tour-3', 'mytravel/tour/tour-3.jpg', NULL, 'image/jpeg', 'jpg', NULL, NULL, NULL, NULL, NULL, NULL, NULL, NULL, NULL, 0),
(24, 'tour-4', 'mytravel/tour/tour-4.jpg', NULL, 'image/jpeg', 'jpg', NULL, NULL, NULL, NULL, NULL, NULL, NULL, NULL, NULL, 0),
(25, 'tour-5', 'mytravel/tour/tour-5.jpg', NULL, 'image/jpeg', 'jpg', NULL, NULL, NULL, NULL, NULL, NULL, NULL, NULL, NULL, 0),
(26, 'tour-6', 'mytravel/tour/tour-6.jpg', NULL, 'image/jpeg', 'jpg', NULL, NULL, NULL, NULL, NULL, NULL, NULL, NULL, NULL, 0),
(27, 'tour-7', 'mytravel/tour/tour-7.jpg', NULL, 'image/jpeg', 'jpg', NULL, NULL, NULL, NULL, NULL, NULL, NULL, NULL, NULL, 0),
(28, 'tour-8', 'mytravel/tour/tour-8.jpg', NULL, 'image/jpeg', 'jpg', NULL, NULL, NULL, NULL, NULL, NULL, NULL, NULL, NULL, 0),
(29, 'tour-9', 'mytravel/tour/tour-9.jpg', NULL, 'image/jpeg', 'jpg', NULL, NULL, NULL, NULL, NULL, NULL, NULL, NULL, NULL, 0),
(30, 'tour-10', 'mytravel/tour/tour-10.jpg', NULL, 'image/jpeg', 'jpg', NULL, NULL, NULL, NULL, NULL, NULL, NULL, NULL, NULL, 0),
(31, 'tour-11', 'mytravel/tour/tour-11.jpg', NULL, 'image/jpeg', 'jpg', NULL, NULL, NULL, NULL, NULL, NULL, NULL, NULL, NULL, 0),
(32, 'tour-12', 'mytravel/tour/tour-12.jpg', NULL, 'image/jpeg', 'jpg', NULL, NULL, NULL, NULL, NULL, NULL, NULL, NULL, NULL, 0),
(33, 'tour-13', 'mytravel/tour/tour-13.jpg', NULL, 'image/jpeg', 'jpg', NULL, NULL, NULL, NULL, NULL, NULL, NULL, NULL, NULL, 0),
(34, 'tour-14', 'mytravel/tour/tour-14.jpg', NULL, 'image/jpeg', 'jpg', NULL, NULL, NULL, NULL, NULL, NULL, NULL, NULL, NULL, 0),
(35, 'tour-15', 'mytravel/tour/tour-15.jpg', NULL, 'image/jpeg', 'jpg', NULL, NULL, NULL, NULL, NULL, NULL, NULL, NULL, NULL, 0),
(36, 'tour-16', 'mytravel/tour/tour-16.jpg', NULL, 'image/jpeg', 'jpg', NULL, NULL, NULL, NULL, NULL, NULL, NULL, NULL, NULL, 0),
(37, 'gallery-1', 'mytravel/tour/gallery-1.jpg', NULL, 'image/jpeg', 'jpg', NULL, NULL, NULL, NULL, NULL, NULL, NULL, NULL, NULL, 0),
(38, 'gallery-2', 'mytravel/tour/gallery-2.jpg', NULL, 'image/jpeg', 'jpg', NULL, NULL, NULL, NULL, NULL, NULL, NULL, NULL, NULL, 0),
(39, 'gallery-3', 'mytravel/tour/gallery-3.jpg', NULL, 'image/jpeg', 'jpg', NULL, NULL, NULL, NULL, NULL, NULL, NULL, NULL, NULL, 0),
(40, 'gallery-4', 'mytravel/tour/gallery-4.jpg', NULL, 'image/jpeg', 'jpg', NULL, NULL, NULL, NULL, NULL, NULL, NULL, NULL, NULL, 0),
(41, 'gallery-5', 'mytravel/tour/gallery-5.jpg', NULL, 'image/jpeg', 'jpg', NULL, NULL, NULL, NULL, NULL, NULL, NULL, NULL, NULL, 0),
(42, 'gallery-6', 'mytravel/tour/gallery-6.jpg', NULL, 'image/jpeg', 'jpg', NULL, NULL, NULL, NULL, NULL, NULL, NULL, NULL, NULL, 0),
(43, 'gallery-7', 'mytravel/tour/gallery-7.jpg', NULL, 'image/jpeg', 'jpg', NULL, NULL, NULL, NULL, NULL, NULL, NULL, NULL, NULL, 0),
(44, 'banner-tour-1', 'mytravel/tour/banner-detail/banner-tour-1.jpg', NULL, 'image/jpeg', 'jpg', NULL, NULL, NULL, NULL, NULL, NULL, NULL, NULL, NULL, 0),
(45, 'banner-tour-2', 'mytravel/tour/banner-detail/banner-tour-2.jpg', NULL, 'image/jpeg', 'jpg', NULL, NULL, NULL, NULL, NULL, NULL, NULL, NULL, NULL, 0),
(46, 'banner-tour-3', 'mytravel/tour/banner-detail/banner-tour-3.jpg', NULL, 'image/jpeg', 'jpg', NULL, NULL, NULL, NULL, NULL, NULL, NULL, NULL, NULL, 0),
(47, 'banner-tour-4', 'mytravel/tour/banner-detail/banner-tour-4.jpg', NULL, 'image/jpeg', 'jpg', NULL, NULL, NULL, NULL, NULL, NULL, NULL, NULL, NULL, 0),
(48, 'banner-tour-5', 'mytravel/tour/banner-detail/banner-tour-5.jpg', NULL, 'image/jpeg', 'jpg', NULL, NULL, NULL, NULL, NULL, NULL, NULL, NULL, NULL, 0),
(49, 'banner-tour-6', 'mytravel/tour/banner-detail/banner-tour-6.jpg', NULL, 'image/jpeg', 'jpg', NULL, NULL, NULL, NULL, NULL, NULL, NULL, NULL, NULL, 0),
(50, 'banner-tour-7', 'mytravel/tour/banner-detail/banner-tour-7.jpg', NULL, 'image/jpeg', 'jpg', NULL, NULL, NULL, NULL, NULL, NULL, NULL, NULL, NULL, 0),
(51, 'banner-tour-8', 'mytravel/tour/banner-detail/banner-tour-8.jpg', NULL, 'image/jpeg', 'jpg', NULL, NULL, NULL, NULL, NULL, NULL, NULL, NULL, NULL, 0),
(52, 'banner-tour-9', 'mytravel/tour/banner-detail/banner-tour-9.jpg', NULL, 'image/jpeg', 'jpg', NULL, NULL, NULL, NULL, NULL, NULL, NULL, NULL, NULL, 0),
(53, 'banner-tour-10', 'mytravel/tour/banner-detail/banner-tour-10.jpg', NULL, 'image/jpeg', 'jpg', NULL, NULL, NULL, NULL, NULL, NULL, NULL, NULL, NULL, 0),
(54, 'banner-tour-11', 'mytravel/tour/banner-detail/banner-tour-11.jpg', NULL, 'image/jpeg', 'jpg', NULL, NULL, NULL, NULL, NULL, NULL, NULL, NULL, NULL, 0),
(55, 'banner-tour-12', 'mytravel/tour/banner-detail/banner-tour-12.jpg', NULL, 'image/jpeg', 'jpg', NULL, NULL, NULL, NULL, NULL, NULL, NULL, NULL, NULL, 0),
(56, 'banner-tour-13', 'mytravel/tour/banner-detail/banner-tour-13.jpg', NULL, 'image/jpeg', 'jpg', NULL, NULL, NULL, NULL, NULL, NULL, NULL, NULL, NULL, 0),
(57, 'banner-tour-14', 'mytravel/tour/banner-detail/banner-tour-14.jpg', NULL, 'image/jpeg', 'jpg', NULL, NULL, NULL, NULL, NULL, NULL, NULL, NULL, NULL, 0),
(58, 'banner-tour-15', 'mytravel/tour/banner-detail/banner-tour-15.jpg', NULL, 'image/jpeg', 'jpg', NULL, NULL, NULL, NULL, NULL, NULL, NULL, NULL, NULL, 0),
(59, 'banner-tour-16', 'mytravel/tour/banner-detail/banner-tour-16.jpg', NULL, 'image/jpeg', 'jpg', NULL, NULL, NULL, NULL, NULL, NULL, NULL, NULL, NULL, 0),
(60, 'banner-tour-17', 'mytravel/tour/banner-detail/banner-tour-17.jpg', NULL, 'image/jpeg', 'jpg', NULL, NULL, NULL, NULL, NULL, NULL, NULL, NULL, NULL, 0),
(61, 'banner-search-space', 'mytravel/space/banner-search-space.jpg', NULL, 'image/jpeg', 'jpg', NULL, NULL, NULL, NULL, NULL, NULL, NULL, NULL, NULL, 0),
(62, 'banner-search-space-2', 'mytravel/space/banner-search-space-2.jpg', NULL, 'image/jpeg', 'jpg', NULL, NULL, NULL, NULL, NULL, NULL, NULL, NULL, NULL, 0),
(63, 'space-1', 'mytravel/space/space-1.jpg', NULL, 'image/jpeg', 'jpg', NULL, NULL, NULL, NULL, NULL, NULL, NULL, NULL, NULL, 0),
(64, 'space-2', 'mytravel/space/space-2.jpg', NULL, 'image/jpeg', 'jpg', NULL, NULL, NULL, NULL, NULL, NULL, NULL, NULL, NULL, 0),
(65, 'space-3', 'mytravel/space/space-3.jpg', NULL, 'image/jpeg', 'jpg', NULL, NULL, NULL, NULL, NULL, NULL, NULL, NULL, NULL, 0),
(66, 'space-4', 'mytravel/space/space-4.jpg', NULL, 'image/jpeg', 'jpg', NULL, NULL, NULL, NULL, NULL, NULL, NULL, NULL, NULL, 0),
(67, 'space-5', 'mytravel/space/space-5.jpg', NULL, 'image/jpeg', 'jpg', NULL, NULL, NULL, NULL, NULL, NULL, NULL, NULL, NULL, 0),
(68, 'space-6', 'mytravel/space/space-6.jpg', NULL, 'image/jpeg', 'jpg', NULL, NULL, NULL, NULL, NULL, NULL, NULL, NULL, NULL, 0),
(69, 'space-7', 'mytravel/space/space-7.jpg', NULL, 'image/jpeg', 'jpg', NULL, NULL, NULL, NULL, NULL, NULL, NULL, NULL, NULL, 0),
(70, 'space-8', 'mytravel/space/space-8.jpg', NULL, 'image/jpeg', 'jpg', NULL, NULL, NULL, NULL, NULL, NULL, NULL, NULL, NULL, 0),
(71, 'space-9', 'mytravel/space/space-9.jpg', NULL, 'image/jpeg', 'jpg', NULL, NULL, NULL, NULL, NULL, NULL, NULL, NULL, NULL, 0),
(72, 'space-10', 'mytravel/space/space-10.jpg', NULL, 'image/jpeg', 'jpg', NULL, NULL, NULL, NULL, NULL, NULL, NULL, NULL, NULL, 0),
(73, 'space-11', 'mytravel/space/space-11.jpg', NULL, 'image/jpeg', 'jpg', NULL, NULL, NULL, NULL, NULL, NULL, NULL, NULL, NULL, 0),
(74, 'space-12', 'mytravel/space/space-12.jpg', NULL, 'image/jpeg', 'jpg', NULL, NULL, NULL, NULL, NULL, NULL, NULL, NULL, NULL, 0),
(75, 'space-13', 'mytravel/space/space-13.jpg', NULL, 'image/jpeg', 'jpg', NULL, NULL, NULL, NULL, NULL, NULL, NULL, NULL, NULL, 0),
(76, 'space-gallery-1', 'mytravel/space/gallery/space-gallery-1.jpg', NULL, 'image/jpeg', 'jpg', NULL, NULL, NULL, NULL, NULL, NULL, NULL, NULL, NULL, 0),
(77, 'space-gallery-2', 'mytravel/space/gallery/space-gallery-2.jpg', NULL, 'image/jpeg', 'jpg', NULL, NULL, NULL, NULL, NULL, NULL, NULL, NULL, NULL, 0),
(78, 'space-gallery-3', 'mytravel/space/gallery/space-gallery-3.jpg', NULL, 'image/jpeg', 'jpg', NULL, NULL, NULL, NULL, NULL, NULL, NULL, NULL, NULL, 0),
(79, 'space-gallery-4', 'mytravel/space/gallery/space-gallery-4.jpg', NULL, 'image/jpeg', 'jpg', NULL, NULL, NULL, NULL, NULL, NULL, NULL, NULL, NULL, 0),
(80, 'space-gallery-5', 'mytravel/space/gallery/space-gallery-5.jpg', NULL, 'image/jpeg', 'jpg', NULL, NULL, NULL, NULL, NULL, NULL, NULL, NULL, NULL, 0),
(81, 'space-gallery-6', 'mytravel/space/gallery/space-gallery-6.jpg', NULL, 'image/jpeg', 'jpg', NULL, NULL, NULL, NULL, NULL, NULL, NULL, NULL, NULL, 0),
(82, 'space-gallery-7', 'mytravel/space/gallery/space-gallery-7.jpg', NULL, 'image/jpeg', 'jpg', NULL, NULL, NULL, NULL, NULL, NULL, NULL, NULL, NULL, 0),
(83, 'space-single-1', 'mytravel/space/space-single-1.jpg', NULL, 'image/jpeg', 'jpg', NULL, NULL, NULL, NULL, NULL, NULL, NULL, NULL, NULL, 0),
(84, 'space-single-2', 'mytravel/space/space-single-2.jpg', NULL, 'image/jpeg', 'jpg', NULL, NULL, NULL, NULL, NULL, NULL, NULL, NULL, NULL, 0),
(85, 'space-single-3', 'mytravel/space/space-single-3.jpg', NULL, 'image/jpeg', 'jpg', NULL, NULL, NULL, NULL, NULL, NULL, NULL, NULL, NULL, 0),
(86, 'icon-space-box-1', 'mytravel/space/featured-box/icon-space-box-1.png', NULL, 'image/png', 'jpg', NULL, NULL, NULL, NULL, NULL, NULL, NULL, NULL, NULL, 0),
(87, 'icon-space-box-2', 'mytravel/space/featured-box/icon-space-box-2.png', NULL, 'image/png', 'jpg', NULL, NULL, NULL, NULL, NULL, NULL, NULL, NULL, NULL, 0),
(88, 'icon-space-box-3', 'mytravel/space/featured-box/icon-space-box-3.png', NULL, 'image/png', 'jpg', NULL, NULL, NULL, NULL, NULL, NULL, NULL, NULL, NULL, 0),
(89, 'icon-space-box-4', 'mytravel/space/featured-box/icon-space-box-4.png', NULL, 'image/png', 'jpg', NULL, NULL, NULL, NULL, NULL, NULL, NULL, NULL, NULL, 0),
(90, 'icon-space-box-5', 'mytravel/space/featured-box/icon-space-box-5.png', NULL, 'image/png', 'jpg', NULL, NULL, NULL, NULL, NULL, NULL, NULL, NULL, NULL, 0),
(91, 'icon-space-box-6', 'mytravel/space/featured-box/icon-space-box-6.png', NULL, 'image/png', 'jpg', NULL, NULL, NULL, NULL, NULL, NULL, NULL, NULL, NULL, 0),
(92, 'banner-search-hotel', 'mytravel/hotel/banner-search-hotel.jpg', NULL, 'image/jpeg', 'jpg', NULL, NULL, NULL, NULL, NULL, NULL, NULL, NULL, NULL, 0),
(93, 'hotel-featured-1', 'mytravel/hotel/hotel-featured-1.jpg', NULL, 'image/jpeg', 'jpg', NULL, NULL, NULL, NULL, NULL, NULL, NULL, NULL, NULL, 0),
(94, 'hotel-featured-2', 'mytravel/hotel/hotel-featured-2.jpg', NULL, 'image/jpeg', 'jpg', NULL, NULL, NULL, NULL, NULL, NULL, NULL, NULL, NULL, 0),
(95, 'hotel-featured-3', 'mytravel/hotel/hotel-featured-3.jpg', NULL, 'image/jpeg', 'jpg', NULL, NULL, NULL, NULL, NULL, NULL, NULL, NULL, NULL, 0),
(96, 'hotel-featured-4', 'mytravel/hotel/hotel-featured-4.jpg', NULL, 'image/jpeg', 'jpg', NULL, NULL, NULL, NULL, NULL, NULL, NULL, NULL, NULL, 0),
(97, 'hotel-gallery-1', 'mytravel/hotel/gallery/hotel-gallery-1.jpg', NULL, 'image/jpeg', 'jpg', NULL, NULL, NULL, NULL, NULL, NULL, NULL, NULL, NULL, 0),
(98, 'hotel-gallery-2', 'mytravel/hotel/gallery/hotel-gallery-2.jpg', NULL, 'image/jpeg', 'jpg', NULL, NULL, NULL, NULL, NULL, NULL, NULL, NULL, NULL, 0),
(99, 'hotel-gallery-3', 'mytravel/hotel/gallery/hotel-gallery-3.jpg', NULL, 'image/jpeg', 'jpg', NULL, NULL, NULL, NULL, NULL, NULL, NULL, NULL, NULL, 0),
(100, 'hotel-gallery-4', 'mytravel/hotel/gallery/hotel-gallery-4.jpg', NULL, 'image/jpeg', 'jpg', NULL, NULL, NULL, NULL, NULL, NULL, NULL, NULL, NULL, 0),
(101, 'hotel-gallery-5', 'mytravel/hotel/gallery/hotel-gallery-5.jpg', NULL, 'image/jpeg', 'jpg', NULL, NULL, NULL, NULL, NULL, NULL, NULL, NULL, NULL, 0),
(102, 'hotel-gallery-6', 'mytravel/hotel/gallery/hotel-gallery-6.jpg', NULL, 'image/jpeg', 'jpg', NULL, NULL, NULL, NULL, NULL, NULL, NULL, NULL, NULL, 0),
(103, 'hotel-icon-1', 'mytravel/hotel/hotel-icon-1.svg', NULL, 'image/svg', 'svg', NULL, NULL, NULL, NULL, NULL, NULL, NULL, NULL, NULL, 0),
(104, 'hotel-icon-2', 'mytravel/hotel/hotel-icon-2.svg', NULL, 'image/svg', 'svg', NULL, NULL, NULL, NULL, NULL, NULL, NULL, NULL, NULL, 0),
(105, 'hotel-icon-3', 'mytravel/hotel/hotel-icon-3.svg', NULL, 'image/svg', 'svg', NULL, NULL, NULL, NULL, NULL, NULL, NULL, NULL, NULL, 0),
(106, 'location-1', 'mytravel/location/location-1.jpg', NULL, 'image/jpeg', 'jpg', NULL, NULL, NULL, NULL, NULL, NULL, NULL, NULL, NULL, 0),
(107, 'location-2', 'mytravel/location/location-2.jpg', NULL, 'image/jpeg', 'jpg', NULL, NULL, NULL, NULL, NULL, NULL, NULL, NULL, NULL, 0),
(108, 'location-3', 'mytravel/location/location-3.jpg', NULL, 'image/jpeg', 'jpg', NULL, NULL, NULL, NULL, NULL, NULL, NULL, NULL, NULL, 0),
(109, 'location-4', 'mytravel/location/location-4.jpg', NULL, 'image/jpeg', 'jpg', NULL, NULL, NULL, NULL, NULL, NULL, NULL, NULL, NULL, 0),
(110, 'location-5', 'mytravel/location/location-5.jpg', NULL, 'image/jpeg', 'jpg', NULL, NULL, NULL, NULL, NULL, NULL, NULL, NULL, NULL, 0),
(111, 'banner-location-1', 'mytravel/location/banner-detail/banner-location-1.jpg', NULL, 'image/jpeg', 'jpg', NULL, NULL, NULL, NULL, NULL, NULL, NULL, NULL, NULL, 0),
(112, 'trip-idea-1', 'mytravel/location/trip-idea/trip-idea-1.jpg', NULL, 'image/jpeg', 'jpg', NULL, NULL, NULL, NULL, NULL, NULL, NULL, NULL, NULL, 0),
(113, 'trip-idea-2', 'mytravel/location/trip-idea/trip-idea-2.jpg', NULL, 'image/jpeg', 'jpg', NULL, NULL, NULL, NULL, NULL, NULL, NULL, NULL, NULL, 0),
(114, 'news-1', 'mytravel/news/news-1.jpg', NULL, 'image/jpeg', 'jpg', NULL, NULL, NULL, NULL, NULL, NULL, NULL, NULL, NULL, 0),
(115, 'news-2', 'mytravel/news/news-2.jpg', NULL, 'image/jpeg', 'jpg', NULL, NULL, NULL, NULL, NULL, NULL, NULL, NULL, NULL, 0),
(116, 'news-3', 'mytravel/news/news-3.jpg', NULL, 'image/jpeg', 'jpg', NULL, NULL, NULL, NULL, NULL, NULL, NULL, NULL, NULL, 0),
(117, 'news-4', 'mytravel/news/news-4.jpg', NULL, 'image/jpeg', 'jpg', NULL, NULL, NULL, NULL, NULL, NULL, NULL, NULL, NULL, 0),
(118, 'news-5', 'mytravel/news/news-5.jpg', NULL, 'image/jpeg', 'jpg', NULL, NULL, NULL, NULL, NULL, NULL, NULL, NULL, NULL, 0),
(119, 'news-6', 'mytravel/news/news-6.jpg', NULL, 'image/jpeg', 'jpg', NULL, NULL, NULL, NULL, NULL, NULL, NULL, NULL, NULL, 0),
(120, 'news-7', 'mytravel/news/news-7.jpg', NULL, 'image/jpeg', 'jpg', NULL, NULL, NULL, NULL, NULL, NULL, NULL, NULL, NULL, 0),
(121, 'news-banner', 'mytravel/news/news-banner.jpg', NULL, 'image/jpeg', 'jpg', NULL, NULL, NULL, NULL, NULL, NULL, NULL, NULL, NULL, 0),
(122, 'banner-search-car', 'mytravel/car/banner-search-car.jpg', NULL, 'image/jpeg', 'jpg', NULL, NULL, NULL, NULL, NULL, NULL, NULL, NULL, NULL, 0),
(123, 'Convertibles', 'mytravel/car/terms/convertibles.jpg', NULL, 'image/jpeg', 'jpg', NULL, NULL, NULL, NULL, NULL, NULL, NULL, NULL, NULL, 0),
(124, 'Coupes', 'mytravel/car/terms/couple.jpg', NULL, 'image/jpeg', 'jpg', NULL, NULL, NULL, NULL, NULL, NULL, NULL, NULL, NULL, 0),
(125, 'Hatchbacks', 'mytravel/car/terms/hatchback.jpg', NULL, 'image/jpeg', 'jpg', NULL, NULL, NULL, NULL, NULL, NULL, NULL, NULL, NULL, 0),
(126, 'Minivans', 'mytravel/car/terms/minivans.jpg', NULL, 'image/jpeg', 'jpg', NULL, NULL, NULL, NULL, NULL, NULL, NULL, NULL, NULL, 0),
(127, 'Sedan', 'mytravel/car/terms/sedan.jpg', NULL, 'image/jpeg', 'jpg', NULL, NULL, NULL, NULL, NULL, NULL, NULL, NULL, NULL, 0),
(128, 'SUVs', 'mytravel/car/terms/suv.jpg', NULL, 'image/jpeg', 'jpg', NULL, NULL, NULL, NULL, NULL, NULL, NULL, NULL, NULL, 0),
(129, 'Trucks', 'mytravel/car/terms/trucks.jpg', NULL, 'image/jpeg', 'jpg', NULL, NULL, NULL, NULL, NULL, NULL, NULL, NULL, NULL, 0),
(130, 'Wagons', 'mytravel/car/terms/wagons.jpg', NULL, 'image/jpeg', 'jpg', NULL, NULL, NULL, NULL, NULL, NULL, NULL, NULL, NULL, 0),
(131, 'home-car-bg-1', 'mytravel/car/home-car-bg-1.png', NULL, 'image/jpeg', 'jpg', NULL, NULL, NULL, NULL, NULL, NULL, NULL, NULL, NULL, 0),
(132, 'number-1', 'mytravel/car/number-1.svg', NULL, 'image/svg', 'svg', NULL, NULL, NULL, NULL, NULL, NULL, NULL, NULL, NULL, 0),
(133, 'number-2', 'mytravel/car/number-2.svg', NULL, 'image/svg', 'svg', NULL, NULL, NULL, NULL, NULL, NULL, NULL, NULL, NULL, 0),
(134, 'number-3', 'mytravel/car/number-3.svg', NULL, 'image/svg', 'svg', NULL, NULL, NULL, NULL, NULL, NULL, NULL, NULL, NULL, 0),
(135, 'banner-car-single', 'mytravel/car/banner-single.jpg', NULL, 'image/jpg', 'jpg', NULL, NULL, NULL, NULL, NULL, NULL, NULL, NULL, NULL, 0),
(136, 'Airbag', 'mytravel/car/feature/Airbag.svg', NULL, 'image/svg', 'svg', NULL, NULL, NULL, NULL, NULL, NULL, NULL, NULL, NULL, 0),
(137, 'FM Radio', 'mytravel/car/feature/Radio.svg', NULL, 'image/svg', 'svg', NULL, NULL, NULL, NULL, NULL, NULL, NULL, NULL, NULL, 0),
(138, 'Sensor', 'mytravel/car/feature/Sensor.svg', NULL, 'image/svg', 'svg', NULL, NULL, NULL, NULL, NULL, NULL, NULL, NULL, NULL, 0),
(139, 'Speed Km', 'mytravel/car/feature/Speed.svg', NULL, 'image/svg', 'svg', NULL, NULL, NULL, NULL, NULL, NULL, NULL, NULL, NULL, 0),
(140, 'Steering Wheel', 'mytravel/car/feature/Steering.svg', NULL, 'image/svg', 'svg', NULL, NULL, NULL, NULL, NULL, NULL, NULL, NULL, NULL, 0),
(141, 'Power Windows', 'mytravel/car/feature/Windows.svg', NULL, 'image/svg', 'svg', NULL, NULL, NULL, NULL, NULL, NULL, NULL, NULL, NULL, 0),
(142, 'car-1', 'mytravel/car/car-1.jpg', NULL, 'image/jpeg', 'jpg', NULL, NULL, NULL, NULL, NULL, NULL, NULL, NULL, NULL, 0),
(143, 'car-2', 'mytravel/car/car-2.jpg', NULL, 'image/jpeg', 'jpg', NULL, NULL, NULL, NULL, NULL, NULL, NULL, NULL, NULL, 0),
(144, 'car-3', 'mytravel/car/car-3.jpg', NULL, 'image/jpeg', 'jpg', NULL, NULL, NULL, NULL, NULL, NULL, NULL, NULL, NULL, 0),
(145, 'car-4', 'mytravel/car/car-4.jpg', NULL, 'image/jpeg', 'jpg', NULL, NULL, NULL, NULL, NULL, NULL, NULL, NULL, NULL, 0),
(146, 'car-5', 'mytravel/car/car-5.jpg', NULL, 'image/jpeg', 'jpg', NULL, NULL, NULL, NULL, NULL, NULL, NULL, NULL, NULL, 0),
(147, 'car-6', 'mytravel/car/car-6.jpg', NULL, 'image/jpeg', 'jpg', NULL, NULL, NULL, NULL, NULL, NULL, NULL, NULL, NULL, 0),
(148, 'car-7', 'mytravel/car/car-7.jpg', NULL, 'image/jpeg', 'jpg', NULL, NULL, NULL, NULL, NULL, NULL, NULL, NULL, NULL, 0),
(149, 'car-8', 'mytravel/car/car-8.jpg', NULL, 'image/jpeg', 'jpg', NULL, NULL, NULL, NULL, NULL, NULL, NULL, NULL, NULL, 0),
(150, 'car-9', 'mytravel/car/car-9.jpg', NULL, 'image/jpeg', 'jpg', NULL, NULL, NULL, NULL, NULL, NULL, NULL, NULL, NULL, 0),
(151, 'car-10', 'mytravel/car/car-10.jpg', NULL, 'image/jpeg', 'jpg', NULL, NULL, NULL, NULL, NULL, NULL, NULL, NULL, NULL, 0),
(152, 'car-11', 'mytravel/car/car-11.jpg', NULL, 'image/jpeg', 'jpg', NULL, NULL, NULL, NULL, NULL, NULL, NULL, NULL, NULL, 0),
(153, 'car-12', 'mytravel/car/car-12.jpg', NULL, 'image/jpeg', 'jpg', NULL, NULL, NULL, NULL, NULL, NULL, NULL, NULL, NULL, 0),
(154, 'car-gallery-1', 'mytravel/car/gallery-1.jpg', NULL, 'image/jpeg', 'jpg', NULL, NULL, NULL, NULL, NULL, NULL, NULL, NULL, NULL, 0),
(155, 'car-gallery-2', 'mytravel/car/gallery-2.jpg', NULL, 'image/jpeg', 'jpg', NULL, NULL, NULL, NULL, NULL, NULL, NULL, NULL, NULL, 0),
(156, 'car-gallery-3', 'mytravel/car/gallery-3.jpg', NULL, 'image/jpeg', 'jpg', NULL, NULL, NULL, NULL, NULL, NULL, NULL, NULL, NULL, 0),
(157, 'car-gallery-4', 'mytravel/car/gallery-4.jpg', NULL, 'image/jpeg', 'jpg', NULL, NULL, NULL, NULL, NULL, NULL, NULL, NULL, NULL, 0),
(158, 'car-gallery-5', 'mytravel/car/gallery-5.jpg', NULL, 'image/jpeg', 'jpg', NULL, NULL, NULL, NULL, NULL, NULL, NULL, NULL, NULL, 0),
(159, 'car-gallery-6', 'mytravel/car/gallery-6.jpg', NULL, 'image/jpeg', 'jpg', NULL, NULL, NULL, NULL, NULL, NULL, NULL, NULL, NULL, 0),
(160, 'car-gallery-7', 'mytravel/car/gallery-7.jpg', NULL, 'image/jpeg', 'jpg', NULL, NULL, NULL, NULL, NULL, NULL, NULL, NULL, NULL, 0),
(161, 'banner-search-event', 'mytravel/event/banner-search.jpg', NULL, 'image/jpeg', 'jpg', NULL, NULL, NULL, NULL, NULL, NULL, NULL, NULL, NULL, 0),
(162, 'event-1', 'mytravel/event/event-1.jpg', NULL, 'image/jpeg', 'jpg', NULL, NULL, NULL, NULL, NULL, NULL, NULL, NULL, NULL, 0),
(163, 'event-2', 'mytravel/event/event-2.jpg', NULL, 'image/jpeg', 'jpg', NULL, NULL, NULL, NULL, NULL, NULL, NULL, NULL, NULL, 0),
(164, 'event-3', 'mytravel/event/event-3.jpg', NULL, 'image/jpeg', 'jpg', NULL, NULL, NULL, NULL, NULL, NULL, NULL, NULL, NULL, 0),
(165, 'event-4', 'mytravel/event/event-4.jpg', NULL, 'image/jpeg', 'jpg', NULL, NULL, NULL, NULL, NULL, NULL, NULL, NULL, NULL, 0),
(166, 'event-5', 'mytravel/event/event-5.jpg', NULL, 'image/jpeg', 'jpg', NULL, NULL, NULL, NULL, NULL, NULL, NULL, NULL, NULL, 0),
(167, 'event-6', 'mytravel/event/event-6.jpg', NULL, 'image/jpeg', 'jpg', NULL, NULL, NULL, NULL, NULL, NULL, NULL, NULL, NULL, 0),
(168, 'event-7', 'mytravel/event/event-7.jpg', NULL, 'image/jpeg', 'jpg', NULL, NULL, NULL, NULL, NULL, NULL, NULL, NULL, NULL, 0),
(169, 'event-8', 'mytravel/event/event-8.jpg', NULL, 'image/jpeg', 'jpg', NULL, NULL, NULL, NULL, NULL, NULL, NULL, NULL, NULL, 0),
(170, 'event-9', 'mytravel/event/event-9.jpg', NULL, 'image/jpeg', 'jpg', NULL, NULL, NULL, NULL, NULL, NULL, NULL, NULL, NULL, 0),
(171, 'event-10', 'mytravel/event/event-10.jpg', NULL, 'image/jpeg', 'jpg', NULL, NULL, NULL, NULL, NULL, NULL, NULL, NULL, NULL, 0),
(172, 'event-11', 'mytravel/event/event-11.jpg', NULL, 'image/jpeg', 'jpg', NULL, NULL, NULL, NULL, NULL, NULL, NULL, NULL, NULL, 0),
(173, 'event-12', 'mytravel/event/event-12.jpg', NULL, 'image/jpeg', 'jpg', NULL, NULL, NULL, NULL, NULL, NULL, NULL, NULL, NULL, 0),
(174, 'gallery-event-1', 'mytravel/event/gallery-1.jpg', NULL, 'image/jpeg', 'jpg', NULL, NULL, NULL, NULL, NULL, NULL, NULL, NULL, NULL, 0),
(175, 'gallery-event-2', 'mytravel/event/gallery-2.jpg', NULL, 'image/jpeg', 'jpg', NULL, NULL, NULL, NULL, NULL, NULL, NULL, NULL, NULL, 0),
(176, 'gallery-event-3', 'mytravel/event/gallery-3.jpg', NULL, 'image/jpeg', 'jpg', NULL, NULL, NULL, NULL, NULL, NULL, NULL, NULL, NULL, 0),
(177, 'gallery-event-4', 'mytravel/event/gallery-4.jpg', NULL, 'image/jpeg', 'jpg', NULL, NULL, NULL, NULL, NULL, NULL, NULL, NULL, NULL, 0),
(178, 'gallery-event-5', 'mytravel/event/gallery-5.jpg', NULL, 'image/jpeg', 'jpg', NULL, NULL, NULL, NULL, NULL, NULL, NULL, NULL, NULL, 0),
(179, 'gallery-event-6', 'mytravel/event/gallery-6.jpg', NULL, 'image/jpeg', 'jpg', NULL, NULL, NULL, NULL, NULL, NULL, NULL, NULL, NULL, 0),
(180, 'banner-event-1', 'mytravel/event/banner-detail/banner-event-1.jpg', NULL, 'image/jpeg', 'jpg', NULL, NULL, NULL, NULL, NULL, NULL, NULL, NULL, NULL, 0),
(181, 'banner-event-2', 'mytravel/event/banner-detail/banner-event-2.jpg', NULL, 'image/jpeg', 'jpg', NULL, NULL, NULL, NULL, NULL, NULL, NULL, NULL, NULL, 0),
(182, 'banner-event-3', 'mytravel/event/banner-detail/banner-event-3.jpg', NULL, 'image/jpeg', 'jpg', NULL, NULL, NULL, NULL, NULL, NULL, NULL, NULL, NULL, 0),
(183, 'icon_global', 'mytravel/general/icon_global.svg', NULL, 'image/svg', 'svg', NULL, NULL, NULL, NULL, NULL, NULL, NULL, NULL, NULL, 0),
(184, 'icon_global_white', 'mytravel/general/icon_global_white.svg', NULL, 'image/svg', 'svg', NULL, NULL, NULL, NULL, NULL, NULL, NULL, NULL, NULL, 0),
(185, 'icon_price', 'mytravel/general/icon_price.svg', NULL, 'image/svg', 'svg', NULL, NULL, NULL, NULL, NULL, NULL, NULL, NULL, NULL, 0),
(186, 'icon_price_white', 'mytravel/general/icon_price_white.svg', NULL, 'image/svg', 'svg', NULL, NULL, NULL, NULL, NULL, NULL, NULL, NULL, NULL, 0),
(187, 'icon_support', 'mytravel/general/icon_support.svg', NULL, 'image/svg', 'svg', NULL, NULL, NULL, NULL, NULL, NULL, NULL, NULL, NULL, 0),
(188, 'icon_support_white', 'mytravel/general/icon_support_white.svg', NULL, 'image/svg', 'svg', NULL, NULL, NULL, NULL, NULL, NULL, NULL, NULL, NULL, 0),
(189, 'box-tour-1', 'mytravel/tour/box-tour-1.png', NULL, 'image/png', 'png', NULL, NULL, NULL, NULL, NULL, NULL, NULL, NULL, NULL, 0),
(190, 'box-tour-2', 'mytravel/tour/box-tour-2.png', NULL, 'image/png', 'png', NULL, NULL, NULL, NULL, NULL, NULL, NULL, NULL, NULL, 0),
(191, 'box-tour-3', 'mytravel/tour/box-tour-3.png', NULL, 'image/png', 'png', NULL, NULL, NULL, NULL, NULL, NULL, NULL, NULL, NULL, 0),
(192, 'box-tour-4', 'mytravel/tour/box-tour-4.png', NULL, 'image/png', 'png', NULL, NULL, NULL, NULL, NULL, NULL, NULL, NULL, NULL, 0),
(193, 'banner-new-1', 'mytravel/general/banner-new-1.jpg', NULL, 'image/jpg', 'jpg', NULL, NULL, NULL, NULL, NULL, NULL, NULL, NULL, NULL, 0),
(194, 'banner-new-2', 'mytravel/general/banner-new-2.jpg', NULL, 'image/jpg', 'jpg', NULL, NULL, NULL, NULL, NULL, NULL, NULL, NULL, NULL, 0),
(195, 'call-to-action-bg-1', 'mytravel/general/call-to-action-bg-1.jpg', NULL, 'image/jpg', 'jpg', NULL, NULL, NULL, NULL, NULL, NULL, NULL, NULL, NULL, 0),
(196, 'call-to-action-bg-2', 'mytravel/general/call-to-action-bg-2.png', NULL, 'image/png', 'png', NULL, NULL, NULL, NULL, NULL, NULL, NULL, NULL, NULL, 0),
(197, 'call-to-action-bg-3', 'mytravel/general/call-to-action-bg-3.png', NULL, 'image/png', 'png', NULL, NULL, NULL, NULL, NULL, NULL, NULL, NULL, NULL, 0),
(198, 'customer-feedback', 'mytravel/general/customer-feedback.jpg', NULL, 'image/jpg', 'jpg', NULL, NULL, NULL, NULL, NULL, NULL, NULL, NULL, NULL, 0),
(199, 'customer-feedback-2', 'mytravel/general/customer-feedback-2.jpg', NULL, 'image/jpg', 'jpg', NULL, NULL, NULL, NULL, NULL, NULL, NULL, NULL, NULL, 0),
(200, 'logo-white', 'mytravel/general/logo_white.svg', NULL, 'image/svg', 'svg', NULL, NULL, NULL, NULL, NULL, NULL, NULL, NULL, NULL, 0),
(201, 'location-6', 'mytravel/location/location-6.jpg', NULL, 'image/jpeg', 'jpg', NULL, NULL, NULL, NULL, NULL, NULL, NULL, NULL, NULL, 0),
(202, 'location-7', 'mytravel/location/location-7.jpg', NULL, 'image/jpeg', 'jpg', NULL, NULL, NULL, NULL, NULL, NULL, NULL, NULL, NULL, 0),
(203, 'location-8', 'mytravel/location/location-8.jpg', NULL, 'image/jpeg', 'jpg', NULL, NULL, NULL, NULL, NULL, NULL, NULL, NULL, NULL, 0),
(204, 'location-9', 'mytravel/location/location-9.jpg', NULL, 'image/jpeg', 'jpg', NULL, NULL, NULL, NULL, NULL, NULL, NULL, NULL, NULL, 0),
(205, 'location-10', 'mytravel/location/location-10.jpg', NULL, 'image/jpeg', 'jpg', NULL, NULL, NULL, NULL, NULL, NULL, NULL, NULL, NULL, 0),
(206, 'become-expert-1', 'mytravel/general/become-expert-1.jpg', NULL, 'image/jpeg', 'jpg', NULL, NULL, NULL, NULL, NULL, NULL, NULL, NULL, NULL, 0),
(207, 'become-expert-2', 'mytravel/general/become-expert-2.jpg', NULL, 'image/jpeg', 'jpg', NULL, NULL, NULL, NULL, NULL, NULL, NULL, NULL, NULL, 0),
(208, 'become-expert-3', 'mytravel/general/become-expert-3.jpg', NULL, 'image/jpeg', 'jpg', NULL, NULL, NULL, NULL, NULL, NULL, NULL, NULL, NULL, 0),
(209, 'become-expert-4', 'mytravel/general/become-expert-4.jpg', NULL, 'image/jpeg', 'jpg', NULL, NULL, NULL, NULL, NULL, NULL, NULL, NULL, NULL, 0),
(210, 'become-expert-5', 'mytravel/general/become-expert-5.jpg', NULL, 'image/jpeg', 'jpg', NULL, NULL, NULL, NULL, NULL, NULL, NULL, NULL, NULL, 0),
(211, 'thumb-vendor-register', 'mytravel/general/thumb-vendor-register.jpg', NULL, 'image/jpeg', 'jpg', NULL, NULL, NULL, NULL, NULL, NULL, NULL, NULL, NULL, 0),
(212, 'home-hotel-banner', 'mytravel/general/home-hotel-banner.jpg', NULL, 'image/jpeg', 'jpg', NULL, NULL, NULL, NULL, NULL, NULL, NULL, NULL, NULL, 0),
(213, 'call-to-action-bg-4', 'mytravel/general/call-to-action-bg-4.jpg', NULL, 'image/jpeg', 'jpg', NULL, NULL, NULL, NULL, NULL, NULL, NULL, NULL, NULL, 0),
(214, 'home-tour-banner', 'mytravel/general/home-tour-banner.jpg', NULL, 'image/jpeg', 'jpg', NULL, NULL, NULL, NULL, NULL, NULL, NULL, NULL, NULL, 0),
(215, 'avatar-4', 'mytravel/general/avatar-4.jpg', NULL, 'image/jpeg', 'jpg', NULL, NULL, NULL, NULL, NULL, NULL, NULL, NULL, NULL, 0),
(216, 'avatar-5', 'mytravel/general/avatar-5.jpg', NULL, 'image/jpeg', 'jpg', NULL, NULL, NULL, NULL, NULL, NULL, NULL, NULL, NULL, 0),
(217, 'avatar-6', 'mytravel/general/avatar-6.jpg', NULL, 'image/jpeg', 'jpg', NULL, NULL, NULL, NULL, NULL, NULL, NULL, NULL, NULL, 0),
(218, 'brand-1', 'mytravel/general/brand-1.png', NULL, 'image/jpeg', 'png', NULL, NULL, NULL, NULL, NULL, NULL, NULL, NULL, NULL, 0),
(219, 'brand-2', 'mytravel/general/brand-2.png', NULL, 'image/jpeg', 'png', NULL, NULL, NULL, NULL, NULL, NULL, NULL, NULL, NULL, 0),
(220, 'brand-3', 'mytravel/general/brand-3.png', NULL, 'image/jpeg', 'png', NULL, NULL, NULL, NULL, NULL, NULL, NULL, NULL, NULL, 0),
(221, 'brand-4', 'mytravel/general/brand-4.png', NULL, 'image/jpeg', 'png', NULL, NULL, NULL, NULL, NULL, NULL, NULL, NULL, NULL, 0),
(222, 'brand-5', 'mytravel/general/brand-5.png', NULL, 'image/jpeg', 'png', NULL, NULL, NULL, NULL, NULL, NULL, NULL, NULL, NULL, 0),
(223, 'home-space-banner', 'mytravel/general/home-space-banner.jpg', NULL, 'image/jpeg', 'jpg', NULL, NULL, NULL, NULL, NULL, NULL, NULL, NULL, NULL, 0),
(224, 'bg-space-type', 'mytravel/space/bg-space-type.jpg', NULL, 'image/jpeg', 'jpg', NULL, NULL, NULL, NULL, NULL, NULL, NULL, NULL, NULL, 0),
(225, 'space-call-to-action', 'mytravel/space/space-call-to-action.jpg', NULL, 'image/jpeg', 'jpg', NULL, NULL, NULL, NULL, NULL, NULL, NULL, NULL, NULL, 0),
(226, 'home-event-banner', 'mytravel/general/home-event-banner.jpg', NULL, 'image/jpeg', 'jpg', NULL, NULL, NULL, NULL, NULL, NULL, NULL, NULL, NULL, 0),
(227, 'new-york', 'mytravel/general/new-york.jpg', NULL, 'image/jpeg', 'jpg', NULL, NULL, NULL, NULL, NULL, NULL, NULL, NULL, NULL, 0),
(228, 'call-to-action-bg-5', 'mytravel/general/call-to-action-bg-5.jpg', NULL, 'image/jpeg', 'jpg', NULL, NULL, NULL, NULL, NULL, NULL, NULL, NULL, NULL, 0),
(229, 'home-car-banner', 'mytravel/general/home-car-banner.jpg', NULL, 'image/jpeg', 'jpg', NULL, NULL, NULL, NULL, NULL, NULL, NULL, NULL, NULL, 0),
(230, 'call-to-action-bg-6', 'mytravel/general/call-to-action-bg-6.jpg', NULL, 'image/jpeg', 'jpg', NULL, NULL, NULL, NULL, NULL, NULL, NULL, NULL, NULL, 0),
(231, 'banner-home-2', 'mytravel/general/banner-home-2.jpg', NULL, 'image/jpeg', 'jpg', NULL, NULL, NULL, NULL, NULL, NULL, NULL, NULL, NULL, 0),
(256, 'logo', '0000/1/2022/07/23/logo.png', '18471', 'image/png', 'png', 1, NULL, NULL, NULL, NULL, 144, 144, '2022-07-24 01:39:09', '2022-07-24 01:39:09', 0),
(261, '123asd', '0000/1/2022/07/24/123asd.jpg', '104654', 'image/jpeg', 'jpg', 1, NULL, NULL, NULL, NULL, 1920, 722, '2022-07-24 04:34:39', '2022-07-24 04:34:39', 0),
(262, '2', '0000/1/2022/07/24/2.jpeg', '496581', 'image/jpeg', 'jpeg', 1, NULL, NULL, NULL, NULL, 2000, 2000, '2022-07-24 04:41:58', '2022-07-24 04:41:58', 0),
(263, '3', '0000/1/2022/07/24/3.jpeg', '383546', 'image/jpeg', 'jpeg', 1, NULL, NULL, NULL, NULL, 2000, 2000, '2022-07-24 04:42:08', '2022-07-24 04:42:08', 0),
(264, '1', '0000/1/2022/07/24/1.jpeg', '290980', 'image/jpeg', 'jpeg', 1, NULL, NULL, NULL, NULL, 1864, 1049, '2022-07-24 04:42:17', '2022-07-24 04:42:17', 0),
(265, '4', '0000/1/2022/07/24/4.jpeg', '234728', 'image/jpeg', 'jpeg', 1, NULL, NULL, NULL, NULL, NULL, NULL, '2022-07-24 04:43:04', '2022-07-24 04:43:04', 0),
(267, 'white-logofile', '0000/1/2022/07/26/white-logofile.png', '8965', 'image/png', 'png', 1, NULL, NULL, NULL, NULL, 132, 132, '2022-07-26 20:47:19', '2022-07-26 20:47:19', 0),
(268, 'logo-oficial', '0000/1/2022/07/26/logo-oficial.png', '6357', 'image/png', 'png', 1, NULL, NULL, NULL, NULL, 100, 100, '2022-07-26 20:48:14', '2022-07-26 20:48:14', 0),
(272, 'logo-oficial-c', '0000/1/2022/07/26/logo-oficial-c.png', '5914', 'image/png', 'png', 1, NULL, NULL, NULL, NULL, 100, 100, '2022-07-26 20:53:22', '2022-07-26 20:53:22', 0),
(273, 'bannerprincipal', '0000/1/2022/07/26/bannerprincipal.jpg', '120790', 'image/jpeg', 'jpg', 1, NULL, NULL, NULL, NULL, 1900, 600, '2022-07-26 21:13:11', '2022-07-26 21:13:11', 0),
(274, 'thunupa', '0000/1/2022/07/26/thunupa.jpeg', '573126', 'image/jpeg', 'jpeg', 1, NULL, NULL, NULL, NULL, 1024, 683, '2022-07-26 21:18:36', '2022-07-26 21:18:36', 0),
(275, 'thunupa3', '0000/1/2022/07/26/thunupa3.jpeg', '246580', 'image/jpeg', 'jpeg', 1, NULL, NULL, NULL, NULL, 1876, 1116, '2022-07-26 21:21:21', '2022-07-26 21:21:21', 0),
(276, 'salaruyu', '0000/1/2022/07/26/salaruyu.jpg', '185003', 'image/jpeg', 'jpg', 1, NULL, NULL, NULL, NULL, 1024, 683, '2022-07-26 21:24:37', '2022-07-26 21:24:37', 0),
(277, 'cementerio', '0000/4/2022/07/26/cementerio.jpeg', '149315', 'image/jpeg', 'jpeg', 4, NULL, NULL, NULL, NULL, 1200, 675, '2022-07-27 03:26:29', '2022-07-27 03:26:29', 0),
(278, 'thunupa3', '0000/4/2022/07/26/thunupa3.jpeg', '246580', 'image/jpeg', 'jpeg', 4, NULL, NULL, NULL, NULL, 1876, 1116, '2022-07-27 03:27:21', '2022-07-27 03:27:21', 0),
(279, 'thunupa', '0000/4/2022/07/26/thunupa.jpeg', '573126', 'image/jpeg', 'jpeg', 4, NULL, NULL, NULL, NULL, 1024, 683, '2022-07-27 03:27:29', '2022-07-27 03:27:29', 0),
(280, 'geisers', '0000/4/2022/07/26/geisers.jpeg', '305992', 'image/jpeg', 'jpeg', 4, NULL, NULL, NULL, NULL, 1200, 900, '2022-07-27 03:31:26', '2022-07-27 03:31:26', 0),
(281, 'oll', '0000/4/2022/07/26/oll.jpeg', '135513', 'image/jpeg', 'jpeg', 4, NULL, NULL, NULL, NULL, 1200, 630, '2022-07-27 03:32:13', '2022-07-27 03:32:13', 0);

-- --------------------------------------------------------

--
-- Estructura de tabla para la tabla `migrations`
--

CREATE TABLE `migrations` (
  `id` int(10) UNSIGNED NOT NULL,
  `migration` varchar(191) COLLATE utf8mb4_unicode_ci NOT NULL,
  `batch` int(11) NOT NULL
) ENGINE=InnoDB DEFAULT CHARSET=utf8mb4 COLLATE=utf8mb4_unicode_ci;

--
-- Volcado de datos para la tabla `migrations`
--

INSERT INTO `migrations` (`id`, `migration`, `batch`) VALUES
(1, '2014_10_12_000000_create_users_table', 1),
(2, '2014_10_12_100000_create_password_resets_table', 1),
(3, '2014_10_12_200000_add_two_factor_columns_to_users_table', 1),
(4, '2018_11_06_222923_create_transactions_table', 1),
(5, '2018_11_07_192923_create_transfers_table', 1),
(6, '2018_11_07_202152_update_transfers_table', 1),
(7, '2018_11_15_124230_create_wallets_table', 1),
(8, '2018_11_19_164609_update_transactions_table', 1),
(9, '2018_11_20_133759_add_fee_transfers_table', 1),
(10, '2018_11_22_131953_add_status_transfers_table', 1),
(11, '2018_11_22_133438_drop_refund_transfers_table', 1),
(12, '2019_03_13_174533_create_permission_tables', 1),
(13, '2019_03_17_114820_create_table_core_pages', 1),
(14, '2019_03_17_140539_create_media_files_table', 1),
(15, '2019_03_20_072502_create_bravo_tours', 1),
(16, '2019_03_20_081256_create_core_news_category_table', 1),
(17, '2019_03_27_081940_create_core_setting_table', 1),
(18, '2019_03_28_101009_create_bravo_booking_table', 1),
(19, '2019_03_28_165911_create_booking_meta_table', 1),
(20, '2019_03_29_093236_update_bookings_table', 1),
(21, '2019_04_01_045229_create_user_meta_table', 1),
(22, '2019_04_01_150630_create_menu_table', 1),
(23, '2019_04_02_150630_create_core_news_table', 1),
(24, '2019_04_03_073553_bravo_tour_category', 1),
(25, '2019_04_03_080159_bravo_location', 1),
(26, '2019_04_05_143248_create_core_templates_table', 1),
(27, '2019_04_18_152537_create_bravo_tours_meta_table', 1),
(28, '2019_05_07_085430_create_core_languages_table', 1),
(29, '2019_05_07_085442_create_core_translations_table', 1),
(30, '2019_05_13_111553_update_status_transfers_table', 1),
(31, '2019_05_17_074008_create_bravo_review', 1),
(32, '2019_05_17_074048_create_bravo_review_meta', 1),
(33, '2019_05_17_113042_create_tour_attrs_table', 1),
(34, '2019_05_21_084235_create_bravo_contact_table', 1),
(35, '2019_05_28_152845_create_core_subscribers_table', 1),
(36, '2019_06_17_142338_bravo_seo', 1),
(37, '2019_06_25_103755_add_exchange_status_transfers_table', 1),
(38, '2019_07_03_070406_update_from_1_0_to_1_1', 1),
(39, '2019_07_08_075436_create_core_vendor_plans', 1),
(40, '2019_07_08_083733_create_vendors_plan_payments', 1),
(41, '2019_07_11_083501_update_from_110_to_120', 1),
(42, '2019_07_29_184926_decimal_places_wallets_table', 1),
(43, '2019_07_30_072809_create_flight_table', 1),
(44, '2019_07_30_072809_create_space_table', 1),
(45, '2019_07_30_072809_create_tour_dates_table', 1),
(46, '2019_08_05_031018_create_core_vendor_plan_meta_table', 1),
(47, '2019_08_09_163909_create_inbox_table', 1),
(48, '2019_08_16_094354_update_from_120_to_130', 1),
(49, '2019_08_20_162106_create_table_user_upgrade_requests', 1),
(50, '2019_09_13_070650_update_from_130_to_140', 1),
(51, '2019_09_20_072809_create_hotel_table', 1),
(52, '2019_10_02_193759_add_discount_transfers_table', 1),
(53, '2019_10_22_151319_create_car_table', 1),
(54, '2019_10_22_151319_create_social_table', 1),
(55, '2019_11_05_092516_update_from_140_to_150', 1),
(56, '2019_11_18_085024_update_from_150_to_151', 1),
(57, '2019_12_14_000001_create_personal_access_tokens_table', 1),
(58, '2020_03_09_102753_update_from_151_to_160', 1),
(59, '2020_04_02_150631_create_core_tags_table', 1),
(60, '2020_04_05_101016_create_event_table', 1),
(61, '2020_05_16_073120_update_from_160_to_170', 1),
(62, '2020_11_23_092238_create_notifications_table', 1),
(63, '2021_04_02_150632_create_core_tag_new_table', 1),
(64, '2021_04_20_102158_update_from_190_to_200', 1),
(65, '2021_09_16_072809_create_coupon_table', 1),
(66, '2021_09_28_174324_create_jobs_table', 1),
(67, '2021_10_26_151319_create_boat_table', 1),
(68, '2022_02_08_072809_create_popup_table', 1),
(69, '2022_02_14_134137_create_bravo_booking_payment_meta', 1),
(70, '2022_02_28_999999_add_active_status_to_users', 1),
(71, '2022_02_28_999999_add_dark_mode_to_users', 1),
(72, '2022_02_28_999999_add_messenger_color_to_users', 1),
(73, '2022_02_28_999999_create_favorites_table', 1),
(74, '2022_02_28_999999_create_messages_table', 1),
(75, '2022_03_01_002101_update_user_table', 1),
(76, '2022_03_15_040235_update_241_to_242', 1),
(77, '2022_03_23_042635_update_242_to_243', 1),
(78, '2022_03_24_035712_mytravel_custom_fields', 1);

-- --------------------------------------------------------

--
-- Estructura de tabla para la tabla `notifications`
--

CREATE TABLE `notifications` (
  `id` char(36) COLLATE utf8mb4_unicode_ci NOT NULL,
  `type` varchar(191) COLLATE utf8mb4_unicode_ci NOT NULL,
  `notifiable_type` varchar(191) COLLATE utf8mb4_unicode_ci NOT NULL,
  `notifiable_id` bigint(20) UNSIGNED NOT NULL,
  `data` text COLLATE utf8mb4_unicode_ci NOT NULL,
  `read_at` timestamp NULL DEFAULT NULL,
  `created_at` timestamp NULL DEFAULT NULL,
  `updated_at` timestamp NULL DEFAULT NULL
) ENGINE=InnoDB DEFAULT CHARSET=utf8mb4 COLLATE=utf8mb4_unicode_ci;

--
-- Volcado de datos para la tabla `notifications`
--

INSERT INTO `notifications` (`id`, `type`, `notifiable_type`, `notifiable_id`, `data`, `read_at`, `created_at`, `updated_at`) VALUES
('00de8b79-1436-445a-aeb5-667b9b84f0f1', 'App\\Notifications\\PrivateChannelServices', 'App\\User', 2, '{\"id\":\"00de8b79-1436-445a-aeb5-667b9b84f0f1\",\"for_admin\":0,\"notification\":{\"id\":5,\"event\":\"UpdatedServiceEvent\",\"to\":\"vendor\",\"name\":\"Boltravels\",\"avatar\":\"https:\\/\\/www.saltywhiteplanetravel.com\\/images\\/avatar.png\",\"link\":\"https:\\/\\/www.saltywhiteplanetravel.com\\/user\\/tour?id=5\",\"type\":\"tour\",\"message\":\"Southwest States (Ex Los Angeles)  has been deleted by Boltravels\"}}', NULL, '2022-07-27 03:20:59', '2022-07-27 03:20:59'),
('123a50dc-9b03-4389-a0ef-609b5285a10c', 'App\\Notifications\\PrivateChannelServices', 'App\\User', 2, '{\"id\":\"123a50dc-9b03-4389-a0ef-609b5285a10c\",\"for_admin\":0,\"notification\":{\"id\":11,\"event\":\"UpdatedServiceEvent\",\"to\":\"vendor\",\"name\":\"Boltravels\",\"avatar\":\"https:\\/\\/www.saltywhiteplanetravel.com\\/images\\/avatar.png\",\"link\":\"https:\\/\\/www.saltywhiteplanetravel.com\\/user\\/tour?id=11\",\"type\":\"tour\",\"message\":\"Trip of New York \\u2013 Discover America has been deleted by Boltravels\"}}', NULL, '2022-07-27 03:20:59', '2022-07-27 03:20:59'),
('128e59a9-f122-4d2e-b633-7211f09afaab', 'App\\Notifications\\AdminChannelServices', 'App\\User', 4, '{\"id\":\"128e59a9-f122-4d2e-b633-7211f09afaab\",\"for_admin\":1,\"notification\":{\"id\":16,\"event\":\"UpdatedServiceEvent\",\"to\":\"admin\",\"name\":\"Boltravels\",\"avatar\":\"https:\\/\\/www.saltywhiteplanetravel.com\\/images\\/avatar.png\",\"link\":\"https:\\/\\/www.saltywhiteplanetravel.com\\/admin\\/module\\/tour?id=16\",\"type\":\"tour\",\"message\":\"River Cruise Tour on the Seine has been deleted by Boltravels\"}}', '2022-07-28 23:16:30', '2022-07-27 03:20:59', '2022-07-28 23:16:30'),
('129d472e-2dd9-475d-8c66-54983dd1f89d', 'App\\Notifications\\PrivateChannelServices', 'App\\User', 2, '{\"id\":\"129d472e-2dd9-475d-8c66-54983dd1f89d\",\"for_admin\":0,\"notification\":{\"id\":9,\"event\":\"UpdatedServiceEvent\",\"to\":\"vendor\",\"name\":\"Boltravels\",\"avatar\":\"https:\\/\\/www.saltywhiteplanetravel.com\\/images\\/avatar.png\",\"link\":\"https:\\/\\/www.saltywhiteplanetravel.com\\/user\\/tour?id=9\",\"type\":\"tour\",\"message\":\"Tastes and Sounds of the South 2019 has been deleted by Boltravels\"}}', NULL, '2022-07-27 03:20:59', '2022-07-27 03:20:59'),
('14346773-0b5b-4e90-97a9-30a280445b3e', 'App\\Notifications\\AdminChannelServices', 'App\\User', 4, '{\"id\":\"14346773-0b5b-4e90-97a9-30a280445b3e\",\"for_admin\":1,\"notification\":{\"id\":15,\"event\":\"UpdatedServiceEvent\",\"to\":\"admin\",\"name\":\"Boltravels\",\"avatar\":\"https:\\/\\/www.saltywhiteplanetravel.com\\/images\\/avatar.png\",\"link\":\"https:\\/\\/www.saltywhiteplanetravel.com\\/admin\\/module\\/tour?id=15\",\"type\":\"tour\",\"message\":\"Cannes and Antibes Night Tour has been deleted by Boltravels\"}}', '2022-07-28 23:16:30', '2022-07-27 03:20:59', '2022-07-28 23:16:30'),
('2642beaa-ad7b-42d7-996a-df36be67ceb3', 'App\\Notifications\\AdminChannelServices', 'App\\User', 4, '{\"id\":\"2642beaa-ad7b-42d7-996a-df36be67ceb3\",\"for_admin\":1,\"notification\":{\"id\":7,\"event\":\"UpdatedServiceEvent\",\"to\":\"admin\",\"name\":\"Boltravels\",\"avatar\":\"https:\\/\\/www.saltywhiteplanetravel.com\\/images\\/avatar.png\",\"link\":\"https:\\/\\/www.saltywhiteplanetravel.com\\/admin\\/module\\/tour?id=7\",\"type\":\"tour\",\"message\":\"Eastern Discovery has been deleted by Boltravels\"}}', '2022-07-28 23:16:30', '2022-07-27 03:20:59', '2022-07-28 23:16:30'),
('29ec0bca-05c6-4d7f-abb1-2d52f71da9ed', 'App\\Notifications\\AdminChannelServices', 'App\\User', 4, '{\"id\":\"29ec0bca-05c6-4d7f-abb1-2d52f71da9ed\",\"for_admin\":1,\"notification\":{\"id\":9,\"event\":\"UpdatedServiceEvent\",\"to\":\"admin\",\"name\":\"Boltravels\",\"avatar\":\"https:\\/\\/www.saltywhiteplanetravel.com\\/images\\/avatar.png\",\"link\":\"https:\\/\\/www.saltywhiteplanetravel.com\\/admin\\/module\\/tour?id=9\",\"type\":\"tour\",\"message\":\"Tastes and Sounds of the South 2019 has been deleted by Boltravels\"}}', '2022-07-28 23:16:30', '2022-07-27 03:20:59', '2022-07-28 23:16:30'),
('300d173a-201d-47c9-b171-2c6e2fbef68b', 'App\\Notifications\\PrivateChannelServices', 'App\\User', 1, '{\"id\":\"300d173a-201d-47c9-b171-2c6e2fbef68b\",\"for_admin\":0,\"notification\":{\"id\":14,\"event\":\"UpdatedServiceEvent\",\"to\":\"vendor\",\"name\":\"Boltravels\",\"avatar\":\"https:\\/\\/www.saltywhiteplanetravel.com\\/images\\/avatar.png\",\"link\":\"https:\\/\\/www.saltywhiteplanetravel.com\\/user\\/tour?id=14\",\"type\":\"tour\",\"message\":\"San Francisco Express Never Ceases has been deleted by Boltravels\"}}', '2022-07-28 23:16:30', '2022-07-27 03:20:59', '2022-07-28 23:16:30'),
('352d7d89-32b2-48c4-9e9d-1a8d0c77e903', 'App\\Notifications\\PrivateChannelServices', 'App\\User', 4, '{\"id\":\"352d7d89-32b2-48c4-9e9d-1a8d0c77e903\",\"for_admin\":0,\"notification\":{\"id\":6,\"event\":\"UpdatedServiceEvent\",\"to\":\"vendor\",\"name\":\"System Admin\",\"avatar\":\"https:\\/\\/www.saltywhiteplanetravel.com\\/images\\/avatar.png\",\"link\":\"https:\\/\\/www.saltywhiteplanetravel.com\\/user\\/tour?id=6\",\"type\":\"tour\",\"message\":\"Cementerio de Trenes was updated to Publish by System Admin\"}}', NULL, '2022-07-29 03:41:32', '2022-07-29 03:41:32'),
('37d2bfec-7233-473c-86ec-c99ffcd7a638', 'App\\Notifications\\AdminChannelServices', 'App\\User', 4, '{\"id\":\"37d2bfec-7233-473c-86ec-c99ffcd7a638\",\"for_admin\":1,\"notification\":{\"id\":12,\"event\":\"UpdatedServiceEvent\",\"to\":\"admin\",\"name\":\"Boltravels\",\"avatar\":\"https:\\/\\/www.saltywhiteplanetravel.com\\/images\\/avatar.png\",\"link\":\"https:\\/\\/www.saltywhiteplanetravel.com\\/admin\\/module\\/tour?id=12\",\"type\":\"tour\",\"message\":\"Segway Tour of Washington, D.C. Highlights has been deleted by Boltravels\"}}', '2022-07-28 23:16:30', '2022-07-27 03:20:59', '2022-07-28 23:16:30'),
('3c0924ea-12f8-4185-af3f-c0e270f8e09e', 'App\\Notifications\\AdminChannelServices', 'App\\User', 4, '{\"id\":\"3c0924ea-12f8-4185-af3f-c0e270f8e09e\",\"for_admin\":1,\"notification\":{\"id\":1,\"event\":\"UpdatedServiceEvent\",\"to\":\"admin\",\"name\":\"Boltravels\",\"avatar\":\"https:\\/\\/www.saltywhiteplanetravel.com\\/images\\/avatar.png\",\"link\":\"https:\\/\\/www.saltywhiteplanetravel.com\\/admin\\/module\\/tour?id=1\",\"type\":\"tour\",\"message\":\"SALAR - LAGUNAS - VOLCAN THUNUPA was updated to Publish by Boltravels\"}}', '2022-07-28 23:16:30', '2022-07-27 03:34:54', '2022-07-28 23:16:30'),
('3df662a5-b3cb-4509-a6a2-6f8c72b09121', 'App\\Notifications\\PrivateChannelServices', 'App\\User', 2, '{\"id\":\"3df662a5-b3cb-4509-a6a2-6f8c72b09121\",\"for_admin\":0,\"notification\":{\"id\":10,\"event\":\"UpdatedServiceEvent\",\"to\":\"vendor\",\"name\":\"Boltravels\",\"avatar\":\"https:\\/\\/www.saltywhiteplanetravel.com\\/images\\/avatar.png\",\"link\":\"https:\\/\\/www.saltywhiteplanetravel.com\\/user\\/tour?id=10\",\"type\":\"tour\",\"message\":\"Giverny and Versailles Small Group Day Trip has been deleted by Boltravels\"}}', NULL, '2022-07-27 03:20:59', '2022-07-27 03:20:59'),
('45298b96-c525-4348-857d-9297ddfc5535', 'App\\Notifications\\PrivateChannelServices', 'App\\User', 2, '{\"id\":\"45298b96-c525-4348-857d-9297ddfc5535\",\"for_admin\":0,\"notification\":{\"id\":13,\"event\":\"UpdatedServiceEvent\",\"to\":\"vendor\",\"name\":\"Boltravels\",\"avatar\":\"https:\\/\\/www.saltywhiteplanetravel.com\\/images\\/avatar.png\",\"link\":\"https:\\/\\/www.saltywhiteplanetravel.com\\/user\\/tour?id=13\",\"type\":\"tour\",\"message\":\"Hollywood Sign Small Group Tour in Luxury Van has been deleted by Boltravels\"}}', NULL, '2022-07-27 03:20:59', '2022-07-27 03:20:59'),
('4dd9391d-f09d-4f7d-94ee-b4e362036a3f', 'App\\Notifications\\AdminChannelServices', 'App\\User', 1, '{\"id\":\"4dd9391d-f09d-4f7d-94ee-b4e362036a3f\",\"for_admin\":1,\"notification\":{\"id\":6,\"event\":\"UpdatedServiceEvent\",\"to\":\"admin\",\"name\":\"System Admin\",\"avatar\":\"https:\\/\\/www.saltywhiteplanetravel.com\\/images\\/avatar.png\",\"link\":\"https:\\/\\/www.saltywhiteplanetravel.com\\/admin\\/module\\/tour?id=6\",\"type\":\"tour\",\"message\":\"Cementerio de Trenes was updated to Publish by System Admin\"}}', NULL, '2022-07-29 03:41:32', '2022-07-29 03:41:32'),
('4eaddbd7-14e0-41a7-b8c9-9e242ed296ca', 'App\\Notifications\\PrivateChannelServices', 'App\\User', 1, '{\"id\":\"4eaddbd7-14e0-41a7-b8c9-9e242ed296ca\",\"for_admin\":0,\"notification\":{\"id\":1,\"event\":\"UpdatedServiceEvent\",\"to\":\"vendor\",\"name\":\"Boltravels\",\"avatar\":\"https:\\/\\/www.saltywhiteplanetravel.com\\/images\\/avatar.png\",\"link\":\"https:\\/\\/www.saltywhiteplanetravel.com\\/user\\/tour?id=1\",\"type\":\"tour\",\"message\":\"SALAR - LAGUNAS - VOLCAN THUNUPA was updated to Publish by Boltravels\"}}', '2022-07-28 23:16:30', '2022-07-27 04:15:48', '2022-07-28 23:16:30'),
('4f96389d-cda0-4644-8c12-a8a34578118a', 'App\\Notifications\\PrivateChannelServices', 'App\\User', 1, '{\"id\":\"4f96389d-cda0-4644-8c12-a8a34578118a\",\"for_admin\":0,\"notification\":{\"id\":4,\"event\":\"UpdatedServiceEvent\",\"to\":\"vendor\",\"name\":\"Boltravels\",\"avatar\":\"https:\\/\\/www.saltywhiteplanetravel.com\\/images\\/avatar.png\",\"link\":\"https:\\/\\/www.saltywhiteplanetravel.com\\/user\\/tour?id=4\",\"type\":\"tour\",\"message\":\"Paris Vacation Travel  has been deleted by Boltravels\"}}', '2022-07-28 23:16:30', '2022-07-27 03:20:59', '2022-07-28 23:16:30'),
('595a52d2-4a15-4110-b094-dddd576856d5', 'App\\Notifications\\AdminChannelServices', 'App\\User', 4, '{\"id\":\"595a52d2-4a15-4110-b094-dddd576856d5\",\"for_admin\":1,\"notification\":{\"id\":1,\"event\":\"UpdatedServiceEvent\",\"to\":\"admin\",\"name\":\"Boltravels\",\"avatar\":\"https:\\/\\/www.saltywhiteplanetravel.com\\/images\\/avatar.png\",\"link\":\"https:\\/\\/www.saltywhiteplanetravel.com\\/admin\\/module\\/tour?id=1\",\"type\":\"tour\",\"message\":\"SALAR - LAGUNAS - VOLCAN THUNUPA was updated to Publish by Boltravels\"}}', '2022-07-28 23:16:30', '2022-07-27 04:15:48', '2022-07-28 23:16:30'),
('5f17f5fc-31eb-4804-bd90-b5c667cc8d73', 'App\\Notifications\\AdminChannelServices', 'App\\User', 4, '{\"id\":\"5f17f5fc-31eb-4804-bd90-b5c667cc8d73\",\"for_admin\":1,\"notification\":{\"id\":5,\"event\":\"UpdatedServiceEvent\",\"to\":\"admin\",\"name\":\"Boltravels\",\"avatar\":\"https:\\/\\/www.saltywhiteplanetravel.com\\/images\\/avatar.png\",\"link\":\"https:\\/\\/www.saltywhiteplanetravel.com\\/admin\\/module\\/tour?id=5\",\"type\":\"tour\",\"message\":\"Southwest States (Ex Los Angeles)  has been deleted by Boltravels\"}}', '2022-07-28 23:16:30', '2022-07-27 03:20:59', '2022-07-28 23:16:30'),
('6f33a9ef-1158-4c2e-82dd-621b93196f85', 'App\\Notifications\\PrivateChannelServices', 'App\\User', 2, '{\"id\":\"6f33a9ef-1158-4c2e-82dd-621b93196f85\",\"for_admin\":0,\"notification\":{\"id\":8,\"event\":\"UpdatedServiceEvent\",\"to\":\"vendor\",\"name\":\"Boltravels\",\"avatar\":\"https:\\/\\/www.saltywhiteplanetravel.com\\/images\\/avatar.png\",\"link\":\"https:\\/\\/www.saltywhiteplanetravel.com\\/user\\/tour?id=8\",\"type\":\"tour\",\"message\":\"Pure Luxe in Punta Mita has been deleted by Boltravels\"}}', NULL, '2022-07-27 03:20:59', '2022-07-27 03:20:59'),
('70301919-3a2d-414c-aa30-b9eb6c885e9d', 'App\\Notifications\\PrivateChannelServices', 'App\\User', 1, '{\"id\":\"70301919-3a2d-414c-aa30-b9eb6c885e9d\",\"for_admin\":0,\"notification\":{\"id\":2,\"event\":\"UpdatedServiceEvent\",\"to\":\"vendor\",\"name\":\"Boltravels\",\"avatar\":\"https:\\/\\/www.saltywhiteplanetravel.com\\/images\\/avatar.png\",\"link\":\"https:\\/\\/www.saltywhiteplanetravel.com\\/user\\/tour?id=2\",\"type\":\"tour\",\"message\":\"New York: Museum of Modern Art has been deleted by Boltravels\"}}', '2022-07-28 23:16:30', '2022-07-27 03:20:59', '2022-07-28 23:16:30'),
('7997b072-e909-4325-b808-77a5a01be8a0', 'App\\Notifications\\AdminChannelServices', 'App\\User', 4, '{\"id\":\"7997b072-e909-4325-b808-77a5a01be8a0\",\"for_admin\":1,\"notification\":{\"id\":1,\"event\":\"UpdatedServiceEvent\",\"to\":\"admin\",\"name\":\"Boltravels\",\"avatar\":\"https:\\/\\/www.saltywhiteplanetravel.com\\/images\\/avatar.png\",\"link\":\"https:\\/\\/www.saltywhiteplanetravel.com\\/admin\\/module\\/tour?id=1\",\"type\":\"tour\",\"message\":\"SALAR - LAGUNAS - VOLCAN THUNUPA was updated to Publish by Boltravels\"}}', '2022-07-28 23:16:30', '2022-07-27 03:39:52', '2022-07-28 23:16:30'),
('7a35914f-977b-43f9-af76-f7bc7d6c9d15', 'App\\Notifications\\AdminChannelServices', 'App\\User', 4, '{\"id\":\"7a35914f-977b-43f9-af76-f7bc7d6c9d15\",\"for_admin\":1,\"notification\":{\"id\":1,\"event\":\"UpdatedServiceEvent\",\"to\":\"admin\",\"name\":\"Boltravels\",\"avatar\":\"https:\\/\\/www.saltywhiteplanetravel.com\\/images\\/avatar.png\",\"link\":\"https:\\/\\/www.saltywhiteplanetravel.com\\/admin\\/module\\/tour?id=1\",\"type\":\"tour\",\"message\":\"SALAR - LAGUNAS - VOLCAN THUNUPA was updated to Publish by Boltravels\"}}', '2022-07-28 23:16:30', '2022-07-27 03:41:09', '2022-07-28 23:16:30'),
('7ba59d52-e604-4b4f-a6de-2d63e4606970', 'App\\Notifications\\AdminChannelServices', 'App\\User', 4, '{\"id\":\"7ba59d52-e604-4b4f-a6de-2d63e4606970\",\"for_admin\":1,\"notification\":{\"id\":13,\"event\":\"UpdatedServiceEvent\",\"to\":\"admin\",\"name\":\"Boltravels\",\"avatar\":\"https:\\/\\/www.saltywhiteplanetravel.com\\/images\\/avatar.png\",\"link\":\"https:\\/\\/www.saltywhiteplanetravel.com\\/admin\\/module\\/tour?id=13\",\"type\":\"tour\",\"message\":\"Hollywood Sign Small Group Tour in Luxury Van has been deleted by Boltravels\"}}', '2022-07-28 23:16:30', '2022-07-27 03:20:59', '2022-07-28 23:16:30'),
('82c5f8e7-1067-4acf-8c27-8376f719c811', 'App\\Notifications\\AdminChannelServices', 'App\\User', 4, '{\"id\":\"82c5f8e7-1067-4acf-8c27-8376f719c811\",\"for_admin\":1,\"notification\":{\"id\":10,\"event\":\"UpdatedServiceEvent\",\"to\":\"admin\",\"name\":\"Boltravels\",\"avatar\":\"https:\\/\\/www.saltywhiteplanetravel.com\\/images\\/avatar.png\",\"link\":\"https:\\/\\/www.saltywhiteplanetravel.com\\/admin\\/module\\/tour?id=10\",\"type\":\"tour\",\"message\":\"Giverny and Versailles Small Group Day Trip has been deleted by Boltravels\"}}', '2022-07-28 23:16:30', '2022-07-27 03:20:59', '2022-07-28 23:16:30'),
('83dbdb06-abc9-4753-8847-ec51c85c718d', 'App\\Notifications\\PrivateChannelServices', 'App\\User', 1, '{\"id\":\"83dbdb06-abc9-4753-8847-ec51c85c718d\",\"for_admin\":0,\"notification\":{\"id\":1,\"event\":\"UpdatedServiceEvent\",\"to\":\"vendor\",\"name\":\"Boltravels\",\"avatar\":\"https:\\/\\/www.saltywhiteplanetravel.com\\/images\\/avatar.png\",\"link\":\"https:\\/\\/www.saltywhiteplanetravel.com\\/user\\/tour?id=1\",\"type\":\"tour\",\"message\":\"SALAR - LAGUNAS - VOLCAN THUNUPA was updated to Publish by Boltravels\"}}', '2022-07-28 23:16:30', '2022-07-27 03:39:52', '2022-07-28 23:16:30'),
('871c7df7-2297-4d5b-b04b-fefab2e92739', 'App\\Notifications\\PrivateChannelServices', 'App\\User', 2, '{\"id\":\"871c7df7-2297-4d5b-b04b-fefab2e92739\",\"for_admin\":0,\"notification\":{\"id\":15,\"event\":\"UpdatedServiceEvent\",\"to\":\"vendor\",\"name\":\"Boltravels\",\"avatar\":\"https:\\/\\/www.saltywhiteplanetravel.com\\/images\\/avatar.png\",\"link\":\"https:\\/\\/www.saltywhiteplanetravel.com\\/user\\/tour?id=15\",\"type\":\"tour\",\"message\":\"Cannes and Antibes Night Tour has been deleted by Boltravels\"}}', NULL, '2022-07-27 03:20:59', '2022-07-27 03:20:59'),
('8d66b6ab-baae-46ab-a6e8-0ffaf64b53b5', 'App\\Notifications\\PrivateChannelServices', 'App\\User', 1, '{\"id\":\"8d66b6ab-baae-46ab-a6e8-0ffaf64b53b5\",\"for_admin\":0,\"notification\":{\"id\":1,\"event\":\"UpdatedServiceEvent\",\"to\":\"vendor\",\"name\":\"Boltravels\",\"avatar\":\"https:\\/\\/www.saltywhiteplanetravel.com\\/images\\/avatar.png\",\"link\":\"https:\\/\\/www.saltywhiteplanetravel.com\\/user\\/tour?id=1\",\"type\":\"tour\",\"message\":\"SALAR - LAGUNAS - VOLCAN THUNUPA was updated to Publish by Boltravels\"}}', '2022-07-28 23:16:30', '2022-07-27 03:34:54', '2022-07-28 23:16:30'),
('8eefe1dc-c072-44a5-a35d-4e04fe32e468', 'App\\Notifications\\AdminChannelServices', 'App\\User', 4, '{\"id\":\"8eefe1dc-c072-44a5-a35d-4e04fe32e468\",\"for_admin\":1,\"notification\":{\"id\":6,\"event\":\"UpdatedServiceEvent\",\"to\":\"admin\",\"name\":\"Boltravels\",\"avatar\":\"https:\\/\\/www.saltywhiteplanetravel.com\\/images\\/avatar.png\",\"link\":\"https:\\/\\/www.saltywhiteplanetravel.com\\/admin\\/module\\/tour?id=6\",\"type\":\"tour\",\"message\":\"ade was updated to Publish by Boltravels\"}}', '2022-07-28 23:16:30', '2022-07-27 03:08:04', '2022-07-28 23:16:30'),
('90682a25-2235-4bc6-b0a4-e4c470fc2f91', 'App\\Notifications\\PrivateChannelServices', 'App\\User', 2, '{\"id\":\"90682a25-2235-4bc6-b0a4-e4c470fc2f91\",\"for_admin\":0,\"notification\":{\"id\":6,\"event\":\"UpdatedServiceEvent\",\"to\":\"vendor\",\"name\":\"System Admin\",\"avatar\":\"https:\\/\\/www.saltywhiteplanetravel.com\\/images\\/avatar.png\",\"link\":\"https:\\/\\/www.saltywhiteplanetravel.com\\/user\\/tour?id=6\",\"type\":\"tour\",\"message\":\"Cementerio de Trenes was updated to Publish by System Admin\"}}', NULL, '2022-07-29 03:41:23', '2022-07-29 03:41:23'),
('a06b399c-25bb-42b1-b462-354c00958d31', 'App\\Notifications\\AdminChannelServices', 'App\\User', 4, '{\"id\":\"a06b399c-25bb-42b1-b462-354c00958d31\",\"for_admin\":1,\"notification\":{\"id\":3,\"event\":\"UpdatedServiceEvent\",\"to\":\"admin\",\"name\":\"Boltravels\",\"avatar\":\"https:\\/\\/www.saltywhiteplanetravel.com\\/images\\/avatar.png\",\"link\":\"https:\\/\\/www.saltywhiteplanetravel.com\\/admin\\/module\\/tour?id=3\",\"type\":\"tour\",\"message\":\"Los Angeles to San Francisco Express  has been deleted by Boltravels\"}}', '2022-07-28 23:16:30', '2022-07-27 03:20:59', '2022-07-28 23:16:30'),
('a46fb585-74ad-4277-82d3-c07fd2087920', 'App\\Notifications\\PrivateChannelServices', 'App\\User', 1, '{\"id\":\"a46fb585-74ad-4277-82d3-c07fd2087920\",\"for_admin\":0,\"notification\":{\"id\":16,\"event\":\"UpdatedServiceEvent\",\"to\":\"vendor\",\"name\":\"Boltravels\",\"avatar\":\"https:\\/\\/www.saltywhiteplanetravel.com\\/images\\/avatar.png\",\"link\":\"https:\\/\\/www.saltywhiteplanetravel.com\\/user\\/tour?id=16\",\"type\":\"tour\",\"message\":\"River Cruise Tour on the Seine has been deleted by Boltravels\"}}', '2022-07-28 23:16:30', '2022-07-27 03:20:59', '2022-07-28 23:16:30'),
('b5987a37-9375-42f6-a4b6-25e38a2a235a', 'App\\Notifications\\AdminChannelServices', 'App\\User', 4, '{\"id\":\"b5987a37-9375-42f6-a4b6-25e38a2a235a\",\"for_admin\":1,\"notification\":{\"id\":4,\"event\":\"UpdatedServiceEvent\",\"to\":\"admin\",\"name\":\"Boltravels\",\"avatar\":\"https:\\/\\/www.saltywhiteplanetravel.com\\/images\\/avatar.png\",\"link\":\"https:\\/\\/www.saltywhiteplanetravel.com\\/admin\\/module\\/tour?id=4\",\"type\":\"tour\",\"message\":\"Paris Vacation Travel  has been deleted by Boltravels\"}}', '2022-07-28 23:16:30', '2022-07-27 03:20:59', '2022-07-28 23:16:30'),
('b5bcfe11-6d2f-4187-ae35-8e7e1cc9137d', 'App\\Notifications\\AdminChannelServices', 'App\\User', 4, '{\"id\":\"b5bcfe11-6d2f-4187-ae35-8e7e1cc9137d\",\"for_admin\":1,\"notification\":{\"id\":1,\"event\":\"UpdatedServiceEvent\",\"to\":\"admin\",\"name\":\"Boltravels\",\"avatar\":\"https:\\/\\/www.saltywhiteplanetravel.com\\/images\\/avatar.png\",\"link\":\"https:\\/\\/www.saltywhiteplanetravel.com\\/admin\\/module\\/tour?id=1\",\"type\":\"tour\",\"message\":\"SALAR - LAGUNAS - VOLCAN THUNUPA was updated to Publish by Boltravels\"}}', '2022-07-28 23:16:30', '2022-07-27 03:20:42', '2022-07-28 23:16:30'),
('be55fe67-2711-42bc-8986-6f70bd3d761e', 'App\\Notifications\\PrivateChannelServices', 'App\\User', 2, '{\"id\":\"be55fe67-2711-42bc-8986-6f70bd3d761e\",\"for_admin\":0,\"notification\":{\"id\":6,\"event\":\"UpdatedServiceEvent\",\"to\":\"vendor\",\"name\":\"Boltravels\",\"avatar\":\"https:\\/\\/www.saltywhiteplanetravel.com\\/images\\/avatar.png\",\"link\":\"https:\\/\\/www.saltywhiteplanetravel.com\\/user\\/tour?id=6\",\"type\":\"tour\",\"message\":\"ade was updated to Publish by Boltravels\"}}', NULL, '2022-07-27 03:08:04', '2022-07-27 03:08:04'),
('c44714f0-f0c0-4b67-b686-dba0170543a4', 'App\\Notifications\\AdminChannelServices', 'App\\User', 4, '{\"id\":\"c44714f0-f0c0-4b67-b686-dba0170543a4\",\"for_admin\":1,\"notification\":{\"id\":2,\"event\":\"UpdatedServiceEvent\",\"to\":\"admin\",\"name\":\"Boltravels\",\"avatar\":\"https:\\/\\/www.saltywhiteplanetravel.com\\/images\\/avatar.png\",\"link\":\"https:\\/\\/www.saltywhiteplanetravel.com\\/admin\\/module\\/tour?id=2\",\"type\":\"tour\",\"message\":\"New York: Museum of Modern Art has been deleted by Boltravels\"}}', '2022-07-28 23:16:30', '2022-07-27 03:20:59', '2022-07-28 23:16:30'),
('c9500e7f-dc1a-4baf-b303-e593212f2be8', 'App\\Notifications\\AdminChannelServices', 'App\\User', 4, '{\"id\":\"c9500e7f-dc1a-4baf-b303-e593212f2be8\",\"for_admin\":1,\"notification\":{\"id\":8,\"event\":\"UpdatedServiceEvent\",\"to\":\"admin\",\"name\":\"Boltravels\",\"avatar\":\"https:\\/\\/www.saltywhiteplanetravel.com\\/images\\/avatar.png\",\"link\":\"https:\\/\\/www.saltywhiteplanetravel.com\\/admin\\/module\\/tour?id=8\",\"type\":\"tour\",\"message\":\"Pure Luxe in Punta Mita has been deleted by Boltravels\"}}', '2022-07-28 23:16:30', '2022-07-27 03:20:59', '2022-07-28 23:16:30'),
('d15eb035-e675-40c9-9afd-7f3a4e8be015', 'App\\Notifications\\AdminChannelServices', 'App\\User', 4, '{\"id\":\"d15eb035-e675-40c9-9afd-7f3a4e8be015\",\"for_admin\":1,\"notification\":{\"id\":11,\"event\":\"UpdatedServiceEvent\",\"to\":\"admin\",\"name\":\"Boltravels\",\"avatar\":\"https:\\/\\/www.saltywhiteplanetravel.com\\/images\\/avatar.png\",\"link\":\"https:\\/\\/www.saltywhiteplanetravel.com\\/admin\\/module\\/tour?id=11\",\"type\":\"tour\",\"message\":\"Trip of New York \\u2013 Discover America has been deleted by Boltravels\"}}', '2022-07-28 23:16:30', '2022-07-27 03:20:59', '2022-07-28 23:16:30'),
('d1bf6877-4546-47ae-9d31-b4e7d2707cdf', 'App\\Notifications\\PrivateChannelServices', 'App\\User', 2, '{\"id\":\"d1bf6877-4546-47ae-9d31-b4e7d2707cdf\",\"for_admin\":0,\"notification\":{\"id\":7,\"event\":\"UpdatedServiceEvent\",\"to\":\"vendor\",\"name\":\"Boltravels\",\"avatar\":\"https:\\/\\/www.saltywhiteplanetravel.com\\/images\\/avatar.png\",\"link\":\"https:\\/\\/www.saltywhiteplanetravel.com\\/user\\/tour?id=7\",\"type\":\"tour\",\"message\":\"Eastern Discovery has been deleted by Boltravels\"}}', NULL, '2022-07-27 03:20:59', '2022-07-27 03:20:59'),
('d3ee1be4-9319-4c66-8448-002ec5e9adcc', 'App\\Notifications\\AdminChannelServices', 'App\\User', 4, '{\"id\":\"d3ee1be4-9319-4c66-8448-002ec5e9adcc\",\"for_admin\":1,\"notification\":{\"id\":1,\"event\":\"UpdatedServiceEvent\",\"to\":\"admin\",\"name\":\"Boltravels\",\"avatar\":\"https:\\/\\/www.saltywhiteplanetravel.com\\/images\\/avatar.png\",\"link\":\"https:\\/\\/www.saltywhiteplanetravel.com\\/admin\\/module\\/tour?id=1\",\"type\":\"tour\",\"message\":\"SALAR - LAGUNAS - VOLCAN THUNUPA was updated to Publish by Boltravels\"}}', '2022-07-28 23:16:30', '2022-07-27 03:40:29', '2022-07-28 23:16:30'),
('db1d5c16-0485-4e3d-8469-6ad0d1002c3c', 'App\\Notifications\\PrivateChannelServices', 'App\\User', 1, '{\"id\":\"db1d5c16-0485-4e3d-8469-6ad0d1002c3c\",\"for_admin\":0,\"notification\":{\"id\":1,\"event\":\"UpdatedServiceEvent\",\"to\":\"vendor\",\"name\":\"Boltravels\",\"avatar\":\"https:\\/\\/www.saltywhiteplanetravel.com\\/images\\/avatar.png\",\"link\":\"https:\\/\\/www.saltywhiteplanetravel.com\\/user\\/tour?id=1\",\"type\":\"tour\",\"message\":\"SALAR - LAGUNAS - VOLCAN THUNUPA was updated to Publish by Boltravels\"}}', '2022-07-28 23:16:30', '2022-07-27 03:40:29', '2022-07-28 23:16:30'),
('e186dc4a-df4a-4860-9950-cd4d45ec0859', 'App\\Notifications\\PrivateChannelServices', 'App\\User', 1, '{\"id\":\"e186dc4a-df4a-4860-9950-cd4d45ec0859\",\"for_admin\":0,\"notification\":{\"id\":1,\"event\":\"UpdatedServiceEvent\",\"to\":\"vendor\",\"name\":\"Boltravels\",\"avatar\":\"https:\\/\\/www.saltywhiteplanetravel.com\\/images\\/avatar.png\",\"link\":\"https:\\/\\/www.saltywhiteplanetravel.com\\/user\\/tour?id=1\",\"type\":\"tour\",\"message\":\"SALAR - LAGUNAS - VOLCAN THUNUPA was updated to Publish by Boltravels\"}}', '2022-07-28 23:16:30', '2022-07-27 03:20:42', '2022-07-28 23:16:30'),
('ea0bd933-33ae-494d-be95-d0420494b558', 'App\\Notifications\\AdminChannelServices', 'App\\User', 4, '{\"id\":\"ea0bd933-33ae-494d-be95-d0420494b558\",\"for_admin\":1,\"notification\":{\"id\":14,\"event\":\"UpdatedServiceEvent\",\"to\":\"admin\",\"name\":\"Boltravels\",\"avatar\":\"https:\\/\\/www.saltywhiteplanetravel.com\\/images\\/avatar.png\",\"link\":\"https:\\/\\/www.saltywhiteplanetravel.com\\/admin\\/module\\/tour?id=14\",\"type\":\"tour\",\"message\":\"San Francisco Express Never Ceases has been deleted by Boltravels\"}}', '2022-07-28 23:16:30', '2022-07-27 03:20:59', '2022-07-28 23:16:30'),
('f35c396c-11f3-43e6-8869-7c36a1fd289e', 'App\\Notifications\\PrivateChannelServices', 'App\\User', 1, '{\"id\":\"f35c396c-11f3-43e6-8869-7c36a1fd289e\",\"for_admin\":0,\"notification\":{\"id\":12,\"event\":\"UpdatedServiceEvent\",\"to\":\"vendor\",\"name\":\"Boltravels\",\"avatar\":\"https:\\/\\/www.saltywhiteplanetravel.com\\/images\\/avatar.png\",\"link\":\"https:\\/\\/www.saltywhiteplanetravel.com\\/user\\/tour?id=12\",\"type\":\"tour\",\"message\":\"Segway Tour of Washington, D.C. Highlights has been deleted by Boltravels\"}}', '2022-07-28 23:16:30', '2022-07-27 03:20:59', '2022-07-28 23:16:30'),
('f560b7a3-10a7-4c8b-825e-c3a57194b479', 'App\\Notifications\\AdminChannelServices', 'App\\User', 1, '{\"id\":\"f560b7a3-10a7-4c8b-825e-c3a57194b479\",\"for_admin\":1,\"notification\":{\"id\":6,\"event\":\"UpdatedServiceEvent\",\"to\":\"admin\",\"name\":\"System Admin\",\"avatar\":\"https:\\/\\/www.saltywhiteplanetravel.com\\/images\\/avatar.png\",\"link\":\"https:\\/\\/www.saltywhiteplanetravel.com\\/admin\\/module\\/tour?id=6\",\"type\":\"tour\",\"message\":\"Cementerio de Trenes was updated to Publish by System Admin\"}}', NULL, '2022-07-29 03:41:23', '2022-07-29 03:41:23'),
('fbb3a495-32da-4851-9ae9-7cec69effd9c', 'App\\Notifications\\PrivateChannelServices', 'App\\User', 2, '{\"id\":\"fbb3a495-32da-4851-9ae9-7cec69effd9c\",\"for_admin\":0,\"notification\":{\"id\":3,\"event\":\"UpdatedServiceEvent\",\"to\":\"vendor\",\"name\":\"Boltravels\",\"avatar\":\"https:\\/\\/www.saltywhiteplanetravel.com\\/images\\/avatar.png\",\"link\":\"https:\\/\\/www.saltywhiteplanetravel.com\\/user\\/tour?id=3\",\"type\":\"tour\",\"message\":\"Los Angeles to San Francisco Express  has been deleted by Boltravels\"}}', NULL, '2022-07-27 03:20:59', '2022-07-27 03:20:59'),
('ff3ebfa6-f1e5-47d1-b872-96ec98867afe', 'App\\Notifications\\PrivateChannelServices', 'App\\User', 1, '{\"id\":\"ff3ebfa6-f1e5-47d1-b872-96ec98867afe\",\"for_admin\":0,\"notification\":{\"id\":1,\"event\":\"UpdatedServiceEvent\",\"to\":\"vendor\",\"name\":\"Boltravels\",\"avatar\":\"https:\\/\\/www.saltywhiteplanetravel.com\\/images\\/avatar.png\",\"link\":\"https:\\/\\/www.saltywhiteplanetravel.com\\/user\\/tour?id=1\",\"type\":\"tour\",\"message\":\"SALAR - LAGUNAS - VOLCAN THUNUPA was updated to Publish by Boltravels\"}}', '2022-07-28 23:16:30', '2022-07-27 03:41:09', '2022-07-28 23:16:30');

-- --------------------------------------------------------

--
-- Estructura de tabla para la tabla `social_forums`
--

CREATE TABLE `social_forums` (
  `id` bigint(20) UNSIGNED NOT NULL,
  `name` varchar(255) COLLATE utf8mb4_unicode_ci DEFAULT NULL,
  `content` text COLLATE utf8mb4_unicode_ci DEFAULT NULL,
  `slug` varchar(255) COLLATE utf8mb4_unicode_ci DEFAULT NULL,
  `status` varchar(50) COLLATE utf8mb4_unicode_ci DEFAULT NULL,
  `icon` varchar(50) COLLATE utf8mb4_unicode_ci DEFAULT NULL,
  `icon_image` bigint(20) DEFAULT NULL,
  `create_user` int(11) DEFAULT NULL,
  `update_user` int(11) DEFAULT NULL,
  `created_at` timestamp NULL DEFAULT NULL,
  `updated_at` timestamp NULL DEFAULT NULL
) ENGINE=InnoDB DEFAULT CHARSET=utf8mb4 COLLATE=utf8mb4_unicode_ci;

--
-- Volcado de datos para la tabla `social_forums`
--

INSERT INTO `social_forums` (`id`, `name`, `content`, `slug`, `status`, `icon`, `icon_image`, `create_user`, `update_user`, `created_at`, `updated_at`) VALUES
(1, 'Solo Travel', NULL, 'solo-travel', 'publish', 'fa fa-cloud', NULL, NULL, NULL, '2022-07-24 01:33:47', '2022-07-24 01:33:47'),
(2, 'Road Trips', NULL, 'road-trips', 'publish', 'fa fa-bear', NULL, NULL, NULL, '2022-07-24 01:33:47', '2022-07-24 01:33:47'),
(3, 'Travel Gadgets and Gear', NULL, 'travel-gadgets-and-gear', 'publish', 'fa fa-gear', NULL, NULL, NULL, '2022-07-24 01:33:47', '2022-07-24 01:33:47'),
(4, 'Family Travel', NULL, 'family-travel', 'publish', 'fa fa-map-o', NULL, NULL, NULL, '2022-07-24 01:33:47', '2022-07-24 01:33:47'),
(5, 'Honeymoons and Romance', NULL, 'honeymoons-and-romance', 'publish', 'fa fa-heartbeat', NULL, NULL, NULL, '2022-07-24 01:33:47', '2022-07-24 01:33:47'),
(6, 'Outdoors', NULL, 'outdoors', 'publish', 'fa fa-paper-plane-o', NULL, NULL, NULL, '2022-07-24 01:33:47', '2022-07-24 01:33:47'),
(7, 'Traveling with Pets', NULL, 'traveling-with-pets', 'publish', 'fa fa-paw', NULL, NULL, NULL, '2022-07-24 01:33:47', '2022-07-24 01:33:47');

-- --------------------------------------------------------

--
-- Estructura de tabla para la tabla `social_groups`
--

CREATE TABLE `social_groups` (
  `id` bigint(20) UNSIGNED NOT NULL,
  `name` varchar(255) COLLATE utf8mb4_unicode_ci DEFAULT NULL,
  `content` text COLLATE utf8mb4_unicode_ci DEFAULT NULL,
  `slug` varchar(255) COLLATE utf8mb4_unicode_ci DEFAULT NULL,
  `status` varchar(50) COLLATE utf8mb4_unicode_ci DEFAULT NULL,
  `icon` varchar(50) COLLATE utf8mb4_unicode_ci DEFAULT NULL,
  `icon_image` bigint(20) DEFAULT NULL,
  `banner_image` bigint(20) DEFAULT NULL,
  `type` varchar(50) COLLATE utf8mb4_unicode_ci DEFAULT NULL,
  `owner_id` bigint(20) DEFAULT NULL,
  `category_id` bigint(20) DEFAULT NULL,
  `create_user` int(11) DEFAULT NULL,
  `update_user` int(11) DEFAULT NULL,
  `deleted_at` timestamp NULL DEFAULT NULL,
  `created_at` timestamp NULL DEFAULT NULL,
  `updated_at` timestamp NULL DEFAULT NULL
) ENGINE=InnoDB DEFAULT CHARSET=utf8mb4 COLLATE=utf8mb4_unicode_ci;

-- --------------------------------------------------------

--
-- Estructura de tabla para la tabla `social_group_user`
--

CREATE TABLE `social_group_user` (
  `id` bigint(20) UNSIGNED NOT NULL,
  `user_id` bigint(20) DEFAULT NULL,
  `group_id` bigint(20) DEFAULT NULL,
  `role` varchar(50) COLLATE utf8mb4_unicode_ci DEFAULT NULL,
  `create_user` int(11) DEFAULT NULL,
  `update_user` int(11) DEFAULT NULL,
  `created_at` timestamp NULL DEFAULT NULL,
  `updated_at` timestamp NULL DEFAULT NULL
) ENGINE=InnoDB DEFAULT CHARSET=utf8mb4 COLLATE=utf8mb4_unicode_ci;

-- --------------------------------------------------------

--
-- Estructura de tabla para la tabla `social_posts`
--

CREATE TABLE `social_posts` (
  `id` bigint(20) UNSIGNED NOT NULL,
  `content` text COLLATE utf8mb4_unicode_ci DEFAULT NULL,
  `status` varchar(50) COLLATE utf8mb4_unicode_ci DEFAULT NULL,
  `type` varchar(50) COLLATE utf8mb4_unicode_ci DEFAULT NULL,
  `forum_id` bigint(20) DEFAULT NULL,
  `group_id` bigint(20) DEFAULT NULL,
  `user_id` bigint(20) DEFAULT NULL,
  `file_id` bigint(20) DEFAULT NULL,
  `file_ids` text COLLATE utf8mb4_unicode_ci DEFAULT NULL,
  `publish_date` datetime DEFAULT NULL,
  `comment_disabled_by` bigint(20) DEFAULT NULL,
  `privary` varchar(30) COLLATE utf8mb4_unicode_ci DEFAULT NULL,
  `create_user` int(11) DEFAULT NULL,
  `update_user` int(11) DEFAULT NULL,
  `deleted_at` timestamp NULL DEFAULT NULL,
  `created_at` timestamp NULL DEFAULT NULL,
  `updated_at` timestamp NULL DEFAULT NULL,
  `privacy` varchar(30) COLLATE utf8mb4_unicode_ci DEFAULT NULL
) ENGINE=InnoDB DEFAULT CHARSET=utf8mb4 COLLATE=utf8mb4_unicode_ci;

-- --------------------------------------------------------

--
-- Estructura de tabla para la tabla `social_post_comments`
--

CREATE TABLE `social_post_comments` (
  `id` bigint(20) UNSIGNED NOT NULL,
  `post_id` bigint(20) DEFAULT NULL,
  `content` text COLLATE utf8mb4_unicode_ci DEFAULT NULL,
  `status` varchar(50) COLLATE utf8mb4_unicode_ci DEFAULT NULL,
  `type` varchar(50) COLLATE utf8mb4_unicode_ci DEFAULT NULL,
  `user_id` bigint(20) DEFAULT NULL,
  `file_id` bigint(20) DEFAULT NULL,
  `file_ids` text COLLATE utf8mb4_unicode_ci DEFAULT NULL,
  `create_user` int(11) DEFAULT NULL,
  `update_user` int(11) DEFAULT NULL,
  `created_at` timestamp NULL DEFAULT NULL,
  `updated_at` timestamp NULL DEFAULT NULL
) ENGINE=InnoDB DEFAULT CHARSET=utf8mb4 COLLATE=utf8mb4_unicode_ci;

-- --------------------------------------------------------

--
-- Estructura de tabla para la tabla `social_user_follow`
--

CREATE TABLE `social_user_follow` (
  `id` bigint(20) UNSIGNED NOT NULL,
  `from_user` bigint(20) DEFAULT NULL,
  `to_user` bigint(20) DEFAULT NULL,
  `create_user` int(11) DEFAULT NULL,
  `update_user` int(11) DEFAULT NULL,
  `created_at` timestamp NULL DEFAULT NULL,
  `updated_at` timestamp NULL DEFAULT NULL
) ENGINE=InnoDB DEFAULT CHARSET=utf8mb4 COLLATE=utf8mb4_unicode_ci;

-- --------------------------------------------------------

--
-- Estructura de tabla para la tabla `user_meta`
--

CREATE TABLE `user_meta` (
  `id` bigint(20) UNSIGNED NOT NULL,
  `user_id` int(11) DEFAULT NULL,
  `name` varchar(255) COLLATE utf8mb4_unicode_ci DEFAULT NULL,
  `val` text COLLATE utf8mb4_unicode_ci DEFAULT NULL,
  `create_user` int(11) DEFAULT NULL,
  `update_user` int(11) DEFAULT NULL,
  `deleted_at` timestamp NULL DEFAULT NULL,
  `created_at` timestamp NULL DEFAULT NULL,
  `updated_at` timestamp NULL DEFAULT NULL
) ENGINE=InnoDB DEFAULT CHARSET=utf8mb4 COLLATE=utf8mb4_unicode_ci;

-- --------------------------------------------------------

--
-- Estructura de tabla para la tabla `user_transactions`
--

CREATE TABLE `user_transactions` (
  `id` bigint(20) UNSIGNED NOT NULL,
  `payable_type` varchar(191) COLLATE utf8mb4_unicode_ci NOT NULL,
  `payable_id` bigint(20) UNSIGNED NOT NULL,
  `wallet_id` bigint(20) UNSIGNED DEFAULT NULL,
  `type` enum('deposit','withdraw') COLLATE utf8mb4_unicode_ci NOT NULL,
  `amount` decimal(64,0) NOT NULL,
  `confirmed` tinyint(1) NOT NULL,
  `meta` longtext CHARACTER SET utf8mb4 COLLATE utf8mb4_bin DEFAULT NULL,
  `uuid` char(36) COLLATE utf8mb4_unicode_ci NOT NULL,
  `created_at` timestamp NULL DEFAULT NULL,
  `updated_at` timestamp NULL DEFAULT NULL,
  `create_user` int(11) DEFAULT NULL,
  `update_user` int(11) DEFAULT NULL,
  `payment_id` bigint(20) DEFAULT NULL,
  `booking_id` bigint(20) DEFAULT NULL
) ENGINE=InnoDB DEFAULT CHARSET=utf8mb4 COLLATE=utf8mb4_unicode_ci;

-- --------------------------------------------------------

--
-- Estructura de tabla para la tabla `user_transfers`
--

CREATE TABLE `user_transfers` (
  `id` bigint(20) UNSIGNED NOT NULL,
  `from_type` varchar(191) COLLATE utf8mb4_unicode_ci NOT NULL,
  `from_id` bigint(20) UNSIGNED NOT NULL,
  `to_type` varchar(191) COLLATE utf8mb4_unicode_ci NOT NULL,
  `to_id` bigint(20) UNSIGNED NOT NULL,
  `status` enum('exchange','transfer','paid','refund','gift') COLLATE utf8mb4_unicode_ci NOT NULL DEFAULT 'transfer',
  `status_last` enum('exchange','transfer','paid','refund','gift') COLLATE utf8mb4_unicode_ci DEFAULT NULL,
  `deposit_id` bigint(20) UNSIGNED NOT NULL,
  `withdraw_id` bigint(20) UNSIGNED NOT NULL,
  `discount` decimal(64,0) NOT NULL DEFAULT 0,
  `fee` decimal(64,0) NOT NULL DEFAULT 0,
  `uuid` char(36) COLLATE utf8mb4_unicode_ci NOT NULL,
  `created_at` timestamp NULL DEFAULT NULL,
  `updated_at` timestamp NULL DEFAULT NULL,
  `create_user` int(11) DEFAULT NULL,
  `update_user` int(11) DEFAULT NULL
) ENGINE=InnoDB DEFAULT CHARSET=utf8mb4 COLLATE=utf8mb4_unicode_ci;

-- --------------------------------------------------------

--
-- Estructura de tabla para la tabla `user_upgrade_request`
--

CREATE TABLE `user_upgrade_request` (
  `id` bigint(20) UNSIGNED NOT NULL,
  `user_id` int(11) DEFAULT NULL,
  `role_request` int(11) DEFAULT NULL,
  `approved_time` datetime DEFAULT NULL,
  `status` varchar(50) COLLATE utf8mb4_unicode_ci DEFAULT NULL,
  `approved_by` int(11) DEFAULT NULL,
  `create_user` int(11) DEFAULT NULL,
  `update_user` int(11) DEFAULT NULL,
  `deleted_at` timestamp NULL DEFAULT NULL,
  `created_at` timestamp NULL DEFAULT NULL,
  `updated_at` timestamp NULL DEFAULT NULL
) ENGINE=InnoDB DEFAULT CHARSET=utf8mb4 COLLATE=utf8mb4_unicode_ci;

-- --------------------------------------------------------

--
-- Estructura de tabla para la tabla `user_wallets`
--

CREATE TABLE `user_wallets` (
  `id` bigint(20) UNSIGNED NOT NULL,
  `holder_type` varchar(191) COLLATE utf8mb4_unicode_ci NOT NULL,
  `holder_id` bigint(20) UNSIGNED NOT NULL,
  `name` varchar(191) COLLATE utf8mb4_unicode_ci NOT NULL,
  `slug` varchar(191) COLLATE utf8mb4_unicode_ci NOT NULL,
  `description` varchar(191) COLLATE utf8mb4_unicode_ci DEFAULT NULL,
  `balance` decimal(64,0) NOT NULL DEFAULT 0,
  `decimal_places` smallint(6) NOT NULL DEFAULT 2,
  `created_at` timestamp NULL DEFAULT NULL,
  `updated_at` timestamp NULL DEFAULT NULL,
  `create_user` int(11) DEFAULT NULL,
  `update_user` int(11) DEFAULT NULL,
  `meta` text COLLATE utf8mb4_unicode_ci DEFAULT NULL
) ENGINE=InnoDB DEFAULT CHARSET=utf8mb4 COLLATE=utf8mb4_unicode_ci;

--
-- Volcado de datos para la tabla `user_wallets`
--

INSERT INTO `user_wallets` (`id`, `holder_type`, `holder_id`, `name`, `slug`, `description`, `balance`, `decimal_places`, `created_at`, `updated_at`, `create_user`, `update_user`, `meta`) VALUES
(1, 'App\\User', 1, 'Default Wallet', 'default', NULL, '0', 2, '2022-07-24 01:37:41', '2022-07-24 01:37:41', NULL, NULL, '[]'),
(2, 'App\\User', 3, 'Default Wallet', 'default', NULL, '0', 2, '2022-07-24 04:21:11', '2022-07-24 04:21:11', NULL, NULL, '[]'),
(3, 'App\\User', 2, 'Default Wallet', 'default', NULL, '0', 2, '2022-07-24 04:21:11', '2022-07-24 04:21:11', NULL, NULL, '[]'),
(4, 'App\\User', 4, 'Default Wallet', 'default', NULL, '0', 2, '2022-07-26 21:52:03', '2022-07-26 21:52:03', NULL, NULL, '[]');

-- --------------------------------------------------------

--
-- Estructura de tabla para la tabla `user_wishlist`
--

CREATE TABLE `user_wishlist` (
  `id` bigint(20) UNSIGNED NOT NULL,
  `object_id` int(11) DEFAULT NULL,
  `object_model` varchar(255) COLLATE utf8mb4_unicode_ci DEFAULT NULL,
  `user_id` int(11) DEFAULT NULL,
  `create_user` int(11) DEFAULT NULL,
  `update_user` int(11) DEFAULT NULL,
  `created_at` timestamp NULL DEFAULT NULL,
  `updated_at` timestamp NULL DEFAULT NULL
) ENGINE=InnoDB DEFAULT CHARSET=utf8mb4 COLLATE=utf8mb4_unicode_ci;

-- --------------------------------------------------------

--
-- Estructura de tabla para la tabla `vendors_plan_payments`
--

CREATE TABLE `vendors_plan_payments` (
  `id` bigint(20) UNSIGNED NOT NULL,
  `vendor_id` int(11) NOT NULL,
  `amount` int(11) NOT NULL,
  `payment_gateway` varchar(191) COLLATE utf8mb4_unicode_ci DEFAULT NULL,
  `free_trial` int(11) NOT NULL,
  `price_per` enum('onetime','per_time') COLLATE utf8mb4_unicode_ci NOT NULL DEFAULT 'onetime',
  `price_unit` enum('day','month','year') COLLATE utf8mb4_unicode_ci NOT NULL DEFAULT 'day',
  `status` varchar(20) COLLATE utf8mb4_unicode_ci DEFAULT NULL,
  `end_date` datetime DEFAULT NULL,
  `created_at` timestamp NULL DEFAULT NULL,
  `updated_at` timestamp NULL DEFAULT NULL
) ENGINE=InnoDB DEFAULT CHARSET=utf8mb4 COLLATE=utf8mb4_unicode_ci;

--
-- Índices para tablas volcadas
--

--
-- Indices de la tabla `booking_passengers`
--
ALTER TABLE `booking_passengers`
  ADD PRIMARY KEY (`id`);

--
-- Indices de la tabla `bravo_airline`
--
ALTER TABLE `bravo_airline`
  ADD PRIMARY KEY (`id`);

--
-- Indices de la tabla `bravo_airport`
--
ALTER TABLE `bravo_airport`
  ADD PRIMARY KEY (`id`),
  ADD UNIQUE KEY `bravo_airport_code_unique` (`code`);

--
-- Indices de la tabla `bravo_attrs`
--
ALTER TABLE `bravo_attrs`
  ADD PRIMARY KEY (`id`);

--
-- Indices de la tabla `bravo_attrs_translations`
--
ALTER TABLE `bravo_attrs_translations`
  ADD PRIMARY KEY (`id`),
  ADD UNIQUE KEY `bravo_attrs_translations_origin_id_locale_unique` (`origin_id`,`locale`);

--
-- Indices de la tabla `bravo_boats`
--
ALTER TABLE `bravo_boats`
  ADD PRIMARY KEY (`id`),
  ADD KEY `bravo_boats_slug_index` (`slug`);

--
-- Indices de la tabla `bravo_boat_dates`
--
ALTER TABLE `bravo_boat_dates`
  ADD PRIMARY KEY (`id`);

--
-- Indices de la tabla `bravo_boat_term`
--
ALTER TABLE `bravo_boat_term`
  ADD PRIMARY KEY (`id`);

--
-- Indices de la tabla `bravo_boat_translations`
--
ALTER TABLE `bravo_boat_translations`
  ADD PRIMARY KEY (`id`),
  ADD KEY `bravo_boat_translations_locale_index` (`locale`);

--
-- Indices de la tabla `bravo_bookings`
--
ALTER TABLE `bravo_bookings`
  ADD PRIMARY KEY (`id`);

--
-- Indices de la tabla `bravo_booking_coupons`
--
ALTER TABLE `bravo_booking_coupons`
  ADD PRIMARY KEY (`id`);

--
-- Indices de la tabla `bravo_booking_meta`
--
ALTER TABLE `bravo_booking_meta`
  ADD PRIMARY KEY (`id`);

--
-- Indices de la tabla `bravo_booking_payments`
--
ALTER TABLE `bravo_booking_payments`
  ADD PRIMARY KEY (`id`);

--
-- Indices de la tabla `bravo_booking_payment_meta`
--
ALTER TABLE `bravo_booking_payment_meta`
  ADD PRIMARY KEY (`id`),
  ADD KEY `bravo_booking_payment_meta_payment_id_name_index` (`payment_id`,`name`);

--
-- Indices de la tabla `bravo_booking_time_slots`
--
ALTER TABLE `bravo_booking_time_slots`
  ADD PRIMARY KEY (`id`);

--
-- Indices de la tabla `bravo_cars`
--
ALTER TABLE `bravo_cars`
  ADD PRIMARY KEY (`id`),
  ADD KEY `bravo_cars_slug_index` (`slug`);

--
-- Indices de la tabla `bravo_car_dates`
--
ALTER TABLE `bravo_car_dates`
  ADD PRIMARY KEY (`id`);

--
-- Indices de la tabla `bravo_car_term`
--
ALTER TABLE `bravo_car_term`
  ADD PRIMARY KEY (`id`);

--
-- Indices de la tabla `bravo_car_translations`
--
ALTER TABLE `bravo_car_translations`
  ADD PRIMARY KEY (`id`),
  ADD KEY `bravo_car_translations_locale_index` (`locale`);

--
-- Indices de la tabla `bravo_contact`
--
ALTER TABLE `bravo_contact`
  ADD PRIMARY KEY (`id`);

--
-- Indices de la tabla `bravo_coupons`
--
ALTER TABLE `bravo_coupons`
  ADD PRIMARY KEY (`id`),
  ADD UNIQUE KEY `bravo_coupons_code_unique` (`code`);

--
-- Indices de la tabla `bravo_coupon_services`
--
ALTER TABLE `bravo_coupon_services`
  ADD PRIMARY KEY (`id`);

--
-- Indices de la tabla `bravo_enquiries`
--
ALTER TABLE `bravo_enquiries`
  ADD PRIMARY KEY (`id`);

--
-- Indices de la tabla `bravo_events`
--
ALTER TABLE `bravo_events`
  ADD PRIMARY KEY (`id`),
  ADD KEY `bravo_events_slug_index` (`slug`);

--
-- Indices de la tabla `bravo_event_dates`
--
ALTER TABLE `bravo_event_dates`
  ADD PRIMARY KEY (`id`);

--
-- Indices de la tabla `bravo_event_term`
--
ALTER TABLE `bravo_event_term`
  ADD PRIMARY KEY (`id`);

--
-- Indices de la tabla `bravo_event_translations`
--
ALTER TABLE `bravo_event_translations`
  ADD PRIMARY KEY (`id`),
  ADD KEY `bravo_event_translations_locale_index` (`locale`);

--
-- Indices de la tabla `bravo_flight`
--
ALTER TABLE `bravo_flight`
  ADD PRIMARY KEY (`id`);

--
-- Indices de la tabla `bravo_flight_seat`
--
ALTER TABLE `bravo_flight_seat`
  ADD PRIMARY KEY (`id`);

--
-- Indices de la tabla `bravo_flight_term`
--
ALTER TABLE `bravo_flight_term`
  ADD PRIMARY KEY (`id`);

--
-- Indices de la tabla `bravo_hotels`
--
ALTER TABLE `bravo_hotels`
  ADD PRIMARY KEY (`id`),
  ADD KEY `bravo_hotels_slug_index` (`slug`);

--
-- Indices de la tabla `bravo_hotel_rooms`
--
ALTER TABLE `bravo_hotel_rooms`
  ADD PRIMARY KEY (`id`);

--
-- Indices de la tabla `bravo_hotel_room_bookings`
--
ALTER TABLE `bravo_hotel_room_bookings`
  ADD PRIMARY KEY (`id`);

--
-- Indices de la tabla `bravo_hotel_room_dates`
--
ALTER TABLE `bravo_hotel_room_dates`
  ADD PRIMARY KEY (`id`);

--
-- Indices de la tabla `bravo_hotel_room_term`
--
ALTER TABLE `bravo_hotel_room_term`
  ADD PRIMARY KEY (`id`);

--
-- Indices de la tabla `bravo_hotel_room_translations`
--
ALTER TABLE `bravo_hotel_room_translations`
  ADD PRIMARY KEY (`id`),
  ADD KEY `bravo_hotel_room_translations_locale_index` (`locale`);

--
-- Indices de la tabla `bravo_hotel_term`
--
ALTER TABLE `bravo_hotel_term`
  ADD PRIMARY KEY (`id`);

--
-- Indices de la tabla `bravo_hotel_translations`
--
ALTER TABLE `bravo_hotel_translations`
  ADD PRIMARY KEY (`id`),
  ADD KEY `bravo_hotel_translations_locale_index` (`locale`);

--
-- Indices de la tabla `bravo_locations`
--
ALTER TABLE `bravo_locations`
  ADD PRIMARY KEY (`id`),
  ADD KEY `bravo_locations__lft__rgt_parent_id_index` (`_lft`,`_rgt`,`parent_id`);

--
-- Indices de la tabla `bravo_location_translations`
--
ALTER TABLE `bravo_location_translations`
  ADD PRIMARY KEY (`id`),
  ADD UNIQUE KEY `bravo_location_translations_origin_id_locale_unique` (`origin_id`,`locale`);

--
-- Indices de la tabla `bravo_payouts`
--
ALTER TABLE `bravo_payouts`
  ADD PRIMARY KEY (`id`);

--
-- Indices de la tabla `bravo_popups`
--
ALTER TABLE `bravo_popups`
  ADD PRIMARY KEY (`id`);

--
-- Indices de la tabla `bravo_popup_translations`
--
ALTER TABLE `bravo_popup_translations`
  ADD PRIMARY KEY (`id`),
  ADD UNIQUE KEY `bravo_popup_translations_origin_id_locale_unique` (`origin_id`,`locale`),
  ADD KEY `bravo_popup_translations_locale_index` (`locale`);

--
-- Indices de la tabla `bravo_review`
--
ALTER TABLE `bravo_review`
  ADD PRIMARY KEY (`id`);

--
-- Indices de la tabla `bravo_review_meta`
--
ALTER TABLE `bravo_review_meta`
  ADD PRIMARY KEY (`id`);

--
-- Indices de la tabla `bravo_seat_type`
--
ALTER TABLE `bravo_seat_type`
  ADD PRIMARY KEY (`id`),
  ADD UNIQUE KEY `bravo_seat_type_code_unique` (`code`);

--
-- Indices de la tabla `bravo_seo`
--
ALTER TABLE `bravo_seo`
  ADD PRIMARY KEY (`id`);

--
-- Indices de la tabla `bravo_services`
--
ALTER TABLE `bravo_services`
  ADD PRIMARY KEY (`id`),
  ADD KEY `bravo_services_slug_index` (`slug`);

--
-- Indices de la tabla `bravo_service_translations`
--
ALTER TABLE `bravo_service_translations`
  ADD PRIMARY KEY (`id`),
  ADD UNIQUE KEY `bravo_service_translations_origin_id_locale_unique` (`origin_id`,`locale`);

--
-- Indices de la tabla `bravo_spaces`
--
ALTER TABLE `bravo_spaces`
  ADD PRIMARY KEY (`id`),
  ADD KEY `bravo_spaces_slug_index` (`slug`);

--
-- Indices de la tabla `bravo_space_dates`
--
ALTER TABLE `bravo_space_dates`
  ADD PRIMARY KEY (`id`);

--
-- Indices de la tabla `bravo_space_term`
--
ALTER TABLE `bravo_space_term`
  ADD PRIMARY KEY (`id`);

--
-- Indices de la tabla `bravo_space_translations`
--
ALTER TABLE `bravo_space_translations`
  ADD PRIMARY KEY (`id`),
  ADD KEY `bravo_space_translations_locale_index` (`locale`);

--
-- Indices de la tabla `bravo_terms`
--
ALTER TABLE `bravo_terms`
  ADD PRIMARY KEY (`id`);

--
-- Indices de la tabla `bravo_terms_translations`
--
ALTER TABLE `bravo_terms_translations`
  ADD PRIMARY KEY (`id`),
  ADD UNIQUE KEY `bravo_terms_translations_origin_id_locale_unique` (`origin_id`,`locale`);

--
-- Indices de la tabla `bravo_tours`
--
ALTER TABLE `bravo_tours`
  ADD PRIMARY KEY (`id`),
  ADD KEY `bravo_tours_slug_index` (`slug`);

--
-- Indices de la tabla `bravo_tour_category`
--
ALTER TABLE `bravo_tour_category`
  ADD PRIMARY KEY (`id`),
  ADD KEY `bravo_tour_category__lft__rgt_parent_id_index` (`_lft`,`_rgt`,`parent_id`);

--
-- Indices de la tabla `bravo_tour_category_translations`
--
ALTER TABLE `bravo_tour_category_translations`
  ADD PRIMARY KEY (`id`),
  ADD UNIQUE KEY `bravo_tour_category_translations_origin_id_locale_unique` (`origin_id`,`locale`);

--
-- Indices de la tabla `bravo_tour_dates`
--
ALTER TABLE `bravo_tour_dates`
  ADD PRIMARY KEY (`id`);

--
-- Indices de la tabla `bravo_tour_meta`
--
ALTER TABLE `bravo_tour_meta`
  ADD PRIMARY KEY (`id`);

--
-- Indices de la tabla `bravo_tour_term`
--
ALTER TABLE `bravo_tour_term`
  ADD PRIMARY KEY (`id`);

--
-- Indices de la tabla `bravo_tour_translations`
--
ALTER TABLE `bravo_tour_translations`
  ADD PRIMARY KEY (`id`),
  ADD UNIQUE KEY `bravo_tour_translations_origin_id_locale_unique` (`origin_id`,`locale`),
  ADD KEY `bravo_tour_translations_slug_index` (`slug`);

--
-- Indices de la tabla `ch_favorites`
--
ALTER TABLE `ch_favorites`
  ADD PRIMARY KEY (`id`);

--
-- Indices de la tabla `ch_messages`
--
ALTER TABLE `ch_messages`
  ADD PRIMARY KEY (`id`);

--
-- Indices de la tabla `core_inbox`
--
ALTER TABLE `core_inbox`
  ADD PRIMARY KEY (`id`);

--
-- Indices de la tabla `core_inbox_messages`
--
ALTER TABLE `core_inbox_messages`
  ADD PRIMARY KEY (`id`);

--
-- Indices de la tabla `core_languages`
--
ALTER TABLE `core_languages`
  ADD PRIMARY KEY (`id`);

--
-- Indices de la tabla `core_menus`
--
ALTER TABLE `core_menus`
  ADD PRIMARY KEY (`id`);

--
-- Indices de la tabla `core_menu_translations`
--
ALTER TABLE `core_menu_translations`
  ADD PRIMARY KEY (`id`),
  ADD KEY `core_menu_translations_locale_index` (`locale`);

--
-- Indices de la tabla `core_model_has_permissions`
--
ALTER TABLE `core_model_has_permissions`
  ADD PRIMARY KEY (`permission_id`,`model_id`,`model_type`),
  ADD KEY `core_model_has_permissions_model_id_model_type_index` (`model_id`,`model_type`);

--
-- Indices de la tabla `core_model_has_roles`
--
ALTER TABLE `core_model_has_roles`
  ADD PRIMARY KEY (`role_id`,`model_id`,`model_type`),
  ADD KEY `core_model_has_roles_model_id_model_type_index` (`model_id`,`model_type`);

--
-- Indices de la tabla `core_news`
--
ALTER TABLE `core_news`
  ADD PRIMARY KEY (`id`);

--
-- Indices de la tabla `core_news_category`
--
ALTER TABLE `core_news_category`
  ADD PRIMARY KEY (`id`),
  ADD KEY `core_news_category__lft__rgt_parent_id_index` (`_lft`,`_rgt`,`parent_id`);

--
-- Indices de la tabla `core_news_category_translations`
--
ALTER TABLE `core_news_category_translations`
  ADD PRIMARY KEY (`id`),
  ADD KEY `core_news_category_translations_locale_index` (`locale`);

--
-- Indices de la tabla `core_news_tag`
--
ALTER TABLE `core_news_tag`
  ADD PRIMARY KEY (`id`);

--
-- Indices de la tabla `core_news_translations`
--
ALTER TABLE `core_news_translations`
  ADD PRIMARY KEY (`id`),
  ADD KEY `core_news_translations_locale_index` (`locale`);

--
-- Indices de la tabla `core_notifications`
--
ALTER TABLE `core_notifications`
  ADD PRIMARY KEY (`id`);

--
-- Indices de la tabla `core_pages`
--
ALTER TABLE `core_pages`
  ADD PRIMARY KEY (`id`),
  ADD KEY `core_pages_slug_index` (`slug`);

--
-- Indices de la tabla `core_page_translations`
--
ALTER TABLE `core_page_translations`
  ADD PRIMARY KEY (`id`),
  ADD UNIQUE KEY `core_page_translations_origin_id_locale_unique` (`origin_id`,`locale`),
  ADD KEY `core_page_translations_locale_index` (`locale`);

--
-- Indices de la tabla `core_permissions`
--
ALTER TABLE `core_permissions`
  ADD PRIMARY KEY (`id`);

--
-- Indices de la tabla `core_roles`
--
ALTER TABLE `core_roles`
  ADD PRIMARY KEY (`id`);

--
-- Indices de la tabla `core_role_has_permissions`
--
ALTER TABLE `core_role_has_permissions`
  ADD PRIMARY KEY (`permission_id`,`role_id`),
  ADD KEY `core_role_has_permissions_role_id_foreign` (`role_id`);

--
-- Indices de la tabla `core_settings`
--
ALTER TABLE `core_settings`
  ADD PRIMARY KEY (`id`);

--
-- Indices de la tabla `core_subscribers`
--
ALTER TABLE `core_subscribers`
  ADD PRIMARY KEY (`id`);

--
-- Indices de la tabla `core_tags`
--
ALTER TABLE `core_tags`
  ADD PRIMARY KEY (`id`);

--
-- Indices de la tabla `core_tag_translations`
--
ALTER TABLE `core_tag_translations`
  ADD PRIMARY KEY (`id`),
  ADD KEY `core_tag_translations_locale_index` (`locale`);

--
-- Indices de la tabla `core_templates`
--
ALTER TABLE `core_templates`
  ADD PRIMARY KEY (`id`);

--
-- Indices de la tabla `core_template_translations`
--
ALTER TABLE `core_template_translations`
  ADD PRIMARY KEY (`id`),
  ADD KEY `core_template_translations_locale_index` (`locale`);

--
-- Indices de la tabla `core_translations`
--
ALTER TABLE `core_translations`
  ADD PRIMARY KEY (`id`);

--
-- Indices de la tabla `core_vendor_plans`
--
ALTER TABLE `core_vendor_plans`
  ADD PRIMARY KEY (`id`);

--
-- Indices de la tabla `core_vendor_plan_meta`
--
ALTER TABLE `core_vendor_plan_meta`
  ADD PRIMARY KEY (`id`);

--
-- Indices de la tabla `jobs`
--
ALTER TABLE `jobs`
  ADD PRIMARY KEY (`id`),
  ADD KEY `jobs_queue_index` (`queue`);

--
-- Indices de la tabla `location_category`
--
ALTER TABLE `location_category`
  ADD PRIMARY KEY (`id`),
  ADD KEY `location_category__lft__rgt_parent_id_index` (`_lft`,`_rgt`,`parent_id`);

--
-- Indices de la tabla `location_category_translations`
--
ALTER TABLE `location_category_translations`
  ADD PRIMARY KEY (`id`),
  ADD UNIQUE KEY `location_category_translations_origin_id_locale_unique` (`origin_id`,`locale`);

--
-- Indices de la tabla `media_files`
--
ALTER TABLE `media_files`
  ADD PRIMARY KEY (`id`);

--
-- Indices de la tabla `migrations`
--
ALTER TABLE `migrations`
  ADD PRIMARY KEY (`id`);

--
-- Indices de la tabla `notifications`
--
ALTER TABLE `notifications`
  ADD PRIMARY KEY (`id`),
  ADD KEY `notifications_notifiable_type_notifiable_id_index` (`notifiable_type`,`notifiable_id`);

--
-- Indices de la tabla `social_forums`
--
ALTER TABLE `social_forums`
  ADD PRIMARY KEY (`id`);

--
-- Indices de la tabla `social_groups`
--
ALTER TABLE `social_groups`
  ADD PRIMARY KEY (`id`);

--
-- Indices de la tabla `social_group_user`
--
ALTER TABLE `social_group_user`
  ADD PRIMARY KEY (`id`);

--
-- Indices de la tabla `social_posts`
--
ALTER TABLE `social_posts`
  ADD PRIMARY KEY (`id`);

--
-- Indices de la tabla `social_post_comments`
--
ALTER TABLE `social_post_comments`
  ADD PRIMARY KEY (`id`);

--
-- Indices de la tabla `social_user_follow`
--
ALTER TABLE `social_user_follow`
  ADD PRIMARY KEY (`id`);

--
-- Indices de la tabla `user_meta`
--
ALTER TABLE `user_meta`
  ADD PRIMARY KEY (`id`);

--
-- Indices de la tabla `user_transactions`
--
ALTER TABLE `user_transactions`
  ADD PRIMARY KEY (`id`),
  ADD UNIQUE KEY `user_transactions_uuid_unique` (`uuid`),
  ADD KEY `user_transactions_payable_type_payable_id_index` (`payable_type`,`payable_id`),
  ADD KEY `payable_type_ind` (`payable_type`,`payable_id`,`type`),
  ADD KEY `payable_confirmed_ind` (`payable_type`,`payable_id`,`confirmed`),
  ADD KEY `payable_type_confirmed_ind` (`payable_type`,`payable_id`,`type`,`confirmed`),
  ADD KEY `user_transactions_type_index` (`type`),
  ADD KEY `user_transactions_wallet_id_foreign` (`wallet_id`);

--
-- Indices de la tabla `user_transfers`
--
ALTER TABLE `user_transfers`
  ADD PRIMARY KEY (`id`),
  ADD UNIQUE KEY `user_transfers_uuid_unique` (`uuid`),
  ADD KEY `user_transfers_from_type_from_id_index` (`from_type`,`from_id`),
  ADD KEY `user_transfers_to_type_to_id_index` (`to_type`,`to_id`),
  ADD KEY `user_transfers_deposit_id_foreign` (`deposit_id`),
  ADD KEY `user_transfers_withdraw_id_foreign` (`withdraw_id`);

--
-- Indices de la tabla `user_upgrade_request`
--
ALTER TABLE `user_upgrade_request`
  ADD PRIMARY KEY (`id`);

--
-- Indices de la tabla `user_wallets`
--
ALTER TABLE `user_wallets`
  ADD PRIMARY KEY (`id`),
  ADD UNIQUE KEY `user_wallets_holder_type_holder_id_slug_unique` (`holder_type`,`holder_id`,`slug`),
  ADD KEY `user_wallets_holder_type_holder_id_index` (`holder_type`,`holder_id`),
  ADD KEY `user_wallets_slug_index` (`slug`);

--
-- Indices de la tabla `user_wishlist`
--
ALTER TABLE `user_wishlist`
  ADD PRIMARY KEY (`id`);

--
-- Indices de la tabla `vendors_plan_payments`
--
ALTER TABLE `vendors_plan_payments`
  ADD PRIMARY KEY (`id`);

--
-- AUTO_INCREMENT de las tablas volcadas
--

--
-- AUTO_INCREMENT de la tabla `booking_passengers`
--
ALTER TABLE `booking_passengers`
  MODIFY `id` bigint(20) UNSIGNED NOT NULL AUTO_INCREMENT;

--
-- AUTO_INCREMENT de la tabla `bravo_airline`
--
ALTER TABLE `bravo_airline`
  MODIFY `id` bigint(20) UNSIGNED NOT NULL AUTO_INCREMENT, AUTO_INCREMENT=21;

--
-- AUTO_INCREMENT de la tabla `bravo_airport`
--
ALTER TABLE `bravo_airport`
  MODIFY `id` bigint(20) UNSIGNED NOT NULL AUTO_INCREMENT, AUTO_INCREMENT=21;

--
-- AUTO_INCREMENT de la tabla `bravo_attrs`
--
ALTER TABLE `bravo_attrs`
  MODIFY `id` bigint(20) UNSIGNED NOT NULL AUTO_INCREMENT, AUTO_INCREMENT=16;

--
-- AUTO_INCREMENT de la tabla `bravo_attrs_translations`
--
ALTER TABLE `bravo_attrs_translations`
  MODIFY `id` bigint(20) UNSIGNED NOT NULL AUTO_INCREMENT;

--
-- AUTO_INCREMENT de la tabla `bravo_boats`
--
ALTER TABLE `bravo_boats`
  MODIFY `id` bigint(20) UNSIGNED NOT NULL AUTO_INCREMENT, AUTO_INCREMENT=14;

--
-- AUTO_INCREMENT de la tabla `bravo_boat_dates`
--
ALTER TABLE `bravo_boat_dates`
  MODIFY `id` bigint(20) UNSIGNED NOT NULL AUTO_INCREMENT;

--
-- AUTO_INCREMENT de la tabla `bravo_boat_term`
--
ALTER TABLE `bravo_boat_term`
  MODIFY `id` bigint(20) UNSIGNED NOT NULL AUTO_INCREMENT, AUTO_INCREMENT=140;

--
-- AUTO_INCREMENT de la tabla `bravo_boat_translations`
--
ALTER TABLE `bravo_boat_translations`
  MODIFY `id` bigint(20) UNSIGNED NOT NULL AUTO_INCREMENT;

--
-- AUTO_INCREMENT de la tabla `bravo_bookings`
--
ALTER TABLE `bravo_bookings`
  MODIFY `id` bigint(20) UNSIGNED NOT NULL AUTO_INCREMENT;

--
-- AUTO_INCREMENT de la tabla `bravo_booking_coupons`
--
ALTER TABLE `bravo_booking_coupons`
  MODIFY `id` bigint(20) UNSIGNED NOT NULL AUTO_INCREMENT;

--
-- AUTO_INCREMENT de la tabla `bravo_booking_meta`
--
ALTER TABLE `bravo_booking_meta`
  MODIFY `id` bigint(20) UNSIGNED NOT NULL AUTO_INCREMENT;

--
-- AUTO_INCREMENT de la tabla `bravo_booking_payments`
--
ALTER TABLE `bravo_booking_payments`
  MODIFY `id` bigint(20) UNSIGNED NOT NULL AUTO_INCREMENT;

--
-- AUTO_INCREMENT de la tabla `bravo_booking_payment_meta`
--
ALTER TABLE `bravo_booking_payment_meta`
  MODIFY `id` bigint(20) UNSIGNED NOT NULL AUTO_INCREMENT;

--
-- AUTO_INCREMENT de la tabla `bravo_booking_time_slots`
--
ALTER TABLE `bravo_booking_time_slots`
  MODIFY `id` bigint(20) UNSIGNED NOT NULL AUTO_INCREMENT;

--
-- AUTO_INCREMENT de la tabla `bravo_cars`
--
ALTER TABLE `bravo_cars`
  MODIFY `id` bigint(20) UNSIGNED NOT NULL AUTO_INCREMENT, AUTO_INCREMENT=14;

--
-- AUTO_INCREMENT de la tabla `bravo_car_dates`
--
ALTER TABLE `bravo_car_dates`
  MODIFY `id` bigint(20) UNSIGNED NOT NULL AUTO_INCREMENT;

--
-- AUTO_INCREMENT de la tabla `bravo_car_term`
--
ALTER TABLE `bravo_car_term`
  MODIFY `id` bigint(20) UNSIGNED NOT NULL AUTO_INCREMENT, AUTO_INCREMENT=155;

--
-- AUTO_INCREMENT de la tabla `bravo_car_translations`
--
ALTER TABLE `bravo_car_translations`
  MODIFY `id` bigint(20) UNSIGNED NOT NULL AUTO_INCREMENT;

--
-- AUTO_INCREMENT de la tabla `bravo_contact`
--
ALTER TABLE `bravo_contact`
  MODIFY `id` bigint(20) UNSIGNED NOT NULL AUTO_INCREMENT, AUTO_INCREMENT=2;

--
-- AUTO_INCREMENT de la tabla `bravo_coupons`
--
ALTER TABLE `bravo_coupons`
  MODIFY `id` bigint(20) UNSIGNED NOT NULL AUTO_INCREMENT;

--
-- AUTO_INCREMENT de la tabla `bravo_coupon_services`
--
ALTER TABLE `bravo_coupon_services`
  MODIFY `id` bigint(20) UNSIGNED NOT NULL AUTO_INCREMENT;

--
-- AUTO_INCREMENT de la tabla `bravo_enquiries`
--
ALTER TABLE `bravo_enquiries`
  MODIFY `id` bigint(20) UNSIGNED NOT NULL AUTO_INCREMENT;

--
-- AUTO_INCREMENT de la tabla `bravo_events`
--
ALTER TABLE `bravo_events`
  MODIFY `id` bigint(20) UNSIGNED NOT NULL AUTO_INCREMENT, AUTO_INCREMENT=13;

--
-- AUTO_INCREMENT de la tabla `bravo_event_dates`
--
ALTER TABLE `bravo_event_dates`
  MODIFY `id` bigint(20) UNSIGNED NOT NULL AUTO_INCREMENT;

--
-- AUTO_INCREMENT de la tabla `bravo_event_term`
--
ALTER TABLE `bravo_event_term`
  MODIFY `id` bigint(20) UNSIGNED NOT NULL AUTO_INCREMENT, AUTO_INCREMENT=71;

--
-- AUTO_INCREMENT de la tabla `bravo_event_translations`
--
ALTER TABLE `bravo_event_translations`
  MODIFY `id` bigint(20) UNSIGNED NOT NULL AUTO_INCREMENT;

--
-- AUTO_INCREMENT de la tabla `bravo_flight`
--
ALTER TABLE `bravo_flight`
  MODIFY `id` bigint(20) UNSIGNED NOT NULL AUTO_INCREMENT, AUTO_INCREMENT=21;

--
-- AUTO_INCREMENT de la tabla `bravo_flight_seat`
--
ALTER TABLE `bravo_flight_seat`
  MODIFY `id` bigint(20) UNSIGNED NOT NULL AUTO_INCREMENT, AUTO_INCREMENT=61;

--
-- AUTO_INCREMENT de la tabla `bravo_flight_term`
--
ALTER TABLE `bravo_flight_term`
  MODIFY `id` bigint(20) UNSIGNED NOT NULL AUTO_INCREMENT, AUTO_INCREMENT=111;

--
-- AUTO_INCREMENT de la tabla `bravo_hotels`
--
ALTER TABLE `bravo_hotels`
  MODIFY `id` bigint(20) UNSIGNED NOT NULL AUTO_INCREMENT, AUTO_INCREMENT=12;

--
-- AUTO_INCREMENT de la tabla `bravo_hotel_rooms`
--
ALTER TABLE `bravo_hotel_rooms`
  MODIFY `id` bigint(20) UNSIGNED NOT NULL AUTO_INCREMENT, AUTO_INCREMENT=45;

--
-- AUTO_INCREMENT de la tabla `bravo_hotel_room_bookings`
--
ALTER TABLE `bravo_hotel_room_bookings`
  MODIFY `id` bigint(20) UNSIGNED NOT NULL AUTO_INCREMENT;

--
-- AUTO_INCREMENT de la tabla `bravo_hotel_room_dates`
--
ALTER TABLE `bravo_hotel_room_dates`
  MODIFY `id` bigint(20) UNSIGNED NOT NULL AUTO_INCREMENT;

--
-- AUTO_INCREMENT de la tabla `bravo_hotel_room_term`
--
ALTER TABLE `bravo_hotel_room_term`
  MODIFY `id` bigint(20) UNSIGNED NOT NULL AUTO_INCREMENT, AUTO_INCREMENT=184;

--
-- AUTO_INCREMENT de la tabla `bravo_hotel_room_translations`
--
ALTER TABLE `bravo_hotel_room_translations`
  MODIFY `id` bigint(20) UNSIGNED NOT NULL AUTO_INCREMENT;

--
-- AUTO_INCREMENT de la tabla `bravo_hotel_term`
--
ALTER TABLE `bravo_hotel_term`
  MODIFY `id` bigint(20) UNSIGNED NOT NULL AUTO_INCREMENT, AUTO_INCREMENT=217;

--
-- AUTO_INCREMENT de la tabla `bravo_hotel_translations`
--
ALTER TABLE `bravo_hotel_translations`
  MODIFY `id` bigint(20) UNSIGNED NOT NULL AUTO_INCREMENT;

--
-- AUTO_INCREMENT de la tabla `bravo_locations`
--
ALTER TABLE `bravo_locations`
  MODIFY `id` bigint(20) UNSIGNED NOT NULL AUTO_INCREMENT, AUTO_INCREMENT=12;

--
-- AUTO_INCREMENT de la tabla `bravo_location_translations`
--
ALTER TABLE `bravo_location_translations`
  MODIFY `id` bigint(20) UNSIGNED NOT NULL AUTO_INCREMENT;

--
-- AUTO_INCREMENT de la tabla `bravo_payouts`
--
ALTER TABLE `bravo_payouts`
  MODIFY `id` bigint(20) UNSIGNED NOT NULL AUTO_INCREMENT;

--
-- AUTO_INCREMENT de la tabla `bravo_popups`
--
ALTER TABLE `bravo_popups`
  MODIFY `id` bigint(20) UNSIGNED NOT NULL AUTO_INCREMENT;

--
-- AUTO_INCREMENT de la tabla `bravo_popup_translations`
--
ALTER TABLE `bravo_popup_translations`
  MODIFY `id` bigint(20) UNSIGNED NOT NULL AUTO_INCREMENT;

--
-- AUTO_INCREMENT de la tabla `bravo_review`
--
ALTER TABLE `bravo_review`
  MODIFY `id` bigint(20) UNSIGNED NOT NULL AUTO_INCREMENT, AUTO_INCREMENT=231;

--
-- AUTO_INCREMENT de la tabla `bravo_review_meta`
--
ALTER TABLE `bravo_review_meta`
  MODIFY `id` bigint(20) UNSIGNED NOT NULL AUTO_INCREMENT, AUTO_INCREMENT=1151;

--
-- AUTO_INCREMENT de la tabla `bravo_seat_type`
--
ALTER TABLE `bravo_seat_type`
  MODIFY `id` bigint(20) UNSIGNED NOT NULL AUTO_INCREMENT, AUTO_INCREMENT=6;

--
-- AUTO_INCREMENT de la tabla `bravo_seo`
--
ALTER TABLE `bravo_seo`
  MODIFY `id` bigint(20) UNSIGNED NOT NULL AUTO_INCREMENT, AUTO_INCREMENT=11;

--
-- AUTO_INCREMENT de la tabla `bravo_services`
--
ALTER TABLE `bravo_services`
  MODIFY `id` bigint(20) UNSIGNED NOT NULL AUTO_INCREMENT, AUTO_INCREMENT=97;

--
-- AUTO_INCREMENT de la tabla `bravo_service_translations`
--
ALTER TABLE `bravo_service_translations`
  MODIFY `id` bigint(20) UNSIGNED NOT NULL AUTO_INCREMENT;

--
-- AUTO_INCREMENT de la tabla `bravo_spaces`
--
ALTER TABLE `bravo_spaces`
  MODIFY `id` bigint(20) UNSIGNED NOT NULL AUTO_INCREMENT, AUTO_INCREMENT=12;

--
-- AUTO_INCREMENT de la tabla `bravo_space_dates`
--
ALTER TABLE `bravo_space_dates`
  MODIFY `id` bigint(20) UNSIGNED NOT NULL AUTO_INCREMENT;

--
-- AUTO_INCREMENT de la tabla `bravo_space_term`
--
ALTER TABLE `bravo_space_term`
  MODIFY `id` bigint(20) UNSIGNED NOT NULL AUTO_INCREMENT, AUTO_INCREMENT=161;

--
-- AUTO_INCREMENT de la tabla `bravo_space_translations`
--
ALTER TABLE `bravo_space_translations`
  MODIFY `id` bigint(20) UNSIGNED NOT NULL AUTO_INCREMENT;

--
-- AUTO_INCREMENT de la tabla `bravo_terms`
--
ALTER TABLE `bravo_terms`
  MODIFY `id` bigint(20) UNSIGNED NOT NULL AUTO_INCREMENT, AUTO_INCREMENT=105;

--
-- AUTO_INCREMENT de la tabla `bravo_terms_translations`
--
ALTER TABLE `bravo_terms_translations`
  MODIFY `id` bigint(20) UNSIGNED NOT NULL AUTO_INCREMENT;

--
-- AUTO_INCREMENT de la tabla `bravo_tours`
--
ALTER TABLE `bravo_tours`
  MODIFY `id` bigint(20) UNSIGNED NOT NULL AUTO_INCREMENT, AUTO_INCREMENT=17;

--
-- AUTO_INCREMENT de la tabla `bravo_tour_category`
--
ALTER TABLE `bravo_tour_category`
  MODIFY `id` bigint(20) UNSIGNED NOT NULL AUTO_INCREMENT, AUTO_INCREMENT=5;

--
-- AUTO_INCREMENT de la tabla `bravo_tour_category_translations`
--
ALTER TABLE `bravo_tour_category_translations`
  MODIFY `id` bigint(20) UNSIGNED NOT NULL AUTO_INCREMENT;

--
-- AUTO_INCREMENT de la tabla `bravo_tour_dates`
--
ALTER TABLE `bravo_tour_dates`
  MODIFY `id` bigint(20) UNSIGNED NOT NULL AUTO_INCREMENT;

--
-- AUTO_INCREMENT de la tabla `bravo_tour_meta`
--
ALTER TABLE `bravo_tour_meta`
  MODIFY `id` bigint(20) UNSIGNED NOT NULL AUTO_INCREMENT, AUTO_INCREMENT=17;

--
-- AUTO_INCREMENT de la tabla `bravo_tour_term`
--
ALTER TABLE `bravo_tour_term`
  MODIFY `id` bigint(20) UNSIGNED NOT NULL AUTO_INCREMENT, AUTO_INCREMENT=144;

--
-- AUTO_INCREMENT de la tabla `bravo_tour_translations`
--
ALTER TABLE `bravo_tour_translations`
  MODIFY `id` bigint(20) UNSIGNED NOT NULL AUTO_INCREMENT;

--
-- AUTO_INCREMENT de la tabla `core_inbox`
--
ALTER TABLE `core_inbox`
  MODIFY `id` bigint(20) UNSIGNED NOT NULL AUTO_INCREMENT;

--
-- AUTO_INCREMENT de la tabla `core_inbox_messages`
--
ALTER TABLE `core_inbox_messages`
  MODIFY `id` bigint(20) UNSIGNED NOT NULL AUTO_INCREMENT;

--
-- AUTO_INCREMENT de la tabla `core_languages`
--
ALTER TABLE `core_languages`
  MODIFY `id` bigint(20) UNSIGNED NOT NULL AUTO_INCREMENT, AUTO_INCREMENT=5;

--
-- AUTO_INCREMENT de la tabla `core_menus`
--
ALTER TABLE `core_menus`
  MODIFY `id` bigint(20) UNSIGNED NOT NULL AUTO_INCREMENT, AUTO_INCREMENT=2;

--
-- AUTO_INCREMENT de la tabla `core_menu_translations`
--
ALTER TABLE `core_menu_translations`
  MODIFY `id` bigint(20) UNSIGNED NOT NULL AUTO_INCREMENT, AUTO_INCREMENT=3;

--
-- AUTO_INCREMENT de la tabla `core_news`
--
ALTER TABLE `core_news`
  MODIFY `id` bigint(20) UNSIGNED NOT NULL AUTO_INCREMENT, AUTO_INCREMENT=10;

--
-- AUTO_INCREMENT de la tabla `core_news_category`
--
ALTER TABLE `core_news_category`
  MODIFY `id` bigint(20) UNSIGNED NOT NULL AUTO_INCREMENT, AUTO_INCREMENT=7;

--
-- AUTO_INCREMENT de la tabla `core_news_category_translations`
--
ALTER TABLE `core_news_category_translations`
  MODIFY `id` bigint(20) UNSIGNED NOT NULL AUTO_INCREMENT;

--
-- AUTO_INCREMENT de la tabla `core_news_tag`
--
ALTER TABLE `core_news_tag`
  MODIFY `id` bigint(20) UNSIGNED NOT NULL AUTO_INCREMENT;

--
-- AUTO_INCREMENT de la tabla `core_news_translations`
--
ALTER TABLE `core_news_translations`
  MODIFY `id` bigint(20) UNSIGNED NOT NULL AUTO_INCREMENT;

--
-- AUTO_INCREMENT de la tabla `core_notifications`
--
ALTER TABLE `core_notifications`
  MODIFY `id` bigint(20) UNSIGNED NOT NULL AUTO_INCREMENT;

--
-- AUTO_INCREMENT de la tabla `core_pages`
--
ALTER TABLE `core_pages`
  MODIFY `id` bigint(20) UNSIGNED NOT NULL AUTO_INCREMENT, AUTO_INCREMENT=12;

--
-- AUTO_INCREMENT de la tabla `core_page_translations`
--
ALTER TABLE `core_page_translations`
  MODIFY `id` bigint(20) UNSIGNED NOT NULL AUTO_INCREMENT, AUTO_INCREMENT=2;

--
-- AUTO_INCREMENT de la tabla `core_permissions`
--
ALTER TABLE `core_permissions`
  MODIFY `id` int(10) UNSIGNED NOT NULL AUTO_INCREMENT, AUTO_INCREMENT=109;

--
-- AUTO_INCREMENT de la tabla `core_roles`
--
ALTER TABLE `core_roles`
  MODIFY `id` int(10) UNSIGNED NOT NULL AUTO_INCREMENT, AUTO_INCREMENT=5;

--
-- AUTO_INCREMENT de la tabla `core_settings`
--
ALTER TABLE `core_settings`
  MODIFY `id` bigint(20) UNSIGNED NOT NULL AUTO_INCREMENT, AUTO_INCREMENT=463;

--
-- AUTO_INCREMENT de la tabla `core_subscribers`
--
ALTER TABLE `core_subscribers`
  MODIFY `id` bigint(20) UNSIGNED NOT NULL AUTO_INCREMENT;

--
-- AUTO_INCREMENT de la tabla `core_tags`
--
ALTER TABLE `core_tags`
  MODIFY `id` bigint(20) UNSIGNED NOT NULL AUTO_INCREMENT, AUTO_INCREMENT=7;

--
-- AUTO_INCREMENT de la tabla `core_tag_translations`
--
ALTER TABLE `core_tag_translations`
  MODIFY `id` bigint(20) UNSIGNED NOT NULL AUTO_INCREMENT;

--
-- AUTO_INCREMENT de la tabla `core_templates`
--
ALTER TABLE `core_templates`
  MODIFY `id` bigint(20) UNSIGNED NOT NULL AUTO_INCREMENT, AUTO_INCREMENT=9;

--
-- AUTO_INCREMENT de la tabla `core_template_translations`
--
ALTER TABLE `core_template_translations`
  MODIFY `id` bigint(20) UNSIGNED NOT NULL AUTO_INCREMENT, AUTO_INCREMENT=2;

--
-- AUTO_INCREMENT de la tabla `core_translations`
--
ALTER TABLE `core_translations`
  MODIFY `id` bigint(20) UNSIGNED NOT NULL AUTO_INCREMENT;

--
-- AUTO_INCREMENT de la tabla `core_vendor_plans`
--
ALTER TABLE `core_vendor_plans`
  MODIFY `id` bigint(20) UNSIGNED NOT NULL AUTO_INCREMENT;

--
-- AUTO_INCREMENT de la tabla `core_vendor_plan_meta`
--
ALTER TABLE `core_vendor_plan_meta`
  MODIFY `id` bigint(20) UNSIGNED NOT NULL AUTO_INCREMENT;

--
-- AUTO_INCREMENT de la tabla `jobs`
--
ALTER TABLE `jobs`
  MODIFY `id` bigint(20) UNSIGNED NOT NULL AUTO_INCREMENT;

--
-- AUTO_INCREMENT de la tabla `location_category`
--
ALTER TABLE `location_category`
  MODIFY `id` bigint(20) UNSIGNED NOT NULL AUTO_INCREMENT, AUTO_INCREMENT=4;

--
-- AUTO_INCREMENT de la tabla `location_category_translations`
--
ALTER TABLE `location_category_translations`
  MODIFY `id` bigint(20) UNSIGNED NOT NULL AUTO_INCREMENT;

--
-- AUTO_INCREMENT de la tabla `media_files`
--
ALTER TABLE `media_files`
  MODIFY `id` bigint(20) UNSIGNED NOT NULL AUTO_INCREMENT, AUTO_INCREMENT=282;

--
-- AUTO_INCREMENT de la tabla `migrations`
--
ALTER TABLE `migrations`
  MODIFY `id` int(10) UNSIGNED NOT NULL AUTO_INCREMENT, AUTO_INCREMENT=79;

--
-- AUTO_INCREMENT de la tabla `social_forums`
--
ALTER TABLE `social_forums`
  MODIFY `id` bigint(20) UNSIGNED NOT NULL AUTO_INCREMENT, AUTO_INCREMENT=8;

--
-- AUTO_INCREMENT de la tabla `social_groups`
--
ALTER TABLE `social_groups`
  MODIFY `id` bigint(20) UNSIGNED NOT NULL AUTO_INCREMENT;

--
-- AUTO_INCREMENT de la tabla `social_group_user`
--
ALTER TABLE `social_group_user`
  MODIFY `id` bigint(20) UNSIGNED NOT NULL AUTO_INCREMENT;

--
-- AUTO_INCREMENT de la tabla `social_posts`
--
ALTER TABLE `social_posts`
  MODIFY `id` bigint(20) UNSIGNED NOT NULL AUTO_INCREMENT;

--
-- AUTO_INCREMENT de la tabla `social_post_comments`
--
ALTER TABLE `social_post_comments`
  MODIFY `id` bigint(20) UNSIGNED NOT NULL AUTO_INCREMENT;

--
-- AUTO_INCREMENT de la tabla `social_user_follow`
--
ALTER TABLE `social_user_follow`
  MODIFY `id` bigint(20) UNSIGNED NOT NULL AUTO_INCREMENT;

--
-- AUTO_INCREMENT de la tabla `user_meta`
--
ALTER TABLE `user_meta`
  MODIFY `id` bigint(20) UNSIGNED NOT NULL AUTO_INCREMENT;

--
-- AUTO_INCREMENT de la tabla `user_transactions`
--
ALTER TABLE `user_transactions`
  MODIFY `id` bigint(20) UNSIGNED NOT NULL AUTO_INCREMENT;

--
-- AUTO_INCREMENT de la tabla `user_transfers`
--
ALTER TABLE `user_transfers`
  MODIFY `id` bigint(20) UNSIGNED NOT NULL AUTO_INCREMENT;

--
-- AUTO_INCREMENT de la tabla `user_upgrade_request`
--
ALTER TABLE `user_upgrade_request`
  MODIFY `id` bigint(20) UNSIGNED NOT NULL AUTO_INCREMENT;

--
-- AUTO_INCREMENT de la tabla `user_wallets`
--
ALTER TABLE `user_wallets`
  MODIFY `id` bigint(20) UNSIGNED NOT NULL AUTO_INCREMENT, AUTO_INCREMENT=5;

--
-- AUTO_INCREMENT de la tabla `user_wishlist`
--
ALTER TABLE `user_wishlist`
  MODIFY `id` bigint(20) UNSIGNED NOT NULL AUTO_INCREMENT;

--
-- AUTO_INCREMENT de la tabla `vendors_plan_payments`
--
ALTER TABLE `vendors_plan_payments`
  MODIFY `id` bigint(20) UNSIGNED NOT NULL AUTO_INCREMENT;

--
-- Restricciones para tablas volcadas
--

--
-- Filtros para la tabla `core_model_has_permissions`
--
ALTER TABLE `core_model_has_permissions`
  ADD CONSTRAINT `core_model_has_permissions_permission_id_foreign` FOREIGN KEY (`permission_id`) REFERENCES `core_permissions` (`id`) ON DELETE CASCADE;

--
-- Filtros para la tabla `core_model_has_roles`
--
ALTER TABLE `core_model_has_roles`
  ADD CONSTRAINT `core_model_has_roles_role_id_foreign` FOREIGN KEY (`role_id`) REFERENCES `core_roles` (`id`) ON DELETE CASCADE;

--
-- Filtros para la tabla `core_role_has_permissions`
--
ALTER TABLE `core_role_has_permissions`
  ADD CONSTRAINT `core_role_has_permissions_permission_id_foreign` FOREIGN KEY (`permission_id`) REFERENCES `core_permissions` (`id`) ON DELETE CASCADE,
  ADD CONSTRAINT `core_role_has_permissions_role_id_foreign` FOREIGN KEY (`role_id`) REFERENCES `core_roles` (`id`) ON DELETE CASCADE;

--
-- Filtros para la tabla `user_transactions`
--
ALTER TABLE `user_transactions`
  ADD CONSTRAINT `user_transactions_wallet_id_foreign` FOREIGN KEY (`wallet_id`) REFERENCES `user_wallets` (`id`) ON DELETE CASCADE;

--
-- Filtros para la tabla `user_transfers`
--
ALTER TABLE `user_transfers`
  ADD CONSTRAINT `user_transfers_deposit_id_foreign` FOREIGN KEY (`deposit_id`) REFERENCES `user_transactions` (`id`) ON DELETE CASCADE,
  ADD CONSTRAINT `user_transfers_withdraw_id_foreign` FOREIGN KEY (`withdraw_id`) REFERENCES `user_transactions` (`id`) ON DELETE CASCADE;
COMMIT;

